NOAA-Style Climate Reports


Report for 2012 Ottobre
                   MONTHLY CLIMATOLOGICAL SUMMARY for OCT. 2012

NAME: Lodi   CITY: Lodi   STATE: Italy 
ELEV:    78 m  LAT:  45° 17' 57" N  LONG:   9° 31' 14" E

                   TEMPERATURE (°C), RAIN  (mm), WIND SPEED (km/hr)

                                      HEAT  COOL        AVG
    MEAN                              DEG   DEG         WIND                 DOM
DAY TEMP  HIGH   TIME   LOW    TIME   DAYS  DAYS  RAIN  SPEED HIGH   TIME    DIR
------------------------------------------------------------------------------------
 1  18.6  21.3   16.00  16.9    7.00   0.5   0.8   1.3   0.6  12.9   17.30   SSE
 2  18.2  23.8   17.30  14.4    7.00   1.3   1.3   0.0   2.6  17.7   10.00   WSW
 3  18.9  24.2   16.30  14.4    6.30   1.1   1.8   0.0   0.8  12.9   12.00    SW
 4  19.2  23.6   14.00  15.4    5.30   0.8   1.8   0.0   0.3  11.3   14.30   NNW
 5  19.0  23.3   17.30  15.6    6.30   0.6   1.3   0.0   0.2   9.7   15.30    NW
 6  19.4  24.5   15.30  15.0    8.00   0.8   2.0   0.0   2.3  20.9   14.30   WSW
 7  20.4  24.7   14.00  17.6    6.30   0.1   2.3   0.0   3.9  25.7   15.30   WSW
 8  17.6  20.0   14.30  14.6    8.00   1.0   0.3   0.0   1.6  25.7   11.00   ESE
 9  17.7  22.0   16.30  15.2    8.00   1.3   0.7   0.3   0.3  12.9   14.00   ENE
10  17.6  21.6   15.00  15.4    5.00   1.2   0.5   0.0   0.2   8.0   12.30   ESE
11  15.5  18.8   16.00  12.7    6.30   2.8   0.0   1.3   0.5  14.5   13.30   ENE
12  16.3  20.3   16.30  14.0    6.00   2.2   0.3   0.0   0.3  12.9    0.30    SW
13  15.2  18.7   16.30  11.5    5.30   3.1   0.0   0.3   0.8  14.5   14.30    SW
14  15.5  18.7   17.00  13.9    8.00   2.8   0.0   8.6   2.4  24.1   21.00   ENE
15  13.3  15.0    0.30  10.4   23.00   5.0   0.0  20.1   1.1  33.8    3.00   ESE
16  12.7  19.2   16.00   8.1    8.30   5.6   0.0   0.3   0.0   1.6    0.30    SW
17  12.6  15.2   16.00   9.4    4.00   5.7   0.0   0.0   0.0   1.6    0.30   NNW
18  14.4  18.3   15.30  11.8    8.00   3.9   0.0   0.0   0.0   1.6    0.30    SW
19  15.8  19.5   16.30  12.7    8.30   2.7   0.1   0.3   0.0   1.6    0.30    SW
20   9.6  22.2   16.30  11.9    6.00   2.5 335.2   0.0   0.3  12.9   14.30    SW
21  16.1  22.3   16.30  11.2    8.00   3.0   0.8   0.0   0.6  14.5   15.30    SW
22  17.0  22.2   16.00  13.4    8.30   2.1   0.8   0.0   0.0   9.7    6.00     N
23  15.4  21.1   16.30  10.9    8.30   3.2   0.4   0.3   0.2   8.0   13.00     E
24  12.9  18.4   16.00   8.4    5.30   5.4   0.0   0.3   0.3  11.3    5.30     E
25  12.2  18.2   16.30   8.6    6.30   6.0   0.0   0.3   0.6   9.7    9.30    SW
26  12.9  13.5   16.30  12.2    1.00   5.4   0.0  13.5   1.0  14.5   12.30   ENE
27  13.1  13.8   17.30  12.6    6.30   5.2   0.0  13.7   0.2   9.7    5.30    SW
28   8.4  13.2    0.30   5.6   20.30  10.2   0.0   9.9   3.5  29.0    3.00    NE
29   7.8  12.0   15.00   4.8   00.00  10.5   0.0   0.8   0.5  12.9   11.30    SE
30   6.1   8.5   15.00   2.9    6.30  12.2   0.0   0.3   0.2  11.3    9.00     E
31   8.3  10.4   15.30   7.2    0.30   9.7   0.0  19.3   1.1  16.1   20.30   NNW
-------------------------------------------------------------------------------------
    14.8  24.7     7     2.9    30   118.0 350.5  90.4   0.9  33.8    15      SW

Max >=  32.0:  0
Max <=   0.0:  0
Min <=   0.0:  0
Min <= -18.0:  0
Max Rain: 20.07 ON 15/10/12
Days of Rain: 17 (> .2 mm) 6 (> 2 mm) 1 (> 20 mm)
Heat Base:  18.3  Cool Base:  18.3  Method: Integration