NOAA-Style Climate Reports


Report for 2012 Dicembre
                   MONTHLY CLIMATOLOGICAL SUMMARY for DEC. 2012

NAME: Lodi   CITY: Lodi   STATE: Italy 
ELEV:    78 m  LAT:  45° 17' 57" N  LONG:   9° 31' 14" E

                   TEMPERATURE (°C), RAIN  (mm), WIND SPEED (km/hr)

                                      HEAT  COOL        AVG
    MEAN                              DEG   DEG         WIND                 DOM
DAY TEMP  HIGH   TIME   LOW    TIME   DAYS  DAYS  RAIN  SPEED HIGH   TIME    DIR
------------------------------------------------------------------------------------
 1   6.4   7.5   14.00   6.1    3.30  11.8   0.0   7.4   0.8  14.5   16.30   SSW
 2   5.9   7.2   14.00   4.8   00.00  12.3   0.0   1.5   4.0  25.7   21.00   WSW
 3   5.9   9.1   15.30   3.2   22.00  12.4   0.0   0.0   7.1  27.4   11.00   WSW
 4   3.3   5.8   15.30   0.8    4.30  15.0   0.0   0.0   3.5  25.7   21.00    SW
 5   3.8   7.4   16.30   0.7   00.00  14.5   0.0   0.0   3.1  27.4    1.00   WSW
 6   2.8   7.2   15.00  -0.6    5.00  15.5   0.0   0.0   3.9  25.7   14.00   WSW
 7   0.9   3.5   14.00  -1.3    4.00  17.3   0.0   0.0   0.3  24.1   15.00   WSW
 8  -1.6   1.8   15.00  -6.2   00.00  19.9   0.0   4.1   1.1  17.7    4.00   WSW
 9  -2.2   4.0   15.00  -6.7    5.00  20.5   0.0   1.3   0.5  12.9   12.30   SSW
10   0.2   6.2   22.30  -4.2    8.00  18.1   0.0   0.8   2.6  27.4   21.30    NW
11   3.7  10.1   15.00   0.1    8.30  14.6   0.0   0.3   6.4  29.0   14.30   WSW
12   0.8   5.7   15.30  -1.8    7.00  17.5   0.0   0.0   2.4  16.1    8.00   WSW
13   0.6   1.8   13.30  -1.6    0.30  17.7   0.0   0.0   0.0   8.0   14.30    NE
14   0.2   0.6   14.00  -0.4    1.30  18.1   0.0   0.0   0.0   1.6    1.00    SW
15   0.9   2.0   16.30  -0.2   00.00  17.3   0.0  14.5   2.4  22.5   13.00     W
16  -0.3   1.3   15.30  -2.8    4.00  18.6   0.0   4.3   0.2   9.7    2.30   SSW
17   1.6   2.6   21.00   0.6    0.30  16.7   0.0   7.6   3.5  20.9   13.30   WSW
18   0.9   2.3    0.30  -1.7   00.00  17.3   0.0   0.0   3.5  19.3   10.00   WSW
19  -0.4   3.4   15.00  -3.1    9.00  18.6   0.0   0.3   0.8  14.5   12.00    SW
20  -0.1   1.6   20.30  -2.7    8.00  18.4   0.0   1.5   1.4  12.9   21.00    SW
21   1.6   2.7   12.30  -0.6   00.00  16.7   0.0   0.3   1.0  12.9    2.00    SW
22   0.0   0.7   19.30  -1.2    1.30  18.3   0.0   0.0   1.8  12.9    1.30   WSW
23   0.7   2.9   16.00  -1.4    5.30  17.6   0.0   0.3   0.3   8.0   13.00     E
24   3.1   4.4   17.00   1.4    4.00  15.1   0.0   1.0   0.3   6.4    2.30   NNE
25   4.4   5.2   15.00   3.6    3.00  13.9   0.0   2.5   0.3   9.7    2.30   WSW
26   5.6   7.0   21.00   4.4    0.30  12.7   0.0   3.6   4.5  30.6   19.30     W
27   5.7   6.7   15.00   5.2    4.30  12.5   0.0   0.0   1.6  29.0   00.00   SSW
28   7.5  15.8   15.00   2.4    9.00  10.8   0.0   0.3   8.5  37.0    1.30     W
29   4.4   8.4   15.00   0.6    9.00  13.9   0.0   0.0   1.0   9.7    9.30    SW
30   3.7   8.8   15.30   0.5    8.00  14.5   0.0   0.0   3.1  17.7    9.00   WSW
31   2.0   5.2   14.30  -1.7    6.00  15.9   0.0   0.0   1.8  14.5   13.00   WSW
-------------------------------------------------------------------------------------
     2.3  15.8    28    -6.7     9   493.9   0.0  51.3   2.3  37.0    28     WSW

Max >=  32.0:  0
Max <=   0.0:  0
Min <=   0.0: 17
Min <= -18.0:  0
Max Rain: 14.48 ON 15/12/12
Days of Rain: 17 (> .2 mm) 7 (> 2 mm) 0 (> 20 mm)
Heat Base:  18.3  Cool Base:  18.3  Method: Integration