NOAA-Style Climate Reports


Report for 2013
                            ANNUAL CLIMATOLOGICAL SUMMARY

NAME: Lodi  CITY: Lodi   STATE: Italy  
ELEV:    78 m  LAT:  45° 17' 57" N  LONG:   9° 31' 14" E

               TEMPERATURE (°C), HEAT BASE 18.3, COOL BASE 18.3
                          DEP.  HEAT  COOL                                          
        MEAN  MEAN        FROM  DEG   DEG                        MAX  MAX  MIN  MIN 
 YR MO  MAX   MIN   MEAN  NORM  DAYS  DAYS  HI  DATE  LOW  DATE  >=32 <=0  <=0  <=-18 
------------------------------------------------------------------------------------
 13  1   5.8   1.3   3.5   0.0   457     0  16.4   5  -2.2   27    0    0    8    0
 13  2   7.0   0.6   3.4   0.0   417     0  12.6   4  -4.1   14    0    0   10    0
 13  3  11.0   4.4   7.5   0.0   323     0  17.7  21   0.5   16    0    0    0    0
 13  4  18.3  10.6  14.1   0.0   144    18  26.8  18   3.8    6    0    0    0    0
 13  5  21.9  12.6  16.9   0.0    75    32  26.6   9   7.4   24    0    0    0    0
 13  6  28.3  17.8  22.9   0.0    12   151  36.1  18  12.8   28    4    0    0    0
 13  7  31.6  21.1  26.3   0.0     0   249  35.7  28  17.3   30   11    0    0    0
 13  8  29.9  19.4  24.4   0.0     2   194  35.4   6  15.6   26    9    0    0    0
 13  9  25.6  16.1  20.5   0.0    22    88  30.3   3  11.1   18    0    0    0    0
 13 10  18.2  13.1  15.5   0.0    92     5  22.1  26   7.8   11    0    0    0    0
 13 11  12.5   6.9   9.5   0.0   263     0  20.7   6  -2.1   28    0    0    4    0
 13 12   8.1   1.8   4.6   0.0   422     0  14.7   6  -1.8   13    0    0   11    0
------------------------------------------------------------------------------------
        18.2  10.5  14.2   0.0  2230   737  36.1 JUN  -4.1  FEB   24    0   33    0

                                PRECIPITATION (mm)

               DEP.   MAX        DAYS OF RAIN 
               FROM   OBS.          OVER
 YR MO  TOTAL  NORM   DAY  DATE  .2   2   20
---------------------------------------------
 13  1  83.1    0.0  15.5   16   15    9    0
 13  2  41.4    0.0  12.4   12   11    5    0
 13  3 177.3    0.0  34.3   24   19   12    4
 13  4 137.9    0.0  64.5   20   17   10    1
 13  5 209.8    0.0  49.3   24   17   13    3
 13  6  25.1    0.0  20.6   27    5    2    1
 13  7   6.1    0.0   3.3   29    2    2    0
 13  8  55.4    0.0  24.1   26    8    4    1
 13  9  26.9    0.0  11.7   15    5    5    0
 13 10  95.0    0.0  27.4   23   15    8    1
 13 11  76.2    0.0  35.8   15   15    9    1
 13 12  37.8    0.0  13.2   26   15    6    0
---------------------------------------------
       972.1   0.0  64.5  APR  144   85   12

                                WIND SPEED (km/hr)
                          DOM
 YR MO   AVG.  HI   DATE  DIR
---------------------------------
 13  1   2.3  30.6    5   WSW
 13  2   2.3  37.0   21   WSW
 13  3   2.8  48.3   31   WSW
 13  4   2.0  35.4   19   ENE
 13  5   2.5  56.3    2   ENE
 13  6   2.2  41.8   27   WSW
 13  7   2.0  59.5   29   ENE
 13  8   1.9  46.7   24    SE
 13  9   1.5  33.8   17   ENE
 13 10   1.4  49.9   10   ENE
 13 11   1.5  40.2   21   WSW
 13 12   1.9  45.1   26   WSW
---------------------------------
         2.0  59.5  JUL  WSW