NOAA-Style Climate Reports


Report for 2013 Gennaio
                   MONTHLY CLIMATOLOGICAL SUMMARY for JAN. 2013

NAME: Lodi   CITY: Lodi   STATE: Italy 
ELEV:    78 m  LAT:  45° 17' 57" N  LONG:   9° 31' 14" E

                   TEMPERATURE (°C), RAIN  (mm), WIND SPEED (km/hr)

                                      HEAT  COOL        AVG
    MEAN                              DEG   DEG         WIND                 DOM
DAY TEMP  HIGH   TIME   LOW    TIME   DAYS  DAYS  RAIN  SPEED HIGH   TIME    DIR
------------------------------------------------------------------------------------
 1   1.5   2.7   20.00  -1.1    9.30  16.8   0.0   3.0   2.1  14.5   13.00   WSW
 2   3.6   4.4   23.00   2.3    0.30  14.7   0.0  10.2   1.0  16.1    0.30   WSW
 3   5.1   8.9   16.00   1.7    8.00  13.2   0.0   0.0   3.9  16.1   13.30   WSW
 4   4.7   9.5   15.30   0.9    5.00  13.6   0.0   0.0   1.0  14.5    6.00   WSW
 5  10.3  16.4   15.30   5.7    0.30   8.0   0.0   0.0   6.6  30.6    5.00   WSW
 6   6.6  10.7   14.00   3.1    8.00  11.7   0.0   0.0   2.3  30.6   22.30     S
 7   4.2   5.3    0.30   2.6   19.00  14.1   0.0   0.0   3.1  17.7    8.30   WSW
 8   4.8   6.3   16.00   3.4   10.30  13.5   0.0   0.0   5.1  22.5   10.30   WSW
 9   5.6   6.7   15.30   4.3    0.30  12.7   0.0   0.0   2.3  14.5    7.00   WSW
10   5.3   6.8   15.00   3.8   00.00  12.9   0.0   0.0   5.1  19.3   12.30   WSW
11   3.3   4.8   16.00  -0.3    4.00  14.9   0.0   0.0   0.6   9.7   14.30    SW
12   4.6   5.9   15.30   3.5    2.30  13.7   0.0   0.0   0.5   9.7   12.00   WSW
13   3.8   4.8    0.30   2.6    9.00  14.4   0.0   5.1   0.8  11.3    1.00     W
14   3.8   4.7   15.00   3.0    8.00  14.4   0.0   4.1   0.3   9.7    0.30    SE
15   3.7   4.4   12.30   1.1   00.00  14.6   0.0   7.4   1.8  19.3   14.00   ESE
16   2.3   3.7   10.00   1.1    0.30  15.9   0.0  15.5   4.5  20.9   12.00    NW
17   1.8   4.3   15.30  -0.3   00.00  16.4   0.0   1.5   2.9  19.3   14.00    SW
18   1.5   6.2   16.00  -1.2    7.00  16.8   0.0   0.0   4.5  20.9   11.30   WSW
19   0.9   2.1   14.00   0.1    4.00  17.4   0.0   0.3   0.3   9.7   11.30    NW
20   1.3   2.4   14.00   0.8    0.30  16.9   0.0  14.5   2.1  14.5   17.00   WSW
21   2.9   5.1   17.00   1.3    1.30  15.4   0.0   7.4   4.0  19.3    4.30   WSW
22   4.2   6.9   15.00   0.9   00.00  14.1   0.0   0.5   0.8  12.9    3.30   ESE
23   2.3   5.6   22.00  -0.7    8.30  16.0   0.0   1.5   1.8  14.5   13.00   NNE
24   5.2   9.0   15.00   2.7    9.00  13.1   0.0   0.0   3.2  20.9    9.30    SW
25   3.1   6.7   16.00   0.2   10.00  15.2   0.0   0.0   1.0  19.3    5.30   WSW
26   3.4   6.1   15.30   0.4   00.00  14.8   0.0   0.0   0.3   9.7   12.30    SW
27   1.1   4.6   16.00  -2.2    9.30  17.2   0.0   0.3   1.1  12.9    6.00     W
28   1.7   2.9    0.30  -0.4   23.00  16.6   0.0  10.4   0.5  14.5   00.00   ENE
29   2.7   5.3   16.30   0.6    0.30  15.6   0.0   1.5   5.8  19.3   11.30   WSW
30   1.6   2.7   16.30  -0.1    6.00  16.7   0.0   0.0   0.8  16.1    0.30    SE
31   2.6   4.1   15.00   1.1    4.00  15.4   0.0   0.0   2.1  19.3    3.00   WSW
-------------------------------------------------------------------------------------
     3.5  16.4     5    -2.2    27   456.7   0.0  83.1   2.3  30.6     5     WSW

Max >=  32.0:  0
Max <=   0.0:  0
Min <=   0.0:  8
Min <= -18.0:  0
Max Rain: 15.49 ON 16/01/13
Days of Rain: 15 (> .2 mm) 9 (> 2 mm) 0 (> 20 mm)
Heat Base:  18.3  Cool Base:  18.3  Method: Integration