NOAA-Style Climate Reports


Report for 2013 Febbraio
                   MONTHLY CLIMATOLOGICAL SUMMARY for FEB. 2013

NAME: Lodi   CITY: Lodi   STATE: Italy 
ELEV:    78 m  LAT:  45° 17' 57" N  LONG:   9° 31' 14" E

                   TEMPERATURE (°C), RAIN  (mm), WIND SPEED (km/hr)

                                      HEAT  COOL        AVG
    MEAN                              DEG   DEG         WIND                 DOM
DAY TEMP  HIGH   TIME   LOW    TIME   DAYS  DAYS  RAIN  SPEED HIGH   TIME    DIR
------------------------------------------------------------------------------------
 1   2.7   3.8   22.00   1.3    8.00  15.6   0.0   0.0   2.1  17.7   11.30   ESE
 2   3.9   5.2   21.30   2.9    8.00  14.4   0.0   2.3   3.9  25.7   10.30   WSW
 3   6.5  12.4   15.00   2.7    6.30  11.8   0.0   0.0   3.2  24.1   15.00   NNW
 4   6.1  12.6   15.30   0.6    8.30  12.1   0.0   0.0   3.9  22.5   14.00    SW
 5   4.2   6.9   17.00   1.9    5.00  14.1   0.0   0.0   1.0  12.9   11.30    NE
 6   5.7  12.0   14.30   1.6    6.30  12.5   0.0   0.0   5.0  33.8   20.00   WSW
 7   5.1   9.8   17.30   2.1    0.30  13.2   0.0   0.0   4.7  24.1   18.30   ENE
 8   4.1   9.2   15.00  -0.5    8.00  14.1   0.0   0.0   2.4  14.5    0.30   SSW
 9   2.3   7.9   16.00  -1.3    7.30  16.0   0.0   0.0   0.8  12.9   15.30   WSW
10   1.2   5.5   16.00  -2.0    8.00  17.1   0.0   0.0   0.5  16.1   12.30    SE
11   0.7   1.3    2.30   0.1    6.30  17.6   0.0   0.8   1.8  17.7   11.00   ENE
12   1.2   3.3   16.00  -0.6   22.00  17.1   0.0  12.4   1.4  17.7    2.00   WSW
13  -0.4   1.4   16.00  -2.3   00.00  18.7   0.0   1.3   3.1  19.3    4.00     W
14   0.3   4.9   16.30  -4.1    8.30  18.0   0.0   0.0   4.7  25.7    8.30   ENE
15   2.8   7.0   16.00  -0.8    7.00  15.4   0.0   0.0   0.8  12.9   11.30    SW
16   4.2   9.2   15.30   1.0    8.00  14.1   0.0   0.0   0.2   8.0   12.30   WSW
17   4.4   8.8   16.00   0.7    7.30  13.8   0.0   0.5   1.1  19.3   19.00   WSW
18   4.5   8.4   16.00   1.4   10.00  13.8   0.0   0.0   1.0  11.3    9.30   SSW
19   3.8   9.0   16.00  -0.4    7.30  14.5   0.0   0.0   2.6  16.1   15.30    SW
20   3.9   8.2   15.00   0.2    5.30  14.4   0.0   0.3   1.6  20.9   15.30     E
21   1.9   4.4    1.00   0.6   00.00  16.4   0.0   3.3   5.6  37.0    4.30   ESE
22   1.1   3.2   15.00  -0.1    7.00  17.1   0.0   1.5   0.5  12.9   14.30     S
23   1.5   3.7   14.30   0.0    6.30  16.8   0.0   0.3   1.0  14.5   17.30   WSW
24   1.2   1.9   15.30   0.7   20.00  17.1   0.0   9.1   0.2   6.4    0.30   WSW
25   2.7   4.3   17.00   1.3    0.30  15.5   0.0   9.7   1.3  27.4   22.00    NE
26   5.6  10.7   16.30   1.3    7.00  12.6   0.0   0.0   5.0  20.9   12.00   WSW
27   5.2   7.8   17.00   2.2    5.30  13.1   0.0   0.0   2.6  19.3    1.30   WSW
28   8.2  12.4   15.00   5.1    7.00   9.8   0.0   0.0   2.1  16.1   14.00   WSW
-------------------------------------------------------------------------------------
     3.4  12.6     4    -4.1    14   416.7   0.0  41.4   2.3  37.0    21     WSW

Max >=  32.0:  0
Max <=   0.0:  0
Min <=   0.0: 10
Min <= -18.0:  0
Max Rain: 12.45 ON 12/02/13
Days of Rain: 11 (> .2 mm) 5 (> 2 mm) 0 (> 20 mm)
Heat Base:  18.3  Cool Base:  18.3  Method: Integration