NOAA-Style Climate Reports


Report for 2013 Marzo
                   MONTHLY CLIMATOLOGICAL SUMMARY for MAR. 2013

NAME: Lodi   CITY: Lodi   STATE: Italy 
ELEV:    78 m  LAT:  45° 17' 57" N  LONG:   9° 31' 14" E

                   TEMPERATURE (°C), RAIN  (mm), WIND SPEED (km/hr)

                                      HEAT  COOL        AVG
    MEAN                              DEG   DEG         WIND                 DOM
DAY TEMP  HIGH   TIME   LOW    TIME   DAYS  DAYS  RAIN  SPEED HIGH   TIME    DIR
------------------------------------------------------------------------------------
 1   8.1  13.2   15.00   2.2    8.00  10.2   0.0   0.0   0.3  12.9   14.30   WNW
 2   8.4  12.1   14.30   5.0   00.00   9.8   0.0   0.0   0.6  14.5   13.30    SE
 3   7.2  13.3   16.30   2.4    5.00  11.0   0.0   0.0   1.4  12.9   10.00   WSW
 4   7.9  14.4   16.00   2.7    6.30  10.3   0.0   0.0   0.6  16.1   16.00     E
 5   6.9   9.9   15.30   3.0    6.30  11.4   0.0   0.3   0.6  16.1   18.00    SE
 6   7.6   8.3   18.00   6.6   10.00  10.7   0.0  22.6   1.1  11.3   10.30   NNW
 7   7.7   8.9   16.30   5.9    4.30  10.6   0.0  10.4   4.2  19.3    7.00   WSW
 8   9.1  10.2   16.00   7.7    6.30   9.2   0.0  10.9   1.4  14.5   23.00   WSW
 9   9.7  13.2   16.00   7.2    8.00   8.6   0.0   3.3   3.2  19.3    3.30   WSW
10   8.6  11.8   18.00   5.1    8.00   9.7   0.0   0.3   2.4  17.7    1.00   WSW
11   8.6  14.1   17.00   4.8    3.00   9.7   0.0   0.0   1.3  14.5   16.30    SW
12   9.6  12.6   16.00   8.1    1.30   8.7   0.0   0.0   1.0  12.9   11.00    NE
13   9.2  12.2   13.00   7.2    7.00   9.1   0.0   0.5   1.6  17.7   13.00   ENE
14   8.3  11.2   17.30   6.3   21.30  10.0   0.0   0.0   4.5  27.4   14.00   SSW
15   6.4  10.5   17.00   2.7   00.00  11.8   0.0   0.0   4.5  17.7   14.30   NNW
16   3.8   9.2   14.00   0.5    7.00   8.8   0.0   0.0   2.4  24.1   12.00   NNW
17   4.6   7.1   13.30   2.4   00.00   9.7   0.0  12.2   4.3  22.5   12.30   ENE
18   2.2   4.3   00.00   0.8    3.30  16.0   0.0  29.2   4.7  22.5    1.00   WSW
19   7.9  14.9   17.00   1.3    7.00  10.3   0.0   2.8   5.0  25.7   13.00     W
20   6.4   8.9   13.00   3.9    5.00  11.9   0.0   8.6   1.8  14.5   16.00    NE
21  10.6  17.7   14.30   3.7    7.00   7.7   0.0   0.3  10.0  32.2   12.30   WSW
22  10.5  15.8   16.00   4.4    6.30   7.8   0.0   0.0   0.8  17.7   11.30     N
23  10.1  13.8   14.00   6.3    7.30   8.1   0.0   1.5   1.3  17.7   11.00   ENE
24   7.2   9.6    0.30   5.6   23.30  11.1   0.0  34.3   6.6  27.4   12.30   ESE
25   5.4   7.2   16.00   4.0    7.00  12.8   0.0   4.6   4.7  22.5   16.00   ESE
26   4.9   7.1   16.00   2.7    7.30  13.4   0.0   0.3   4.2  25.7    1.30   ESE
27   6.7   9.2   15.30   4.4    5.00  11.6   0.0   0.0   0.6  14.5   14.00   ESE
28   6.1   7.5   12.30   4.5   00.00  12.2   0.0   9.7   0.6  11.3   12.00   ENE
29   6.2   8.7   16.00   4.3    1.30  12.1   0.0   1.0   1.4  16.1    9.30   WSW
30   7.2   8.1   16.00   6.0   00.00  11.1   0.0  24.6   2.7  20.9   22.00    NE
31   9.8  16.8   16.30   4.8    8.00   7.9   0.0   0.0   5.1  48.3   21.00   WSW
-------------------------------------------------------------------------------------
     7.5  17.7    21     0.5    16   323.5   0.0 177.3   2.8  48.3    31     WSW

Max >=  32.0:  0
Max <=   0.0:  0
Min <=   0.0:  0
Min <= -18.0:  0
Max Rain: 34.29 ON 24/03/13
Days of Rain: 19 (> .2 mm) 12 (> 2 mm) 4 (> 20 mm)
Heat Base:  18.3  Cool Base:  18.3  Method: Integration