NOAA-Style Climate Reports


Report for 2013 Aprile
                   MONTHLY CLIMATOLOGICAL SUMMARY for APR. 2013

NAME: Lodi   CITY: Lodi   STATE: Italy 
ELEV:    78 m  LAT:  45° 17' 57" N  LONG:   9° 31' 14" E

                   TEMPERATURE (°C), RAIN  (mm), WIND SPEED (km/hr)

                                      HEAT  COOL        AVG
    MEAN                              DEG   DEG         WIND                 DOM
DAY TEMP  HIGH   TIME   LOW    TIME   DAYS  DAYS  RAIN  SPEED HIGH   TIME    DIR
------------------------------------------------------------------------------------
 1   7.6   8.8   11.00   6.2    7.00  10.7   0.0   1.0   2.6  22.5   11.00   ENE
 2   9.9  13.3   15.30   7.4    8.00   8.4   0.0   0.3   2.9  24.1   10.00   SSE
 3  10.9  16.4   16.30   6.0    7.30   7.4   0.0   0.0   1.8  17.7    3.00   ENE
 4   9.4  12.3   15.00   7.1    5.30   8.8   0.0   3.8   5.8  29.0   18.00   ESE
 5   9.3  10.9   15.00   7.8    8.00   9.0   0.0  13.5   4.3  24.1    0.30   WSW
 6   9.8  15.4   15.30   3.8    7.30   8.5   0.0   0.3   0.6  14.5   12.30   WNW
 7  11.3  14.5   17.30   9.1    7.00   7.0   0.0   0.0   3.4  22.5   13.00   ESE
 8   7.4   9.9    0.30   6.7   17.00  10.8   0.0   8.9   5.1  25.7    8.00   ENE
 9   8.0  10.3   14.00   6.5    6.00  10.3   0.0   1.8   0.5  12.9   19.00   ESE
10  10.8  17.1   18.30   4.6    8.00   7.5   0.0   0.0   1.6  17.7   11.00    SW
11  12.5  16.6   14.00   7.8    7.30   5.8   0.0   0.0   0.8  16.1    9.30   ENE
12  14.4  18.6   17.30  12.2    8.00   3.9   0.0   0.5   1.9  24.1   00.00   ENE
13  16.6  22.3   17.30  10.7    7.30   2.7   0.9   0.0   2.7  16.1    6.00    SW
14  16.8  23.3   18.00  10.0    7.00   2.7   1.3   0.0   0.8  12.9   11.00   NNW
15  18.0  24.4   16.00  11.6    7.00   2.1   1.8   0.0   0.6  12.9   14.00   NNE
16  18.4  23.8   15.30  14.9    7.30   1.3   1.5   0.0   0.8  12.9   16.00   ENE
17  19.1  25.0   16.30  13.8    6.00   1.3   2.2   0.0   0.6  14.5   15.30    SE
18  20.3  26.8   16.30  13.3    7.30   1.2   3.2   0.0   0.6  14.5   15.30   NNE
19  20.2  25.9   16.00  15.0    6.30   0.7   2.6   0.0   4.7  35.4   19.00   NNE
20  13.1  16.2    0.30  11.8   14.00   5.2   0.0  64.5   4.8  33.8    6.30     E
21  13.1  15.9   16.30  11.6    8.00   5.2   0.0  10.7   0.6  12.9   17.00    NW
22  12.6  14.1   19.00  11.6    8.30   5.7   0.0   4.8   0.5  14.5   12.30   NNE
23  15.0  20.3   16.00  11.6    6.30   3.5   0.2   0.3   1.0  17.7   17.30   NNE
24  16.3  21.8   17.00  10.1    6.30   2.9   0.8   0.0   0.6  16.1   15.30   ENE
25  17.9  23.9   15.30  11.3    7.00   2.1   1.8   0.0   0.5  16.1   17.30    SE
26  17.7  21.1   16.30  15.5    5.00   1.2   0.5   0.3   0.5  16.1   13.00     N
27  15.1  16.6    0.30  14.4   10.30   3.2   0.0   8.1   4.8  27.4   14.00     E
28  16.7  21.3   16.30  13.2    5.00   2.1   0.5   2.5   1.9  24.1   18.00   ENE
29  17.0  19.5   19.00  15.6   10.00   1.4   0.2  11.2   1.6  24.1    6.00   ESE
30  17.8  21.3   18.00  15.4    8.00   1.1   0.7   5.6   2.1  25.7   15.00   ENE
-------------------------------------------------------------------------------------
    14.1  26.8    18     3.8     6   143.6  18.3 137.9   2.0  35.4    19     ENE

Max >=  32.0:  0
Max <=   0.0:  0
Min <=   0.0:  0
Min <= -18.0:  0
Max Rain: 64.52 ON 20/04/13
Days of Rain: 17 (> .2 mm) 10 (> 2 mm) 1 (> 20 mm)
Heat Base:  18.3  Cool Base:  18.3  Method: Integration