NOAA-Style Climate Reports


Report for 2013 Maggio
                   MONTHLY CLIMATOLOGICAL SUMMARY for MAY. 2013

NAME: Lodi   CITY: Lodi   STATE: Italy 
ELEV:    78 m  LAT:  45° 17' 57" N  LONG:   9° 31' 14" E

                   TEMPERATURE (°C), RAIN  (mm), WIND SPEED (km/hr)

                                      HEAT  COOL        AVG
    MEAN                              DEG   DEG         WIND                 DOM
DAY TEMP  HIGH   TIME   LOW    TIME   DAYS  DAYS  RAIN  SPEED HIGH   TIME    DIR
------------------------------------------------------------------------------------
 1  19.6  24.5   17.30  15.8    7.00   0.6   2.0   0.5   1.9  19.3   19.30   ENE
 2  19.7  24.3   18.30  16.4    7.30   0.4   1.8   0.0   1.4  56.3   20.30    SW
 3  18.7  24.1   18.00  13.3    6.30   1.4   1.7   0.0   1.6  20.9   20.00     W
 4  18.8  24.6   17.00  12.4    7.00   1.6   2.1   0.0   0.8  16.1   14.30   ESE
 5  16.4  20.7   11.00  13.7    6.30   2.2   0.3  16.8   1.4  32.2   18.00    NW
 6  16.7  20.4   18.00  14.3    0.30   1.8   0.3   3.0   0.3  14.5   16.30     N
 7  17.9  23.7   15.30  13.9    7.00   1.8   1.4  16.5   1.8  43.5   19.30   WSW
 8  18.8  24.6   17.00  13.3    6.30   1.5   2.0   0.0   1.0  14.5   18.00    NE
 9  21.1  26.6   18.00  15.3    6.00   0.6   3.4   0.0   0.3  11.3   13.30   NNE
10  18.2  21.7    0.30  16.1   00.00   0.6   0.5   6.6   1.0  20.9   22.00     N
11  18.6  24.8   17.30  13.9    7.00   1.3   1.7   8.1   2.1  37.0   19.30    SW
12  19.0  24.5   16.30  15.0    6.30   1.0   1.8   0.0   1.8  20.9   16.00    SW
13  17.9  23.3   19.00  12.1    6.30   1.9   1.5   0.0   1.4  20.9   16.00   ENE
14  18.8  24.7   16.30  12.8    5.30   1.5   2.0   0.0   1.3  24.1   23.00   ESE
15  17.4  23.4   14.30  13.8    5.30   1.7   0.8   2.3   2.9  24.1   11.00   ESE
16  14.7  16.1   18.00  13.7   10.00   3.6   0.0  31.2   3.9  40.2    8.30   ENE
17  16.7  22.0   14.30  13.1    8.00   2.3   0.7  26.9   3.9  30.6   19.30     S
18  15.2  20.2   15.30  11.2    6.00   3.4   0.2   5.6   2.1  22.5   20.00   ENE
19  15.8  19.6   13.00  12.8   00.00   2.5   0.0  17.0   4.8  41.8    4.00   ESE
20  16.4  21.8   17.00  10.6    5.30   2.6   0.8   0.0   2.3  25.7   17.30     N
21  16.0  20.9   15.00  12.2    6.30   2.8   0.5   0.0   2.1  35.4   19.00   ENE
22  17.1  22.9   18.00  10.7    6.30   2.3   1.1   1.8   1.0  16.1   13.30    NW
23  18.1  24.1   17.30  13.6    6.00   1.6   1.4   1.3   2.4  32.2   19.30    SE
24  10.3  14.7    0.30   7.4   10.00   8.0   0.0  49.3   6.8  41.8    7.00    NW
25   9.8  10.6   19.00   9.0    2.30   8.5   0.0  18.5   1.8  20.9   17.30    NW
26  14.8  21.4   18.00   7.9    6.00   4.2   0.7   0.0   6.6  35.4   16.30   WSW
27  16.9  23.1   17.00   9.8    6.30   2.6   1.2   0.0   5.5  29.0   20.00     W
28  17.2  20.2   15.30  13.3    5.30   1.6   0.5   0.0   0.5  11.3    8.30   NNW
29  15.9  20.2   14.00  12.4   00.00   2.5   0.1   3.0   3.4  22.5   11.30    SE
30  14.4  21.0   16.00  10.8    4.30   4.1   0.3   1.3   4.3  32.2   17.30   SSW
31  16.2  22.8   16.30  10.1    5.30   2.9   0.9   0.0   6.8  35.4   16.00   WSW
-------------------------------------------------------------------------------------
    16.9  26.6     9     7.4    24    75.4  31.8 209.8   2.5  56.3     2     ENE

Max >=  32.0:  0
Max <=   0.0:  0
Min <=   0.0:  0
Min <= -18.0:  0
Max Rain: 49.28 ON 24/05/13
Days of Rain: 17 (> .2 mm) 13 (> 2 mm) 3 (> 20 mm)
Heat Base:  18.3  Cool Base:  18.3  Method: Integration