NOAA-Style Climate Reports


Report for 2013 Giugno
                   MONTHLY CLIMATOLOGICAL SUMMARY for JUN. 2013

NAME: Lodi   CITY: Lodi   STATE: Italy 
ELEV:    78 m  LAT:  45° 17' 57" N  LONG:   9° 31' 14" E

                   TEMPERATURE (°C), RAIN  (mm), WIND SPEED (km/hr)

                                      HEAT  COOL        AVG
    MEAN                              DEG   DEG         WIND                 DOM
DAY TEMP  HIGH   TIME   LOW    TIME   DAYS  DAYS  RAIN  SPEED HIGH   TIME    DIR
------------------------------------------------------------------------------------
 1  18.2  22.1   18.30  13.7    6.00   1.4   1.3   0.0   1.1  17.7    0.30   ESE
 2  22.0  29.3   17.30  14.2    7.00   0.8   4.6   0.0   1.9  17.7    9.00     N
 3  18.9  23.7   17.00  15.8    8.00   0.7   1.3   0.3   1.6  33.8   17.30   ENE
 4  20.6  26.7   18.00  14.6    6.00   1.0   3.3   0.0   1.4  19.3   16.00   NNE
 5  21.6  26.3   16.30  17.6    7.00   0.1   3.4   0.0   1.6  19.3   16.00   ENE
 6  21.2  26.4   18.00  17.1    7.00   0.2   3.1   0.5   1.0  22.5   21.00   ENE
 7  22.8  28.3   17.00  17.6    5.30   0.1   4.6   1.0   0.5  12.9    3.30   ENE
 8  23.3  29.1   15.30  18.4    6.00   0.0   5.0   0.0   1.0  29.0   17.00     N
 9  19.8  24.1   15.30  15.6   00.00   0.3   1.9   2.8   1.8  29.0   17.30   ENE
10  18.6  23.4   17.30  14.0    6.00   1.4   1.7   0.0   2.7  27.4   16.00     W
11  22.1  29.3   19.00  15.5    5.00   0.5   4.4   0.0   2.3  19.3    8.30   WNW
12  23.7  29.7   17.30  17.2    6.00   0.1   5.5   0.0   0.6  14.5   13.30     N
13  25.0  30.8   17.30  18.8    6.30   0.0   6.7   0.0   1.1  14.5    9.30   ENE
14  25.8  31.5   16.30  19.7    6.00   0.0   7.5   0.0   1.3  19.3   16.00   ENE
15  25.7  31.2   17.00  21.3    6.30   0.0   7.5   0.0   4.5  22.5   20.30   WNW
16  26.5  31.9   18.00  21.1    6.30   0.0   8.2   0.0   2.7  24.1    0.30     W
17  28.6  34.1   17.30  22.5    6.00   0.0  10.3   0.0   1.4  17.7    1.00   WNW
18  29.9  36.1   17.00  23.8    6.30   0.0  11.6   0.0   1.0  19.3   17.00   WSW
19  30.0  35.0   18.30  23.9    6.30   0.0  11.7   0.0   1.3  17.7   12.00   ENE
20  27.6  32.8   13.30  24.6   00.00   0.0   9.3   0.0   3.7  30.6   15.00   WSW
21  24.9  29.9   18.00  20.1    6.30   0.0   6.6   0.0   4.3  25.7   12.30     W
22  24.4  29.4   17.30  19.8    3.30   0.0   6.1   0.0   6.4  29.0   13.30   WSW
23  24.2  29.7   17.30  19.8    6.00   0.0   5.9   0.0   5.5  30.6   18.30     W
24  21.8  26.2   15.00  17.9    9.30   0.0   3.6   0.0   4.3  25.7   15.30    SE
25  22.2  28.9   18.00  15.0    6.00   0.7   4.6   0.0   3.1  25.7   22.30   WSW
26  21.4  26.3   16.30  17.5    6.30   0.0   3.2   0.0   2.6  30.6   19.00    SE
27  18.0  23.7   16.00  14.1   00.00   1.4   1.2  20.6   3.1  41.8   18.00     E
28  17.0  21.4   16.30  12.8    4.30   2.0   0.7   0.0   1.6  20.9   11.00    SE
29  18.8  22.7   19.00  14.2    6.30   1.0   1.6   0.0   1.1  16.1   15.00   WSW
30  21.8  29.1   17.00  15.0    4.00   0.8   4.2   0.0   0.6  12.9   13.30    SW
-------------------------------------------------------------------------------------
    22.9  36.1    18    12.8    28    12.4 150.6  25.1   2.2  41.8    27     WSW

Max >=  32.0:  4
Max <=   0.0:  0
Min <=   0.0:  0
Min <= -18.0:  0
Max Rain: 20.57 ON 27/06/13
Days of Rain: 5 (> .2 mm) 2 (> 2 mm) 1 (> 20 mm)
Heat Base:  18.3  Cool Base:  18.3  Method: Integration