NOAA-Style Climate Reports


Report for 2013 Luglio
                   MONTHLY CLIMATOLOGICAL SUMMARY for JUL. 2013

NAME: Lodi   CITY: Lodi   STATE: Italy 
ELEV:    78 m  LAT:  45° 17' 57" N  LONG:   9° 31' 14" E

                   TEMPERATURE (°C), RAIN  (mm), WIND SPEED (km/hr)

                                      HEAT  COOL        AVG
    MEAN                              DEG   DEG         WIND                 DOM
DAY TEMP  HIGH   TIME   LOW    TIME   DAYS  DAYS  RAIN  SPEED HIGH   TIME    DIR
------------------------------------------------------------------------------------
 1  23.9  29.6   17.30  17.8    7.00   0.0   5.6   0.0   1.4  17.7   12.30   NNE
 2  24.9  30.3   17.30  18.8    6.30   0.0   6.6   0.0   1.1  14.5   20.30   ENE
 3  24.1  28.5   16.00  19.7    6.00   0.0   5.8   0.0   2.1  17.7   20.00     N
 4  24.9  30.4   17.00  18.7    6.30   0.0   6.6   0.0   1.9  17.7    0.30   WSW
 5  27.0  32.9   16.30  21.0    6.00   0.0   8.7   0.0   0.8  14.5   14.30   ENE
 6  27.4  31.9   17.30  22.4    6.30   0.0   9.1   0.0   1.6  17.7   12.30   ENE
 7  25.9  31.5   16.30  21.9    6.30   0.0   7.7   2.8   2.7  20.9   18.30   ENE
 8  25.7  31.6   16.30  21.4    6.00   0.0   7.4   0.0   2.6  19.3   18.00     N
 9  26.3  31.3   17.00  21.3    6.30   0.0   8.1   0.0   1.1  12.9   13.00     N
10  25.9  30.7   18.30  21.9    7.30   0.0   7.7   0.0   1.9  24.1   20.30     N
11  26.8  32.4   18.00  21.7    5.00   0.0   8.5   0.0   2.7  20.9   15.00   WSW
12  25.4  30.6   17.30  19.9    7.00   0.0   7.2   0.0   2.1  35.4    3.00   ENE
13  25.7  30.2   17.00  21.1    8.00   0.0   7.4   0.0   1.9  20.9   00.00   ENE
14  24.9  30.3   16.30  18.9    6.00   0.0   6.6   0.0   1.4  24.1    1.00   ENE
15  26.6  32.5   17.30  20.0    6.30   0.0   8.3   0.0   0.8  14.5   12.00     N
16  26.6  31.3   16.30  21.8    6.30   0.0   8.3   0.0   2.4  22.5   12.30     E
17  25.6  29.7   14.30  21.3    5.00   0.0   7.3   0.0   1.4  16.1   12.00   ENE
18  24.9  29.4   15.00  21.0    5.30   0.0   6.7   0.0   3.7  24.1   15.00   WSW
19  25.1  31.1   18.00  19.7    6.30   0.0   6.8   0.0   2.7  19.3    2.00   WSW
20  26.7  32.1   17.00  21.1    6.30   0.0   8.5   0.0   0.0   1.6    0.30     N
21  26.8  31.7   17.30  22.1    5.00   0.0   8.6   0.0   1.3  17.7   13.30    SE
22  27.4  32.6   16.30  21.9    7.00   0.0   9.2   0.0   1.0  14.5   12.30     E
23  28.3  33.7   15.30  22.7    6.30   0.0  10.0   0.0   1.8  17.7    5.00    SW
24  27.3  32.4   15.30  22.6    6.30   0.0   9.0   0.0   3.5  22.5   12.30   WSW
25  28.2  33.3   16.30  22.4    6.30   0.0   9.9   0.0   2.3  20.9   13.00     W
26  29.3  34.1   17.30  24.6    7.00   0.0  11.0   0.0   1.4  14.5    0.30     W
27  29.9  35.4   17.00  24.8    6.30   0.0  11.6   0.0   1.8  17.7   13.30   WSW
28  30.1  35.7   17.30  24.3    7.00   0.0  11.8   0.0   1.6  19.3   20.00   ENE
29  24.3  30.7   16.00  19.7   00.00   0.0   6.1   3.3   4.7  59.5   17.00   ENE
30  23.9  30.8   17.00  17.3    5.30   0.1   5.7   0.0   3.2  20.9    1.00   WSW
31  25.7  31.4   17.30  19.3    5.30   0.0   7.2   0.0   1.4  12.9   11.00     E
-------------------------------------------------------------------------------------
    26.3  35.7    28    17.3    30     0.1 249.1   6.1   2.0  59.5    29     ENE

Max >=  32.0: 11
Max <=   0.0:  0
Min <=   0.0:  0
Min <= -18.0:  0
Max Rain: 3.30 ON 29/07/13
Days of Rain: 2 (> .2 mm) 2 (> 2 mm) 0 (> 20 mm)
Heat Base:  18.3  Cool Base:  18.3  Method: Integration