NOAA-Style Climate Reports


Report for 2013 Agosto
                   MONTHLY CLIMATOLOGICAL SUMMARY for AUG. 2013

NAME: Lodi   CITY: Lodi   STATE: Italy 
ELEV:    78 m  LAT:  45° 17' 57" N  LONG:   9° 31' 14" E

                   TEMPERATURE (°C), RAIN  (mm), WIND SPEED (km/hr)

                                      HEAT  COOL        AVG
    MEAN                              DEG   DEG         WIND                 DOM
DAY TEMP  HIGH   TIME   LOW    TIME   DAYS  DAYS  RAIN  SPEED HIGH   TIME    DIR
------------------------------------------------------------------------------------
 1  26.9  33.1   17.30  20.6    6.30   0.0   8.7   0.0   1.4  11.3   11.30   ENE
 2  28.3  34.5   17.30  21.8    6.00   0.0  10.0   0.0   1.1  14.5   14.00   WSW
 3  29.1  35.3   17.00  24.1    7.30   0.0  10.8   0.0   2.6  20.9   16.00   WSW
 4  29.4  35.0   17.00  23.4    7.30   0.0  11.1   0.0   2.1  19.3   12.00   WSW
 5  29.3  34.8   17.00  24.1    7.30   0.0  11.1   0.0   1.3  17.7    1.00   ENE
 6  29.7  35.4   17.00  24.1    6.30   0.0  11.4   0.0   1.6  19.3    3.00    SE
 7  27.8  31.2   13.30  23.3    7.30   0.0   9.6   0.0   1.1  20.9   15.30   ENE
 8  24.6  26.8    0.30  21.9   23.30   0.0   6.3   0.8   1.4  22.5   14.00   ENE
 9  24.3  30.4   17.30  18.9    7.00   0.0   6.1   0.0   6.3  25.7   12.30   WSW
10  24.9  30.4   17.00  18.2    6.00   0.0   6.6   0.0   1.0  14.5   15.00     E
11  25.3  30.7   18.30  19.4    7.00   0.0   7.0   0.0   1.4  17.7   11.30     E
12  26.2  32.1   17.30  20.0    5.00   0.0   7.9   0.0   1.1  14.5   18.00    SW
13  27.6  32.9   17.30  21.4    7.00   0.0   9.3   0.0   2.7  20.9   14.00   WSW
14  21.5  25.2    0.30  18.7   00.00   0.0   3.2  11.9   4.8  35.4   12.00   ESE
15  22.1  27.3   17.30  17.1    5.00   0.2   4.0   0.0   1.4  16.1   14.00   ESE
16  23.0  28.8   16.00  17.3    6.30   0.1   4.9   0.0   1.6  16.1   11.30     E
17  24.3  30.4   15.30  18.2    6.30   0.0   6.1   0.0   1.0  11.3   12.00    SE
18  25.7  32.4   17.00  19.3    6.00   0.0   7.5   0.0   1.3  22.5   22.30    SW
19  24.9  31.1   16.30  19.8   00.00   0.0   6.7   3.3   1.4  33.8   21.30   SSE
20  22.2  27.6   15.30  17.6    7.00   0.0   4.0   0.5   2.7  27.4    0.30    SE
21  22.5  28.2   16.00  17.2    7.30   0.1   4.3   0.0   1.4  16.1   17.30    SE
22  23.1  28.7   16.30  17.3    7.30   0.1   4.8   0.0   1.3  14.5   14.30    SE
23  23.7  29.4   17.30  18.3    7.00   0.0   5.5   0.0   1.1  14.5   15.30   NNE
24  22.8  29.7   15.00  19.1    6.00   0.0   4.5  13.5   1.8  46.7   19.00   ENE
25  21.1  26.5   16.00  18.4   00.00   0.0   2.8   0.3   1.3  37.0   18.30     E
26  19.8  24.9   17.30  15.6    3.30   0.7   2.2  24.1   2.7  30.6   22.30    SE
27  20.2  25.3   17.30  16.5    2.30   0.5   2.5   1.0   1.1  17.7   12.00   WSW
28  21.4  27.3   17.00  16.4    7.30   0.3   3.4   0.0   1.4  20.9   13.30   WSW
29  21.8  26.3   17.00  18.6    2.00   0.0   3.5   0.0   2.6  16.1    9.30   NNE
30  22.1  27.1   17.30  17.3    6.00   0.1   3.9   0.0   2.6  22.5   12.00   ENE
31  22.3  27.9   16.00  17.3    7.00   0.1   4.0   0.0   0.6  12.9   12.30     N
-------------------------------------------------------------------------------------
    24.4  35.4     6    15.6    26     2.2 193.5  55.4   1.9  46.7    24      SE

Max >=  32.0:  9
Max <=   0.0:  0
Min <=   0.0:  0
Min <= -18.0:  0
Max Rain: 24.13 ON 26/08/13
Days of Rain: 8 (> .2 mm) 4 (> 2 mm) 1 (> 20 mm)
Heat Base:  18.3  Cool Base:  18.3  Method: Integration