NOAA-Style Climate Reports


Report for 2013 Settembre
                   MONTHLY CLIMATOLOGICAL SUMMARY for SEP. 2013

NAME: Lodi   CITY: Lodi   STATE: Italy 
ELEV:    78 m  LAT:  45° 17' 57" N  LONG:   9° 31' 14" E

                   TEMPERATURE (°C), RAIN  (mm), WIND SPEED (km/hr)

                                      HEAT  COOL        AVG
    MEAN                              DEG   DEG         WIND                 DOM
DAY TEMP  HIGH   TIME   LOW    TIME   DAYS  DAYS  RAIN  SPEED HIGH   TIME    DIR
------------------------------------------------------------------------------------
 1  23.2  28.7   16.30  18.3    7.30   0.0   4.9   0.0   0.8  14.5   12.00    SE
 2  22.7  27.9   16.30  17.3    7.30   0.0   4.4   2.5   1.3  16.1    1.00    SE
 3  23.4  30.3   17.00  17.6    7.00   0.1   5.2   0.0   0.8  14.5   14.30    SW
 4  23.6  29.4   18.00  18.6    6.30   0.0   5.3   0.0   1.0  12.9   13.00   ESE
 5  23.8  29.6   17.30  18.8    7.00   0.0   5.5   0.0   0.8  12.9   15.00    SE
 6  24.2  30.1   15.30  19.1    7.30   0.0   5.9   0.0   0.8  14.5   16.00   ENE
 7  24.3  30.2   17.00  19.2    7.00   0.0   6.0   0.0   0.8  12.9   17.00     E
 8  23.6  27.9   16.30  20.8    5.30   0.0   5.3   0.0   2.7  27.4   17.00   ENE
 9  23.3  29.3   17.30  18.7    7.00   0.0   5.1   0.0   2.4  24.1   12.30   WSW
10  21.0  25.7   14.00  16.6    7.00   0.3   3.0   4.1   2.1  29.0   22.00   ENE
11  18.4  22.3   17.00  15.1    7.30   1.0   1.1   6.6   2.6  22.5    1.00    SE
12  18.1  24.2   18.30  12.9    5.30   1.7   1.6   0.0   1.3  20.9    0.30   ENE
13  19.2  25.9   17.00  13.5    7.30   1.4   2.3   0.0   1.6  20.9   17.00   WSW
14  19.4  25.1   15.30  13.3    6.30   1.3   2.4   0.0   1.4  19.3   15.00     W
15  17.4  20.3   14.00  16.4    3.30   1.1   0.3  11.7   1.6  22.5   14.30   ENE
16  18.6  22.8   16.00  14.5    8.00   1.0   1.3   0.0   1.6  16.1   16.30   SSW
17  19.7  23.8   15.30  15.9    7.30   0.4   1.9   0.0   5.6  33.8   11.30    NW
18  15.4  20.3   18.30  11.1    7.00   3.0   0.1   0.0   0.2   9.7   17.00    SE
19  18.0  25.3   16.30  12.2    6.00   2.1   1.8   0.0   1.0  16.1   11.00   WSW
20  18.9  24.4   17.00  14.8    7.30   1.1   1.8   0.0   0.3  16.1   11.30     E
21  18.9  25.2   16.00  13.5    8.00   1.3   2.0   0.0   0.3  11.3   16.00     E
22  19.6  24.9   16.30  15.1    8.00   0.8   2.1   0.0   0.8  14.5   10.30     E
23  19.6  25.7   17.00  14.5    7.00   1.1   2.4   0.0   0.5  14.5   14.00   WSW
24  20.3  26.9   17.00  14.7    7.30   0.9   2.9   0.0   2.9  22.5   14.00     W
25  19.7  24.2   16.00  16.2    6.30   0.5   1.9   0.0   0.2  11.3   22.00   WSW
26  20.5  26.4   15.30  14.8    7.30   0.7   2.9   0.0   3.2  24.1   16.00   WSW
27  21.4  25.4   15.30  17.3    2.30   0.0   3.2   0.0   0.8  16.1   14.30    SW
28  22.4  25.4   16.30  20.4    6.00   0.0   4.1   0.0   0.0  11.3   15.30   WNW
29  19.8  22.3   16.30  17.8   23.30   0.0   1.5   0.0   2.3  20.9   12.00   ENE
30  16.1  17.9    0.30  14.7    5.30   2.1   0.0   2.0   2.7  20.9    9.00   ESE
-------------------------------------------------------------------------------------
    20.5  30.3     3    11.1    18    22.0  88.1  26.9   1.5  33.8    17     ENE

Max >=  32.0:  0
Max <=   0.0:  0
Min <=   0.0:  0
Min <= -18.0:  0
Max Rain: 11.68 ON 15/09/13
Days of Rain: 5 (> .2 mm) 5 (> 2 mm) 0 (> 20 mm)
Heat Base:  18.3  Cool Base:  18.3  Method: Integration