NOAA-Style Climate Reports


Report for 2013 Ottobre
                   MONTHLY CLIMATOLOGICAL SUMMARY for OCT. 2013

NAME: Lodi   CITY: Lodi   STATE: Italy 
ELEV:    78 m  LAT:  45° 17' 57" N  LONG:   9° 31' 14" E

                   TEMPERATURE (°C), RAIN  (mm), WIND SPEED (km/hr)

                                      HEAT  COOL        AVG
    MEAN                              DEG   DEG         WIND                 DOM
DAY TEMP  HIGH   TIME   LOW    TIME   DAYS  DAYS  RAIN  SPEED HIGH   TIME    DIR
------------------------------------------------------------------------------------
 1  17.6  21.4   16.30  14.9    1.30   1.2   0.5   0.0   0.6  12.9   14.30    NE
 2  18.2  21.8   15.00  15.6    7.30   0.9   0.7   0.0   1.8  24.1   12.00   ESE
 3  16.1  17.9   13.30  14.6   00.00   2.2   0.0   0.0   4.0  22.5   16.00   ENE
 4  14.6  16.6   15.00  13.1    7.00   3.7   0.0   0.3   1.9  17.7   13.30   ESE
 5  12.3  14.1   17.00  10.3    5.00   6.0   0.0   8.6   0.5  14.5    3.30     S
 6  14.2  15.7   13.30  12.8    0.30   4.0   0.0  10.4   0.5   9.7   13.30   WSW
 7  15.2  16.2   12.30  14.2   23.30   3.1   0.0  11.9   1.0  20.9   12.30   ESE
 8  14.9  17.5   17.00  13.1    6.30   3.3   0.0   1.3   0.6  20.9    5.00   ENE
 9  16.1  19.7   17.00  13.8    3.30   2.3   0.1   0.5   0.3  11.3   14.00   SSW
10  15.7  19.9   17.00   8.5   00.00   2.7   0.2  11.4   4.0  49.9   21.30     E
11  12.5  17.9   15.30   7.8    7.00   5.8   0.0   0.3   3.7  30.6    1.30   ENE
12  12.4  16.1   17.30   9.4    8.00   5.8   0.0   3.8   2.1  27.4    1.30   ESE
13  11.2  12.3   13.00   9.2    1.00   7.1   0.0   0.0   1.4  14.5   23.00   WSW
14  13.1  15.8   17.00  10.8    6.30   5.2   0.0   0.0   1.4  14.5    0.30   WSW
15  13.9  16.7   16.30  10.9    8.30   4.4   0.0   0.0   0.8  20.9    6.30    SW
16  16.2  21.8   16.30  11.5    8.30   2.6   0.6   0.0   6.3  41.8   11.00   WSW
17  14.9  20.8   16.30  10.5    7.30   3.7   0.3   0.0   0.0   8.0   12.30   SSE
18  14.1  19.1   16.00   9.7    8.30   4.3   0.0   0.0   0.0  12.9   15.30     S
19  14.3  16.7   15.30  12.1    7.00   4.0   0.0   0.0   0.0   8.0   22.00     S
20  15.4  17.5   13.00  14.3    6.30   2.8   0.0   2.3   0.2  11.3   14.30    SW
21  14.8  15.6   16.00  14.3    7.30   3.4   0.0   0.0   0.8  12.9   15.30   WSW
22  15.7  17.1   15.30  14.6    3.30   2.6   0.0   0.0   0.0   9.7    3.00    SW
23  17.0  17.8   19.00  16.2    1.30   1.3   0.0  27.4   5.0  33.8    8.00   ESE
24  17.7  19.5   14.00  16.3    8.00   0.8   0.2   0.5   0.5  11.3    0.30    SW
25  17.1  18.4   18.00  15.9    6.00   1.2   0.0   0.0   0.3   8.0   15.00    SW
26  18.2  22.1   16.00  16.0    6.00   0.8   0.8   0.0   1.0  14.5   13.30    SW
27  18.2  20.3   13.30  16.7    4.00   0.6   0.5   0.0   1.0  16.1   12.00   ENE
28  18.8  21.4   13.00  17.0    8.30   0.4   0.9   0.0   0.3  11.3   11.30     W
29  17.5  18.4   15.30  16.6   11.30   0.8   0.0   1.0   1.1  16.1   19.30   ENE
30  16.4  18.8   15.00  14.5   00.00   1.8   0.0  15.0   1.1  17.7   23.00   ENE
31  15.5  18.9   14.30  12.5   23.30   2.8   0.0   0.3   2.1  19.3    4.00   ESE
-------------------------------------------------------------------------------------
    15.5  22.1    26     7.8    11    91.7   4.9  95.0   1.4  49.9    10     ENE

Max >=  32.0:  0
Max <=   0.0:  0
Min <=   0.0:  0
Min <= -18.0:  0
Max Rain: 27.43 ON 23/10/13
Days of Rain: 15 (> .2 mm) 8 (> 2 mm) 1 (> 20 mm)
Heat Base:  18.3  Cool Base:  18.3  Method: Integration