NOAA-Style Climate Reports


Report for 2013 Novembre
                   MONTHLY CLIMATOLOGICAL SUMMARY for NOV. 2013

NAME: Lodi   CITY: Lodi   STATE: Italy 
ELEV:    78 m  LAT:  45° 17' 57" N  LONG:   9° 31' 14" E

                   TEMPERATURE (°C), RAIN  (mm), WIND SPEED (km/hr)

                                      HEAT  COOL        AVG
    MEAN                              DEG   DEG         WIND                 DOM
DAY TEMP  HIGH   TIME   LOW    TIME   DAYS  DAYS  RAIN  SPEED HIGH   TIME    DIR
------------------------------------------------------------------------------------
 1  13.1  16.9   15.00   9.3    8.30   5.2   0.0   0.0   0.5  12.9   10.30   WSW
 2  14.2  15.0   12.00  13.6    7.00   4.1   0.0   0.0   0.0   6.4   23.30   WNW
 3  13.7  16.3   15.00   9.7   00.00   4.6   0.0   3.6   1.0  12.9    4.00    SW
 4  11.8  13.2   16.30   9.7    0.30   6.4   0.0   5.8   1.4  16.1   18.30   ENE
 5  12.1  14.9   15.00  10.2    8.30   6.1   0.0   0.0   2.7  25.7   10.30   WSW
 6  14.4  20.7   15.30  10.7    8.00   4.1   0.3   0.0   3.2  22.5    7.00   WSW
 7  12.2  15.5   13.30   9.1    7.00   6.1   0.0   0.0   0.3  12.9   12.30    SE
 8  13.7  14.7   14.30  12.7    0.30   4.6   0.0   2.0   0.0   9.7   21.30   ENE
 9  14.1  16.6   14.30  11.8   23.30   4.2   0.0   0.0   1.1  12.9    0.30   WSW
10  11.6  14.3   16.00   9.3    7.00   6.7   0.0   0.3   3.4  30.6   20.30   WSW
11  13.8  19.5   15.30   8.6   23.30   4.5   0.1   0.0   5.1  22.5   11.00    NW
12  11.2  17.0   15.30   6.3    3.00   7.1   0.0   0.0   0.3   9.7    8.30   SSE
13  11.1  15.2   16.00   6.9    8.30   7.2   0.0   0.0   1.0  14.5    8.30    SW
14  11.3  13.1   13.30   9.3   23.00   7.0   0.0   2.5   1.3  35.4   00.00     E
15   9.4  10.1   21.30   9.1   15.30   8.9   0.0  35.8   3.9  32.2    1.00    SE
16  10.2  14.3   15.00   7.7    9.00   8.1   0.0   0.0   0.5  14.5   15.00   SSW
17  10.3  13.6   14.30   7.8    8.00   8.0   0.0   0.8   0.5  12.9   11.30   SSE
18  10.1  10.4   23.00   9.8    4.30   8.2   0.0   0.8   0.6   8.0   20.00     N
19  10.7  11.4   16.00  10.2    9.00   7.5   0.0   7.4   1.4  17.7   20.00     N
20  10.4  12.4   13.00   7.6   00.00   7.9   0.0   0.3   1.0  16.1   11.00    SE
21   7.1   9.0   12.30   5.5    3.00  11.2   0.0   0.8   4.7  40.2   16.30     E
22   6.7   8.6   13.00   5.1    4.00  11.6   0.0   0.8   1.8  16.1    4.00   ENE
23   5.6   6.5   16.30   4.4    5.30  12.6   0.0   7.9   1.8  16.1    6.30     W
24   7.8  10.1   15.00   6.3    0.30  10.5   0.0   3.0   2.1  19.3   14.00   WSW
25   6.6  12.3   13.30   1.2    8.00  11.6   0.0   0.0   1.0  22.5   14.00    SE
26   3.6   8.5   15.00  -1.0    8.00  14.7   0.0   0.0   0.6  14.5   12.00   WSW
27   2.1   6.7   15.30  -1.6    7.30  16.2   0.0   0.0   2.7  16.1    8.30   WSW
28   2.0   7.2   15.30  -2.1    7.30  16.3   0.0   0.0   0.6  11.3    4.00    NE
29   2.6   7.5   15.00  -0.7    8.30  15.7   0.0   0.0   0.5  12.9    2.00   WSW
30   2.1   3.3   21.30   0.9   11.30  15.9   0.0   4.6   0.2  16.1    9.30   ENE
-------------------------------------------------------------------------------------
     9.5  20.7     6    -2.1    28   262.8   0.4  76.2   1.5  40.2    21     WSW

Max >=  32.0:  0
Max <=   0.0:  0
Min <=   0.0:  4
Min <= -18.0:  0
Max Rain: 35.81 ON 15/11/13
Days of Rain: 15 (> .2 mm) 9 (> 2 mm) 1 (> 20 mm)
Heat Base:  18.3  Cool Base:  18.3  Method: Integration