NOAA-Style Climate Reports


Report for 2014
                            ANNUAL CLIMATOLOGICAL SUMMARY

NAME: Lodi  CITY: Lodi   STATE: Italy  
ELEV:    78 m  LAT:  45° 17' 57" N  LONG:   9° 31' 14" E

               TEMPERATURE (°C), HEAT BASE 18.3, COOL BASE 18.3
                          DEP.  HEAT  COOL                                          
        MEAN  MEAN        FROM  DEG   DEG                        MAX  MAX  MIN  MIN 
 YR MO  MAX   MIN   MEAN  NORM  DAYS  DAYS  HI  DATE  LOW  DATE  >=32 <=0  <=0  <=-18 
------------------------------------------------------------------------------------
 14  1   8.2   4.0   5.9   0.0   370     0  18.1  22  -0.5   29    0    0    1    0
 14  2  10.5   5.3   7.6   0.0   298     0  15.0  12   2.6   25    0    0    0    0
 14  3  17.3   7.4  12.0   0.0   201     6  25.2  17   4.8   25    0    0    0    0
 14  4  20.6  10.9  15.6   0.0   100    20  26.1  26   6.0   17    0    0    0    0
 14  5  24.1  13.5  18.7   0.0    46    59  27.5  30   9.1   14    0    0    0    0
 14  6  28.5  18.1  23.1   0.0     6   149  35.4  12  14.0    1    6    0    0    0
 14  7  27.7  18.4  22.7   0.0     4   142  33.6  19  14.7   10    3    0    0    0
 14  8  27.2  18.7  22.7   0.0     3   140  31.3  12  14.7   17    0    0    0    0
 14  9  25.3  15.9  20.1   0.0    21    76  29.4   8  11.2   24    0    0    0    0
 14 10  20.3  13.3  16.3   0.0    83    21  24.9  17   4.8   29    0    0    0    0
 14 11  14.0   9.3  11.4   0.0   205     0  18.7   2   3.9   20    0    0    0    0
 14 12   8.4   3.9   5.8   0.0   386     0  21.6  25  -3.7   31    0    0    6    0
------------------------------------------------------------------------------------
        19.4  11.6  15.2   0.0  1721   613  35.4 JUN  -3.7  DEC    9    0    7    0

                                PRECIPITATION (mm)

               DEP.   MAX        DAYS OF RAIN 
               FROM   OBS.          OVER
 YR MO  TOTAL  NORM   DAY  DATE  .2   2   20
---------------------------------------------
 14  1 186.9    0.0  26.2   30   19   12    4
 14  2 129.5    0.0  16.5    5   22   14    0
 14  3  61.0    0.0  26.9    1    8    6    1
 14  4  95.3    0.0  28.4   28   10    6    2
 14  5  26.4    0.0  16.8   31    5    3    0
 14  6  99.8    0.0  30.0   14   12    7    1
 14  7  94.7    0.0  30.5   26   15    6    2
 14  8 129.0    0.0  39.4   23   13    8    2
 14  9  14.5    0.0  11.9    9    4    1    0
 14 10  55.4    0.0  37.8   13   10    4    1
 14 11 281.2    0.0  74.9   12   20   15    3
 14 12  61.0    0.0  15.2    9   17    7    0
---------------------------------------------
      1234.7   0.0  74.9  NOV  155   89   16

                                WIND SPEED (km/hr)
                          DOM
 YR MO   AVG.  HI   DATE  DIR
---------------------------------
 14  1   1.8  43.5   26   WSW
 14  2   2.4  43.5   10   WSW
 14  3   2.3  40.2    1   WSW
 14  4   2.2  43.5   19   ENE
 14  5   2.2  48.3   14   WSW
 14  6   1.4  48.3   28   ENE
 14  7   1.1  51.5    7   ENE
 14  8   1.0  33.8    4   ENE
 14  9   0.8  41.8   22   ENE
 14 10   1.5  56.3   22   WSW
 14 11   1.7  41.8   15   WSW
 14 12   1.0  32.2    9   WSW
---------------------------------
         1.6  56.3  OCT  WSW