NOAA-Style Climate Reports


Report for 2014 Gennaio
                   MONTHLY CLIMATOLOGICAL SUMMARY for JAN. 2014

NAME: Lodi   CITY: Lodi   STATE: Italy 
ELEV:    78 m  LAT:  45° 17' 57" N  LONG:   9° 31' 14" E

                   TEMPERATURE (°C), RAIN  (mm), WIND SPEED (km/hr)

                                      HEAT  COOL        AVG
    MEAN                              DEG   DEG         WIND                 DOM
DAY TEMP  HIGH   TIME   LOW    TIME   DAYS  DAYS  RAIN  SPEED HIGH   TIME    DIR
------------------------------------------------------------------------------------
 1   3.5   6.3   14.00   0.2    8.00  14.8   0.0   0.0   0.5  12.9    6.00    SW
 2   4.0   4.8    0.30   3.6   10.30  14.3   0.0   1.8   1.0  12.9   10.00     W
 3   4.4   5.4   23.30   3.6    3.00  13.8   0.0   1.8   2.6  14.5    9.30   WSW
 4   5.3   5.7   16.00   4.9    6.00  13.0   0.0  18.3   0.3  16.1   00.00     W
 5   6.0   7.5   22.00   5.0    1.00  12.3   0.0  19.0   3.5  22.5   16.00   WSW
 6   6.2   9.2   16.00   3.6    9.00  12.1   0.0   0.3   0.8  14.5    9.00   WSW
 7   6.6   8.9   16.30   3.6    9.30  11.7   0.0   0.0   0.6   9.7    5.30   WSW
 8   8.0   9.2   14.30   6.7    3.30  10.3   0.0   0.0   3.1  16.1    5.00   WSW
 9   8.2   9.1   16.00   7.3    8.00  10.1   0.0   0.0   2.4  14.5    8.00   WSW
10   9.0  10.4   16.00   7.8    7.30   9.3   0.0   0.0   2.6  16.1    4.30   WSW
11   9.0  10.2   13.30   8.4    2.00   9.3   0.0   0.0   1.3  12.9   16.00   WSW
12   6.4   8.4    0.30   5.2   23.30  11.8   0.0   0.0   1.0  12.9    1.00   ENE
13   6.1   6.8   15.00   5.1    0.30  12.1   0.0   6.1   1.1  16.1   23.00    NE
14   5.9   6.8    2.00   4.3   12.00  12.3   0.0  22.6   3.9  24.1   11.00   WSW
15   5.2   7.1   16.00   0.8   23.30  13.1   0.0   0.0   1.3  16.1   14.00   WSW
16   3.3   4.7   16.30   1.3    0.30  15.0   0.0   3.0   0.0   4.8    9.00     E
17   3.7   4.8    4.30   2.7   13.30  14.6   0.0  22.1   3.1  22.5   12.30   WSW
18   4.8   5.5   14.30   3.6    0.30  13.5   0.0  24.4   0.5  12.9    0.30   WSW
19   5.6   6.2   17.30   5.1    0.30  12.4   0.0  19.6   2.7  19.3   22.30   WSW
20   8.2   8.7   19.00   7.0   23.30   2.5   0.0   1.5   2.9  20.9    2.00   WSW
21   8.8  15.6   15.30   6.4   23.00   4.2   0.0   0.3   1.9  20.9   12.00   WSW
22   8.6  18.1    6.00   6.0    1.00   9.0   0.0   0.3   0.0   8.0    7.30     N
23   9.1  11.6   14.00   6.8    8.30   9.2   0.0   0.3   0.3   8.0    8.00    SW
24   7.0  10.5   14.00   5.4   11.30  11.3   0.0   0.0   1.1  20.9   10.30   ENE
25   5.6  10.5   15.30   2.2    6.00  12.7   0.0   0.0   2.7  20.9   10.30   WSW
26   6.7  13.9   15.00   0.8    3.30  11.6   0.0   0.0   3.7  43.5   13.00    NW
27   5.8   8.1   14.00   3.7   23.30  12.5   0.0   0.0   1.1  16.1    1.00     E
28   4.2   6.6   15.00   2.2   00.00  14.1   0.0   3.0   0.6  14.5   12.30    SE
29   2.5   5.4   21.30  -0.5    7.30  15.8   0.0   2.0   1.1  24.1   22.00    SW
30   1.8   4.1    0.30   1.1   16.30  16.5   0.0  26.2   1.6  19.3   00.00     W
31   3.4   5.6   16.00   1.2    1.00  14.6   0.0  14.5   6.3  19.3    0.30   WSW
-------------------------------------------------------------------------------------
     5.9  18.1    22    -0.5    29   369.5   0.0 186.9   1.8  43.5    26     WSW

Max >=  32.0:  0
Max <=   0.0:  0
Min <=   0.0:  1
Min <= -18.0:  0
Max Rain: 26.16 ON 30/01/14
Days of Rain: 19 (> .2 mm) 12 (> 2 mm) 4 (> 20 mm)
Heat Base:  18.3  Cool Base:  18.3  Method: Integration