NOAA-Style Climate Reports


Report for 2014 Febbraio
                   MONTHLY CLIMATOLOGICAL SUMMARY for FEB. 2014

NAME: Lodi   CITY: Lodi   STATE: Italy 
ELEV:    78 m  LAT:  45° 17' 57" N  LONG:   9° 31' 14" E

                   TEMPERATURE (°C), RAIN  (mm), WIND SPEED (km/hr)

                                      HEAT  COOL        AVG
    MEAN                              DEG   DEG         WIND                 DOM
DAY TEMP  HIGH   TIME   LOW    TIME   DAYS  DAYS  RAIN  SPEED HIGH   TIME    DIR
------------------------------------------------------------------------------------
 1   5.0   5.9   14.00   4.2    6.00  13.3   0.0   6.1   2.6  20.9    6.00   WSW
 2   5.9   7.7   12.00   4.2    8.00  12.3   0.0   5.1   2.4  19.3   13.30   WSW
 3   7.3   7.9   12.30   6.2    3.00  11.0   0.0  15.7   2.1  20.9   12.30    SE
 4   7.2   8.0   16.30   6.3    7.30  11.1   0.0   0.5   2.4  24.1   11.00    SE
 5   7.3   7.9   16.00   6.6   00.00  10.9   0.0  16.5   2.6  20.9   17.30   ESE
 6   7.7  11.8   15.00   4.8    8.00  10.6   0.0   0.5   2.6  17.7    0.30   WSW
 7   6.8   8.7   15.00   5.7   00.00  11.4   0.0   9.7   2.9  20.9   20.30   ENE
 8   5.8   7.4   21.00   3.8    9.30  12.5   0.0   5.1   1.8  19.3    1.00   WSW
 9   7.5  12.5   16.30   4.7    5.30  10.8   0.0  10.9   6.6  32.2   15.00   WSW
10   5.9   7.1    7.00   4.3   19.00  12.3   0.0  16.0   6.8  43.5   13.00   ENE
11   6.2  10.6   16.00   3.5    7.30  12.0   0.0   1.0   1.9  22.5    0.30   WSW
12   8.1  15.0   15.30   3.3    6.30  10.2   0.0   0.0   5.1  32.2   12.30   WSW
13   6.4   8.1   16.00   3.7    8.30  11.9   0.0   0.8   2.3  24.1   00.00    NE
14   7.7  13.6   14.30   3.2    8.00  10.5   0.0   0.0   5.1  32.2    2.00   WSW
15   6.6   7.8   11.30   5.1    4.30  11.7   0.0   0.3   0.5  14.5   00.00    SW
16   7.3   8.6   16.30   6.4    2.30  11.0   0.0   4.1   1.3  12.9    2.00   WSW
17   9.0  13.3   16.00   7.1    6.00   9.3   0.0   2.0   0.8  16.1    4.30   WSW
18   8.8  11.2   15.30   5.1    8.00   9.5   0.0   0.0   0.3  11.3   10.30   NNE
19   9.2   9.9    0.30   8.8   23.30   9.1   0.0  10.7   2.6  19.3   20.30   WSW
20   9.5  11.2   16.00   8.4    7.30   8.8   0.0   0.3   1.6  19.3   10.30     S
21   9.8  13.8   14.00   6.7    7.30   8.5   0.0   1.5   1.1  14.5   13.00   WSW
22   9.2  14.8   16.30   5.6    8.00   9.1   0.0   0.3   1.9  16.1   13.30    SW
23   8.6  13.4   16.00   5.4    6.30   9.7   0.0   0.0   0.5  11.3    1.00    SE
24   8.4  14.4   16.00   3.5    7.30   9.9   0.0   0.0   2.1  16.1    9.00   WSW
25   8.3  13.2   15.00   2.6    8.00   9.9   0.0   0.0   0.3   8.0   18.00    SW
26   8.4   9.6   15.30   6.9   00.00   9.8   0.0   8.6   2.6  25.7   20.30   WSW
27   7.3  10.2   16.30   5.8    7.00  10.9   0.0   9.4   2.4  14.5    7.00   WSW
28   8.3  10.8   14.30   5.9    7.00   9.7   0.0   4.6   2.6  33.8   23.00     E
-------------------------------------------------------------------------------------
     7.6  15.0    12     2.6    25   297.6   0.0 129.5   2.4  43.5    10     WSW

Max >=  32.0:  0
Max <=   0.0:  0
Min <=   0.0:  0
Min <= -18.0:  0
Max Rain: 16.51 ON 05/02/14
Days of Rain: 22 (> .2 mm) 14 (> 2 mm) 0 (> 20 mm)
Heat Base:  18.3  Cool Base:  18.3  Method: Integration