NOAA-Style Climate Reports


Report for 2014 Marzo
                   MONTHLY CLIMATOLOGICAL SUMMARY for MAR. 2014

NAME: Lodi   CITY: Lodi   STATE: Italy 
ELEV:    78 m  LAT:  45° 17' 57" N  LONG:   9° 31' 14" E

                   TEMPERATURE (°C), RAIN  (mm), WIND SPEED (km/hr)

                                      HEAT  COOL        AVG
    MEAN                              DEG   DEG         WIND                 DOM
DAY TEMP  HIGH   TIME   LOW    TIME   DAYS  DAYS  RAIN  SPEED HIGH   TIME    DIR
------------------------------------------------------------------------------------
 1   7.6   8.6    1.30   6.2   00.00  10.7   0.0  26.9   7.7  40.2    2.30   ESE
 2   8.4  11.4   16.30   6.2    0.30   9.9   0.0   5.1   1.6  16.1   11.30    SW
 3   8.7  12.0   16.30   5.4    7.30   9.6   0.0  10.2   1.4  27.4   19.00   WSW
 4  10.0  13.5   14.30   8.2    8.00   8.3   0.0   0.3   3.5  29.0    1.30     S
 5  11.2  16.3   15.00   7.2    8.00   7.0   0.0   0.0   1.9  16.1   12.00   NNW
 6  11.9  18.1   15.30   6.6    7.30   6.3   0.0   0.0   1.4  14.5   14.00    SW
 7  11.4  17.5   16.30   5.6    7.00   6.8   0.0   0.0   0.5  12.9   14.30    SW
 8  11.3  16.5   16.00   6.4    8.00   6.9   0.0   0.0   2.1  27.4   12.30   ESE
 9  11.2  16.7   15.30   5.7    7.00   7.1   0.0   0.0   0.6  16.1   14.00     E
10  10.5  16.2   16.00   4.9    7.00   7.8   0.0   0.0   1.9  24.1   14.30   ESE
11  10.4  15.0   15.00   5.8    7.30   7.9   0.0   0.0   1.4  20.9   14.30   ESE
12  11.6  18.1   16.30   5.2    7.30   6.7   0.0   0.0   1.9  14.5    8.00    SW
13  12.1  18.8   17.00   6.2    5.30   6.2   0.0   0.0   0.8  11.3   14.30    SW
14  12.8  19.4   16.00   6.8    7.30   5.5   0.1   0.0   0.8  11.3   11.00     S
15  13.5  20.2   16.00   7.8    7.30   4.9   0.2   0.0   5.6  37.0   21.00     W
16  14.4  22.7   16.30   7.2    7.00   4.5   0.6   0.0   1.4  19.3    0.30    SE
17  15.8  25.2   16.00   8.8    7.30   4.0   1.5   0.0   2.1  19.3   14.00   WSW
18  14.3  20.4   15.30  10.5    8.00   4.2   0.2   0.0   3.1  22.5   17.00     W
19  16.7  23.7   16.30  11.6    5.30   2.7   1.2   0.0   5.1  35.4    9.30     W
20  12.6  16.1   15.30  10.4    7.30   5.6   0.0   0.0   1.8  19.3    7.30   ENE
21  14.3  19.6   15.00   9.7    7.00   4.1   0.2   0.0   3.2  20.9   10.00   WSW
22  13.6  16.3   15.30  11.2   00.00   4.7   0.0   5.8   1.9  24.1   16.00   ENE
23  10.7  13.7   14.00   7.1   23.00   7.6   0.0   8.9   4.8  27.4   16.00   ENE
24  10.0  16.6   16.30   5.9    6.30   8.3   0.0   0.3   1.1  35.4   18.30   SSW
25   7.8  12.1   14.30   4.8    7.00  10.4   0.0   3.6   2.7  27.4   10.30   NNE
26   9.3  13.7   16.00   6.2    2.00   8.9   0.0   0.0   2.6  27.4   15.00     N
27  11.2  15.5   15.30   7.9    6.00   7.1   0.0   0.0   1.6  17.7   17.00     N
28  12.6  18.8   16.00   7.2    6.30   5.7   0.0   0.0   1.6  16.1    7.30     W
29  14.1  20.7   14.30   8.1    5.30   4.5   0.3   0.0   0.3  16.1   15.30    SE
30  15.1  21.1   17.30   9.7    6.00   3.5   0.5   0.0   1.0  16.1   14.30    SW
31  15.6  22.3   17.30   9.4    7.30   3.5   0.9   0.0   3.2  24.1   13.00   WSW
-------------------------------------------------------------------------------------
    12.0  25.2    17     4.8    25   201.0   5.7  61.0   2.3  40.2     1     WSW

Max >=  32.0:  0
Max <=   0.0:  0
Min <=   0.0:  0
Min <= -18.0:  0
Max Rain: 26.92 ON 01/03/14
Days of Rain: 8 (> .2 mm) 6 (> 2 mm) 1 (> 20 mm)
Heat Base:  18.3  Cool Base:  18.3  Method: Integration