NOAA-Style Climate Reports


Report for 2014 Aprile
                   MONTHLY CLIMATOLOGICAL SUMMARY for APR. 2014

NAME: Lodi   CITY: Lodi   STATE: Italy 
ELEV:    78 m  LAT:  45° 17' 57" N  LONG:   9° 31' 14" E

                   TEMPERATURE (°C), RAIN  (mm), WIND SPEED (km/hr)

                                      HEAT  COOL        AVG
    MEAN                              DEG   DEG         WIND                 DOM
DAY TEMP  HIGH   TIME   LOW    TIME   DAYS  DAYS  RAIN  SPEED HIGH   TIME    DIR
------------------------------------------------------------------------------------
 1  14.8  20.7   15.30   9.2    7.30   3.8   0.3   0.0   3.7  25.7   17.30    NW
 2  14.8  19.9   17.00   8.8    7.30   3.6   0.2   0.0   3.2  20.9   17.00   WSW
 3  14.4  17.6   16.00  11.4    7.30   3.9   0.0   0.0   0.6  12.9   16.00   ENE
 4  14.4  17.7   15.00  12.1    4.30   3.8   0.0   0.0   2.7  22.5   11.00   ENE
 5  15.5  20.3   14.00  11.4    8.00   3.0   0.2   0.3   3.7  29.0   14.30    SE
 6  17.0  23.2   16.30  12.1    9.00   2.5   1.2   0.0   1.4  17.7   12.30    SW
 7  18.1  25.1   16.30  11.4    7.30   2.2   1.9   0.0   0.5  14.5   13.30    SE
 8  17.3  21.8   15.00  13.1    8.00   1.8   0.8   0.0   3.7  24.1   15.00     W
 9  16.7  22.2   16.30  10.8    8.00   2.6   1.0   0.0   2.9  27.4    0.30    SE
10  16.9  24.3   18.00   9.7    7.30   2.8   1.4   0.0   3.1  24.1   15.30   WSW
11  16.2  21.3   16.00  10.4    7.00   2.7   0.6   0.0   3.1  25.7   10.30   ESE
12  15.7  20.7   15.30  10.7    6.30   3.0   0.5   0.0   1.4  14.5   16.30   ENE
13  16.2  21.1   17.00  13.1    7.30   2.5   0.4   0.0   1.3  14.5    2.00   ENE
14  16.6  23.9   16.00  10.9    6.30   2.8   1.2   0.0   5.3  38.6   19.00   WSW
15  15.1  18.2   19.30  11.7    7.00   3.2   0.0   1.5   2.9  35.4   13.00    SE
16  12.9  18.3   17.30   7.5    5.30   5.4   0.0   0.0   1.8  19.3   18.30   ESE
17  13.6  19.7   18.00   6.0    6.30   4.9   0.2   0.0   1.3  22.5   10.00    NE
18  13.2  17.9   18.00   6.7    7.30   5.1   0.0   0.5   0.2  14.5   00.00   ESE
19  12.1  15.9   13.00   8.0    7.00   6.2   0.0  18.5   3.7  43.5   14.00    NW
20  13.9  20.3   16.00   8.9    6.00   4.5   0.2   6.3   2.6  27.4   19.00   WSW
21  12.8  14.3   19.00  11.7    9.00   5.5   0.0  13.7   1.8  17.7   14.30   ENE
22  16.2  20.9   19.00  12.1    5.30   2.6   0.5   0.0   0.5  16.1   15.00   WSW
23  17.3  23.6   16.30  11.4    7.00   2.4   1.4   0.0   0.3  17.7   20.00   NNE
24  19.0  25.9   17.00  13.4    7.00   1.5   2.3   0.0   1.8  17.7   13.00    SW
25  18.8  24.5   17.30  13.2    7.00   1.3   1.8   0.0   0.8  14.5   19.30    SW
26  19.7  26.1   17.00  13.9    5.30   1.1   2.5   0.0   1.4  19.3   17.00   WNW
27  16.2  19.9   13.00  13.6   00.00   2.2   0.1   0.3   3.1  33.8   14.30     E
28  12.2  13.6    0.30  11.6   10.00   6.1   0.0  28.4   2.4  17.7   11.30   WSW
29  16.3  22.3   17.30  10.9    2.30   2.9   1.0   5.3   1.6  16.1    3.00    SW
30  14.3  17.8    0.30  12.4   16.30   3.9   0.0  20.3   2.4  27.4   11.30   ENE
-------------------------------------------------------------------------------------
    15.6  26.1    26     6.0    17   100.1  19.8  95.3   2.2  43.5    19     ENE

Max >=  32.0:  0
Max <=   0.0:  0
Min <=   0.0:  0
Min <= -18.0:  0
Max Rain: 28.45 ON 28/04/14
Days of Rain: 10 (> .2 mm) 6 (> 2 mm) 2 (> 20 mm)
Heat Base:  18.3  Cool Base:  18.3  Method: Integration