NOAA-Style Climate Reports


Report for 2014 Maggio
                   MONTHLY CLIMATOLOGICAL SUMMARY for MAY. 2014

NAME: Lodi   CITY: Lodi   STATE: Italy 
ELEV:    78 m  LAT:  45° 17' 57" N  LONG:   9° 31' 14" E

                   TEMPERATURE (°C), RAIN  (mm), WIND SPEED (km/hr)

                                      HEAT  COOL        AVG
    MEAN                              DEG   DEG         WIND                 DOM
DAY TEMP  HIGH   TIME   LOW    TIME   DAYS  DAYS  RAIN  SPEED HIGH   TIME    DIR
------------------------------------------------------------------------------------
 1  16.1  22.6   17.00  11.0    6.30   3.1   0.9   0.0   1.9  19.3    3.00   WSW
 2  14.1  16.9   16.30  12.4    9.00   4.1   0.0   5.6   2.4  24.1   13.00   ENE
 3  15.9  21.6   16.30  11.4    6.00   3.0   0.7   0.5   2.6  30.6   21.30    SE
 4  17.0  22.9   17.00  11.2    6.00   2.5   1.2   0.0   0.8  12.9   15.00   SSW
 5  17.2  22.8   17.30  11.2    6.30   2.2   1.2   0.0   1.8  19.3   11.30   ESE
 6  17.3  22.3   16.30  11.8    6.30   2.0   1.1   0.0   1.0  12.9   15.30   ENE
 7  17.2  20.4   18.00  14.9    4.00   1.4   0.3   0.0   1.3  16.1   19.30     N
 8  17.7  23.3   17.00  11.4    6.30   2.0   1.5   0.0   0.6  16.1    0.30    SE
 9  20.0  25.8   17.00  13.4    6.00   1.2   2.9   0.0   0.5  14.5   14.00   SSW
10  20.9  27.1   16.30  15.0    6.30   0.5   3.2   0.0   1.6  29.0   20.00     W
11  19.7  25.3   16.30  14.9    7.00   0.6   2.0   0.0   3.2  40.2   17.30    NW
12  17.5  22.9   16.30  11.1    6.30   2.1   1.4   0.0   1.9  20.9    1.30   ESE
13  15.6  22.0   16.00  11.7    6.30   3.0   0.3   1.5   2.7  40.2   17.00    SE
14  16.8  24.2   15.00   9.1    5.30   3.2   1.7   0.0   9.0  48.3   17.00   NNW
15  17.9  23.4   16.00   9.8    6.30   2.0   1.6   0.0   2.6  20.9   19.30    NW
16  18.2  24.5   17.30  10.8    6.00   2.1   2.0   0.0   3.9  25.7   00.00   WSW
17  19.0  24.8   17.30  12.4    5.30   1.4   2.1   0.0   1.8  29.0    0.30     W
18  19.4  25.3   16.30  12.9    6.30   1.3   2.4   0.0   1.9  22.5   16.00     W
19  18.2  23.1   15.30  13.3    6.00   1.2   1.1   0.0   1.8  19.3   11.30    SE
20  19.8  24.4   18.30  15.8    5.00   0.7   2.3   0.0   2.7  19.3   15.00     W
21  21.9  27.0   15.00  16.2    6.30   0.3   4.0   0.0   1.3  16.1   19.30   WSW
22  20.9  26.6   16.00  17.4    6.30   0.0   2.7   2.0   1.9  24.1   17.00    SE
23  21.3  27.4   18.30  17.1   00.00   0.2   3.2   0.0   2.3  25.7   20.00     W
24  20.2  25.8   18.00  13.9    5.30   1.0   3.0   0.0   2.7  22.5   14.30   WSW
25  21.1  26.8   16.00  14.2    6.30   0.6   3.5   0.0   1.3  20.9   14.00    SE
26  20.2  23.7   15.30  18.1   00.00   0.0   1.9   0.0   1.9  24.1   17.00   WSW
27  19.4  23.9   16.30  15.5    6.00   0.7   1.9   0.0   3.7  32.2   14.30   WSW
28  19.3  25.6   16.00  13.6    5.00   1.1   2.1   0.0   2.3  37.0   19.00    SW
29  19.5  25.6   18.00  14.2    6.30   1.1   2.3   0.0   1.1  19.3   23.30    SW
30  21.6  27.5   17.00  16.8    7.00   0.2   3.5   0.0   1.1  25.7   00.00     N
31  18.6  22.6   17.30  15.1    4.00   0.9   1.3  16.8   3.7  33.8    3.30   ESE
-------------------------------------------------------------------------------------
    18.7  27.5    30     9.1    14    46.0  59.2  26.4   2.2  48.3    14     WSW

Max >=  32.0:  0
Max <=   0.0:  0
Min <=   0.0:  0
Min <= -18.0:  0
Max Rain: 16.76 ON 31/05/14
Days of Rain: 5 (> .2 mm) 3 (> 2 mm) 0 (> 20 mm)
Heat Base:  18.3  Cool Base:  18.3  Method: Integration