NOAA-Style Climate Reports


Report for 2014 Giugno
                   MONTHLY CLIMATOLOGICAL SUMMARY for JUN. 2014

NAME: Lodi   CITY: Lodi   STATE: Italy 
ELEV:    78 m  LAT:  45° 17' 57" N  LONG:   9° 31' 14" E

                   TEMPERATURE (°C), RAIN  (mm), WIND SPEED (km/hr)

                                      HEAT  COOL        AVG
    MEAN                              DEG   DEG         WIND                 DOM
DAY TEMP  HIGH   TIME   LOW    TIME   DAYS  DAYS  RAIN  SPEED HIGH   TIME    DIR
------------------------------------------------------------------------------------
 1  20.1  25.8   17.00  14.0    6.00   0.9   2.8   0.0   0.8  17.7    0.30   ENE
 2  19.9  24.8   15.30  16.3    4.00   0.5   2.2   0.0   1.0  19.3   17.30     N
 3  19.7  25.4   16.00  15.2    6.00   0.8   2.3   1.0   0.5  16.1   18.00   ENE
 4  19.9  24.2   17.00  16.2   00.00   0.4   2.0   4.6   0.6  25.7   23.30   NNW
 5  20.5  25.6   19.00  15.6    5.30   0.8   3.0   0.3   1.0  12.9   14.00     N
 6  23.0  28.5   17.30  17.4    6.30   0.0   4.8   0.0   0.5  14.5    2.30    NW
 7  25.1  30.9   18.00  18.8    6.30   0.0   6.8   0.0   0.5  14.5   17.00     W
 8  27.0  33.7   18.00  19.8    6.00   0.0   8.7   0.0   0.5  14.5   12.30    SW
 9  27.8  33.4   17.00  21.5    6.00   0.0   9.5   0.0   0.5  14.5   14.30   ENE
10  28.3  33.8   17.00  22.5    7.00   0.0  10.0   0.0   0.5  14.5   12.00   ENE
11  28.6  35.1   18.00  21.9    6.00   0.0  10.3   0.0   1.0  14.5   13.30     W
12  28.8  35.4   17.00  22.7    5.00   0.0  10.5   0.0   1.0  16.1   12.00    SW
13  26.7  32.9   17.30  20.2   23.30   0.0   8.5   5.1   3.9  40.2    1.00     W
14  23.2  30.2   17.00  17.4   23.00   0.0   5.0  30.0   2.6  37.0   17.30   ENE
15  20.3  25.2   16.00  16.8    4.00   0.2   2.3  10.4   3.1  22.5   12.00   NNW
16  21.3  25.1   15.30  17.8    6.00   0.0   3.0   0.0   1.8  20.9   16.00    SE
17  19.9  23.6   16.30  16.8    2.00   0.4   2.0   1.8   1.8  17.7   15.00     N
18  20.9  26.1   17.00  17.7    5.30   0.1   2.7   0.0   1.6  22.5   20.30   WSW
19  22.3  28.1   16.30  16.8    5.30   0.3   4.3   0.0   1.8  20.9   14.00     W
20  24.2  30.6   16.30  18.7    7.00   0.0   5.9   0.0   4.2  25.7    9.30     W
21  23.2  27.9   18.00  17.9    6.00   0.0   4.9   0.0   1.0  17.7   11.00   ENE
22  24.7  30.2   16.30  19.3    5.30   0.0   6.4   0.0   1.3  22.5   20.30   WSW
23  25.5  29.8   16.00  21.4    7.00   0.0   7.2   0.0   1.8  35.4   00.00    NW
24  23.2  29.3   17.00  18.8    3.30   0.0   4.9  16.3   1.0  35.4   22.00     N
25  20.3  23.8   17.30  16.9   11.30   0.1   2.2  10.2   1.1  25.7   10.00   ENE
26  20.1  25.5   14.30  17.7   00.00   0.0   1.9  18.8   1.4  24.1   15.30   ENE
27  22.0  27.7   18.00  16.4    6.30   0.4   4.2   0.3   0.3  14.5   16.30   ENE
28  22.6  27.9   16.00  19.3   19.30   0.0   4.3   0.0   0.8  48.3   19.30   ENE
29  20.7  24.1   14.30  17.2   00.00   0.1   2.5   1.3   1.6  27.4   18.00   ENE
30  21.9  28.9   16.30  14.6    6.00   0.8   4.4   0.0   1.9  27.4   16.30    SW
-------------------------------------------------------------------------------------
    23.1  35.4    12    14.0     1     6.0 149.4  99.8   1.4  48.3    28     ENE

Max >=  32.0:  6
Max <=   0.0:  0
Min <=   0.0:  0
Min <= -18.0:  0
Max Rain: 29.97 ON 14/06/14
Days of Rain: 12 (> .2 mm) 7 (> 2 mm) 1 (> 20 mm)
Heat Base:  18.3  Cool Base:  18.3  Method: Integration