NOAA-Style Climate Reports


Report for 2014 Luglio
                   MONTHLY CLIMATOLOGICAL SUMMARY for JUL. 2014

NAME: Lodi   CITY: Lodi   STATE: Italy 
ELEV:    78 m  LAT:  45° 17' 57" N  LONG:   9° 31' 14" E

                   TEMPERATURE (°C), RAIN  (mm), WIND SPEED (km/hr)

                                      HEAT  COOL        AVG
    MEAN                              DEG   DEG         WIND                 DOM
DAY TEMP  HIGH   TIME   LOW    TIME   DAYS  DAYS  RAIN  SPEED HIGH   TIME    DIR
------------------------------------------------------------------------------------
 1  21.8  26.6   16.00  17.8    4.00   0.0   3.6   0.0   2.1  22.5   10.30   ESE
 2  21.7  25.7   18.00  18.3    6.30   0.0   3.5   0.0   1.1  19.3    3.30   NNW
 3  23.1  28.3   18.30  17.1    6.00   0.1   4.9   0.0   1.1  20.9   11.30   ENE
 4  20.2  24.8   14.00  17.8   00.00   0.0   2.0   6.6   1.0  25.7   17.30   ENE
 5  21.9  28.0   18.00  16.2    4.00   0.5   4.2   0.0   2.6  22.5   16.30   WSW
 6  25.1  30.2   18.00  19.3    6.30   0.0   6.8   0.0   0.6  17.7   00.00    NW
 7  23.9  29.4   15.30  18.8   19.00   0.0   5.7  20.3   1.3  51.5   18.30     N
 8  20.2  23.3   12.30  17.6   00.00   0.0   1.9  18.5   2.7  30.6   20.00    SW
 9  19.7  27.8   15.30  16.1    4.30   0.7   2.1   0.5   1.8  35.4   16.30     W
10  20.2  26.2   17.00  14.7    5.30   0.9   2.8   0.0   0.6  16.1   10.30     E
11  22.2  27.8   17.30  15.9    6.30   0.4   4.3   0.0   0.5  12.9   14.30   ENE
12  21.2  27.4   14.00  17.9   22.30   0.0   2.9   0.8   1.4  33.8   17.00   WSW
13  21.0  26.7   18.00  16.7    5.30   0.3   3.1   0.3   0.6  20.9   18.00   ENE
14  22.7  27.1   19.00  18.4    6.30   0.0   4.4   0.0   0.6  14.5   11.00    SE
15  24.5  30.1   17.30  18.4    6.00   0.0   6.2   0.0   0.5  14.5   15.00   ESE
16  26.4  31.8   18.00  20.3    5.30   0.0   8.2   0.0   0.5  16.1   17.00    SE
17  26.8  32.6   18.00  20.5    6.00   0.0   8.6   0.0   1.1  14.5   15.30     W
18  26.6  32.0   16.30  20.0    6.00   0.0   8.3   0.0   1.1  27.4    2.30   ENE
19  27.9  33.6   17.00  22.0    6.30   0.0   9.6   0.0   0.8  12.9   17.00   ENE
20  25.9  28.9   14.30  23.2    7.00   0.0   7.6   0.3   0.5  16.1   17.30   ENE
21  20.9  24.1    0.30  19.1   00.00   0.0   2.7   0.8   1.1  20.9    9.00    SW
22  22.8  27.7   16.30  18.1    7.00   0.0   4.6   0.8   0.8  19.3   13.30    SW
23  24.4  30.1   16.00  20.7    4.00   0.0   6.1   0.5   1.9  32.2   20.00   ESE
24  20.4  23.1   18.30  19.4    6.30   0.0   2.1   7.4   0.6  20.9    0.30    SW
25  23.2  28.5   16.30  18.2    6.00   0.0   5.0   0.0   0.5  19.3   00.00    NE
26  19.6  22.4    0.30  17.9   12.30   0.0   1.3  30.5   1.8  29.0    5.00     N
27  22.7  28.1   17.00  17.8    5.30   0.1   4.5   0.3   0.3  12.9   11.30    SE
28  23.5  29.6   15.00  19.4    6.30   0.0   5.2   0.0   0.6  24.1   21.00   ENE
29  20.8  25.1   15.30  17.2   23.00   0.1   2.7   7.1   2.3  29.0   13.30   ESE
30  19.5  22.9   18.00  17.1    3.30   0.4   1.6   0.3   1.1  16.1    8.00   WSW
31  23.8  29.4   16.30  18.6    6.00   0.0   5.5   0.0   0.3  14.5   11.00    SW
-------------------------------------------------------------------------------------
    22.7  33.6    19    14.7    10     3.6 141.8  94.7   1.1  51.5     7     ENE

Max >=  32.0:  3
Max <=   0.0:  0
Min <=   0.0:  0
Min <= -18.0:  0
Max Rain: 30.48 ON 26/07/14
Days of Rain: 15 (> .2 mm) 6 (> 2 mm) 2 (> 20 mm)
Heat Base:  18.3  Cool Base:  18.3  Method: Integration