NOAA-Style Climate Reports


Report for 2014 Agosto
                   MONTHLY CLIMATOLOGICAL SUMMARY for AUG. 2014

NAME: Lodi   CITY: Lodi   STATE: Italy 
ELEV:    78 m  LAT:  45° 17' 57" N  LONG:   9° 31' 14" E

                   TEMPERATURE (°C), RAIN  (mm), WIND SPEED (km/hr)

                                      HEAT  COOL        AVG
    MEAN                              DEG   DEG         WIND                 DOM
DAY TEMP  HIGH   TIME   LOW    TIME   DAYS  DAYS  RAIN  SPEED HIGH   TIME    DIR
------------------------------------------------------------------------------------
 1  25.3  29.8   17.30  20.7    5.30   0.0   7.0   0.0   0.3  14.5   00.00   ENE
 2  24.4  28.6   18.30  21.3    6.30   0.0   6.2   0.0   1.1  22.5   12.30     N
 3  22.4  26.5   18.30  19.2    7.00   0.0   4.2   1.0   1.9  19.3   13.00    NW
 4  23.9  29.7   18.30  18.5    7.00   0.0   5.6   5.8   1.1  33.8   22.00     W
 5  24.2  29.1   17.00  20.3    6.00   0.0   5.9   0.5   1.1  14.5   11.00    SE
 6  24.7  30.1   17.00  19.3    5.30   0.0   6.4   0.0   0.6  14.5   15.00     S
 7  25.1  30.6   16.30  19.8    7.00   0.0   6.8   0.0   1.0  16.1   11.30   ENE
 8  25.3  30.5   17.00  20.4    6.30   0.0   7.0   0.8   0.6  16.1   22.30   ENE
 9  24.4  28.9   17.00  21.1    5.00   0.0   6.2   0.3   1.1  17.7    1.00     N
10  25.9  29.8   15.30  21.6    7.30   0.0   7.6   0.0   0.5  12.9   14.30     N
11  26.3  31.1   17.00  21.7    7.30   0.0   8.0   0.0   0.6  17.7   12.30   NNW
12  25.7  31.3   17.00  21.4   23.00   0.0   7.4   0.0   1.0  32.2   21.30     N
13  21.6  23.3   20.00  20.1    6.30   0.0   3.3   9.1   1.0  24.1   10.00     N
14  22.7  28.2   17.00  18.5    8.30   0.0   4.4   0.0   1.6  20.9   12.00   WSW
15  20.8  25.4   17.30  16.5    7.00   0.3   2.8   0.0   1.6  24.1   12.30    NE
16  20.3  24.5   16.00  15.6    8.00   0.3   2.3   3.8   1.8  25.7    8.00   ESE
17  20.8  26.8   17.00  14.7    7.00   0.8   3.3   0.0   0.3  12.9   23.00   ENE
18  22.1  27.1   17.00  17.3    7.00   0.1   3.9   0.0   1.0  16.1   18.00     N
19  19.0  21.2    0.30  17.7    8.00   0.1   0.8  19.3   1.1  17.7   15.00   ENE
20  20.6  24.4   16.00  18.3    0.30   0.0   2.3   3.8   0.8  25.7   23.30   ENE
21  20.8  26.0   17.30  16.4    6.30   0.5   3.0   0.0   0.6  14.5   14.30   ESE
22  21.8  26.0   17.00  17.6    8.30   0.0   3.6   0.0   0.8  16.1   12.00   ENE
23  19.9  23.6   18.30  16.5   11.00   0.2   1.8  39.4   1.4  17.7    9.00     N
24  20.8  26.7   17.30  15.8    7.30   0.5   3.0   0.0   0.6  14.5   13.30    SE
25  20.5  23.8   17.00  17.9    7.00   0.0   2.3   0.0   1.8  27.4   10.00   ENE
26  20.0  22.2   16.30  18.3    7.30   0.0   1.7   0.5   0.3  11.3   19.00     N
27  23.2  28.7   18.30  19.1    6.30   0.0   4.9   0.0   1.4  20.9   12.30   WSW
28  21.6  25.6   17.30  17.9    9.00   0.0   3.3  27.4   1.1  29.0    8.00   ESE
29  22.6  28.2   17.00  17.2    7.00   0.1   4.4   0.0   0.2  11.3   12.30    SE
30  23.9  28.8   17.30  20.1    5.00   0.0   5.7   0.0   0.3  11.3   12.00   ENE
31  23.1  28.1   16.30  18.4   23.30   0.0   4.7  17.3   1.0  30.6   23.30   ENE
-------------------------------------------------------------------------------------
    22.7  31.3    12    14.7    17     2.9 139.9 129.0   1.0  33.8     4     ENE

Max >=  32.0:  0
Max <=   0.0:  0
Min <=   0.0:  0
Min <= -18.0:  0
Max Rain: 39.37 ON 23/08/14
Days of Rain: 13 (> .2 mm) 8 (> 2 mm) 2 (> 20 mm)
Heat Base:  18.3  Cool Base:  18.3  Method: Integration