NOAA-Style Climate Reports


Report for 2014 Settembre
                   MONTHLY CLIMATOLOGICAL SUMMARY for SEP. 2014

NAME: Lodi   CITY: Lodi   STATE: Italy 
ELEV:    78 m  LAT:  45° 17' 57" N  LONG:   9° 31' 14" E

                   TEMPERATURE (°C), RAIN  (mm), WIND SPEED (km/hr)

                                      HEAT  COOL        AVG
    MEAN                              DEG   DEG         WIND                 DOM
DAY TEMP  HIGH   TIME   LOW    TIME   DAYS  DAYS  RAIN  SPEED HIGH   TIME    DIR
------------------------------------------------------------------------------------
 1  20.5  26.6   17.30  16.3    6.30   0.5   2.7   0.0   0.6  24.1    0.30    SE
 2  20.3  27.2   16.30  14.6    7.30   0.8   2.9   0.0   0.5  19.3   18.30   WSW
 3  18.3  21.3   18.30  15.3    6.00   0.9   0.9   0.8   1.3  17.7   22.00    SW
 4  20.9  23.9   16.00  18.3    1.00   0.0   2.6   0.0   0.2  11.3   13.30   WSW
 5  21.7  25.6   14.30  18.6    6.00   0.0   3.4   0.0   0.0  11.3   18.30   NNW
 6  22.7  28.6   17.00  17.2    7.30   0.1   4.5   0.0   1.3  14.5    4.00   WSW
 7  22.8  28.3   17.30  18.4    7.00   0.0   4.5   0.0   0.3  14.5   10.30     E
 8  23.7  29.4   17.30  18.8    7.00   0.0   5.4   0.0   0.2  12.9   16.30    NE
 9  23.3  29.1   15.00  20.1    6.30   0.0   5.1  11.9   0.5  30.6   19.00    NE
10  21.4  25.5   15.30  18.7    8.30   0.0   3.2   0.0   1.1  19.3   23.00   ESE
11  20.2  26.2   17.00  16.2    7.00   0.3   2.3   0.0   1.0  22.5   21.00   ENE
12  19.2  24.2   15.30  15.0    7.00   0.9   1.8   0.0   1.1  22.5   21.30   ESE
13  19.3  25.7   16.30  14.2    7.00   1.2   2.3   0.0   0.2  12.9   14.00   ENE
14  20.2  25.9   16.30  14.8    7.30   0.7   2.6   0.0   0.2  14.5   12.00   ENE
15  20.2  25.9   16.30  15.3    7.00   0.7   2.6   0.0   0.2  12.9   11.00   ENE
16  20.7  25.5   17.00  17.2    7.30   0.1   2.5   0.0   0.2  14.5   14.00   ENE
17  20.4  24.7   14.00  16.3    7.30   0.3   2.5   0.0   1.3  24.1   10.30   ENE
18  19.2  22.2   17.00  16.4    7.00   0.5   1.4   0.0   0.6  17.7   14.30   ENE
19  19.2  22.0   15.00  17.6    7.30   0.1   1.0   0.5   0.6  16.1   13.30   WSW
20  19.7  23.9   17.30  17.8    4.30   0.1   1.5   1.3   1.4  12.9    4.30    SW
21  21.2  26.6   17.00  16.4    6.00   0.4   3.3   0.0   1.0  12.9   16.00   SSW
22  22.2  29.2   16.00  16.7    6.00   0.2   4.2   0.0   4.3  41.8   22.30   WSW
23  17.9  23.4   17.00  13.1    7.00   1.6   1.3   0.0   1.6  37.0    0.30   ENE
24  16.1  21.2   16.30  11.2    7.00   2.7   0.5   0.0   0.3  14.5   14.30   ENE
25  17.9  23.6   16.00  13.3    8.00   1.7   1.4   0.0   0.8  16.1   12.30    SW
26  17.7  23.1   17.00  13.0    7.30   1.9   1.2   0.0   0.5  14.5   15.00    SE
27  18.4  25.3   15.30  12.8    8.00   1.8   1.9   0.0   0.5  16.1   17.00     E
28  19.1  24.6   16.30  14.4    7.30   1.1   2.0   0.0   0.6  14.5   14.00   ENE
29  18.9  25.5   17.00  13.8    7.30   1.4   2.1   0.0   0.3  11.3   13.30    SW
30  19.7  25.2   16.00  14.8    8.00   0.9   2.3   0.0   1.1  16.1   13.30     W
-------------------------------------------------------------------------------------
    20.1  29.4     8    11.2    24    20.9  75.9  14.5   0.8  41.8    22     ENE

Max >=  32.0:  0
Max <=   0.0:  0
Min <=   0.0:  0
Min <= -18.0:  0
Max Rain: 11.94 ON 09/09/14
Days of Rain: 4 (> .2 mm) 1 (> 2 mm) 0 (> 20 mm)
Heat Base:  18.3  Cool Base:  18.3  Method: Integration