NOAA-Style Climate Reports


Report for 2014 Ottobre
                   MONTHLY CLIMATOLOGICAL SUMMARY for OCT. 2014

NAME: Lodi   CITY: Lodi   STATE: Italy 
ELEV:    78 m  LAT:  45° 17' 57" N  LONG:   9° 31' 14" E

                   TEMPERATURE (°C), RAIN  (mm), WIND SPEED (km/hr)

                                      HEAT  COOL        AVG
    MEAN                              DEG   DEG         WIND                 DOM
DAY TEMP  HIGH   TIME   LOW    TIME   DAYS  DAYS  RAIN  SPEED HIGH   TIME    DIR
------------------------------------------------------------------------------------
 1  19.2  22.6   15.30  17.0   00.00   0.2   1.1   2.0   1.0  12.9    1.30   ESE
 2  18.9  24.4   17.00  15.3    4.00   1.1   1.7   0.0   0.3  12.9   14.30   ESE
 3  18.8  24.2   15.30  14.4    8.00   1.1   1.7   0.0   0.8  14.5   13.30     E
 4  18.2  22.9   16.30  15.0   00.00   1.1   1.1   0.0   1.1  14.5   11.00    SE
 5  16.9  22.6   16.00  12.4    8.00   2.3   1.0   0.0   0.8  12.9   17.00    NE
 6  17.1  22.1   16.00  13.9    5.00   1.9   0.7   0.0   1.0  17.7   11.00     E
 7  14.9  16.5   15.30  13.0    7.00   3.4   0.0   1.5   0.3  11.3   15.30     N
 8  16.4  17.6   18.30  15.3    0.30   1.8   0.0   2.5   0.0   9.7   12.00   ESE
 9  17.7  19.3   18.00  16.7    7.00   0.7   0.1   0.3   0.5   9.7    6.30   WSW
10  18.7  20.4   18.00  17.6    2.00   0.2   0.6   0.0   0.0   8.0   19.00    SE
11  19.8  23.1   17.00  18.1   23.30   0.0   1.5   9.9   1.0  19.3   10.00     E
12  19.3  22.2   16.00  17.4    6.30   0.1   1.1   0.3   0.3  12.9   14.00   ENE
13  17.9  19.3    5.00  15.6   00.00   0.7   0.3  37.8   3.1  33.8    3.00   ESE
14  15.8  17.7   16.00  14.8    8.00   2.4   0.0   0.3   0.0   4.8   14.00   ENE
15  17.7  21.2   16.00  15.7    6.00   1.1   0.5   0.0   0.3  11.3   14.00    SW
16  19.2  22.6   14.30  16.8    8.00   0.4   1.3   0.0   0.5  12.9   14.30   SSW
17  20.3  24.9   16.30  17.9    6.00   0.1   2.1   0.0   1.6  19.3   13.00    SW
18  19.2  23.1   15.30  16.4    7.00   0.5   1.4   0.0   0.2   8.0   16.00    SE
19  18.6  22.1   16.00  16.8    8.30   0.4   0.7   0.0   0.5  12.9   16.00    SW
20  17.9  22.3   16.30  14.6    8.30   1.3   1.0   0.3   0.2   8.0    9.30    NW
21  20.1  23.6   15.30  17.2    8.30   0.1   1.9   0.0   0.8  11.3   11.30    SW
22  16.1  19.7    2.30  12.3   00.00   2.3   0.1   0.5  17.2  56.3   15.30    NW
23  15.2  23.0   15.00   7.2    8.00   4.1   1.0   0.0   9.7  38.6   13.30   WSW
24  14.2  21.3   16.30   9.0    8.00   4.6   0.4   0.0   1.4  16.1    8.30   WSW
25  13.7  17.7   15.00  10.7    1.00   4.6   0.0   0.0   1.1  17.7   12.30   ENE
26  12.7  17.3   15.00  10.0    7.00   5.8   0.0   0.0   0.5  12.9   10.00    SE
27  10.8  13.3   13.30   8.2    5.00   7.5   0.0   0.0   0.3  14.5   12.30   ENE
28  10.2  15.7   15.30   5.7    7.00   8.1   0.0   0.0   0.2  11.3   13.30     E
29   9.7  15.3   15.30   4.8    7.30   8.5   0.0   0.0   0.0   9.7   12.00     S
30   9.8  15.7   15.00   5.7    7.30   8.4   0.0   0.0   0.5  14.5    8.00   WSW
31  10.5  16.4   16.00   6.2    7.00   7.6   0.0   0.0   0.5  11.3    8.00   WSW
-------------------------------------------------------------------------------------
    16.3  24.9    17     4.8    29    82.5  21.4  55.4   1.5  56.3    22     WSW

Max >=  32.0:  0
Max <=   0.0:  0
Min <=   0.0:  0
Min <= -18.0:  0
Max Rain: 37.85 ON 13/10/14
Days of Rain: 10 (> .2 mm) 4 (> 2 mm) 1 (> 20 mm)
Heat Base:  18.3  Cool Base:  18.3  Method: Integration