NOAA-Style Climate Reports


Report for 2014 Novembre
                   MONTHLY CLIMATOLOGICAL SUMMARY for NOV. 2014

NAME: Lodi   CITY: Lodi   STATE: Italy 
ELEV:    78 m  LAT:  45° 17' 57" N  LONG:   9° 31' 14" E

                   TEMPERATURE (°C), RAIN  (mm), WIND SPEED (km/hr)

                                      HEAT  COOL        AVG
    MEAN                              DEG   DEG         WIND                 DOM
DAY TEMP  HIGH   TIME   LOW    TIME   DAYS  DAYS  RAIN  SPEED HIGH   TIME    DIR
------------------------------------------------------------------------------------
 1  11.1  17.7   15.00   6.6    8.30   7.2   0.0   0.0   1.1  14.5   13.30   WSW
 2  11.9  18.7   15.30   7.2    8.30   6.3   0.0   0.0   0.8  14.5    8.30   WSW
 3  11.9  14.7   15.30   9.4    3.00   6.4   0.0   1.0   1.1  16.1   12.00   ENE
 4  14.3  17.9   12.30  11.9    3.30   3.9   0.0  19.8   7.2  40.2   14.00     E
 5  15.2  16.2   12.30  13.9    1.00   3.1   0.0   9.1   5.3  35.4    4.00   ESE
 6  13.4  14.7    0.30  10.6   00.00   4.9   0.0   2.8   1.6  16.1   11.00    SE
 7  11.9  14.2   13.30   9.7    2.30   6.4   0.0   1.0   1.4  16.1    1.00   WSW
 8  13.7  17.3   14.30  10.8    8.00   4.6   0.0   0.0   1.4  16.1    7.00   WSW
 9  14.4  16.2   14.30  13.1    8.00   3.9   0.0   5.1   1.8  16.1   00.00   ESE
10  13.2  14.5   21.30  11.1   10.30   5.0   0.0  40.6   1.8  25.7   18.30   ESE
11  14.1  15.4   22.30  12.6    6.30   4.2   0.0  12.7   1.6  27.4   00.00   ENE
12  14.4  15.5   12.00  13.1   00.00   3.8   0.0  74.9   3.7  35.4    3.30   ESE
13  13.3  16.8   15.00  11.6    8.00   4.9   0.0   9.1   1.6  16.1   12.00     W
14  13.2  15.8   15.00  11.1    7.30   5.0   0.0   0.0   0.3  11.3    9.00   WSW
15  13.3  14.1   20.30  12.3   00.00   5.0   0.0  55.1   6.9  41.8   18.30     E
16  12.3  16.3   15.00   9.0   00.00   6.0   0.0   0.0   0.5  11.3   23.00   WSW
17   9.1  10.4   17.30   6.9    6.30   9.1   0.0  17.8   3.4  24.1   18.30     E
18  10.1  13.7   15.00   7.8   00.00   8.2   0.0   0.3   1.1  22.5    4.30   WSW
19   9.5  12.6   15.00   7.1   23.00   8.8   0.0   0.0   1.9  24.1   12.00   WSW
20   7.7  12.4   15.30   3.9    3.30  10.6   0.0   0.3   0.3  11.3    8.30   WSW
21   7.9  10.6   15.30   4.2    6.00  10.4   0.0   0.0   0.0   8.0   15.00   WSW
22   8.9  11.7   15.30   7.0    6.30   9.4   0.0   0.0   0.0   6.4    9.00     N
23   9.6  11.9   16.00   7.8    0.30   8.7   0.0   0.0   0.3  11.3   13.00   WNW
24  10.7  13.9   14.00   8.3    5.00   7.6   0.0   0.0   0.5  14.5   14.00     W
25  10.9  13.2   15.00   9.6    3.30   7.3   0.0   3.6   1.0  16.1   22.30     S
26   8.0   9.8    0.30   7.6    9.30  10.2   0.0   5.6   1.9  19.3    2.00   ENE
27   7.6   7.9   21.30   7.1   11.00  10.7   0.0   6.1   0.5  12.9   13.00    NE
28   8.8  10.0   00.00   7.8    0.30   9.5   0.0   8.1   0.3   9.7    8.00    NE
29  10.7  12.6   16.00   9.2    4.00   7.5   0.0   0.8   1.4  12.9    4.00    SW
30  12.4  13.2   15.00  11.8    0.30   5.7   0.0   7.4   0.8  14.5   20.30    NE
-------------------------------------------------------------------------------------
    11.4  18.7     2     3.9    20   204.6   0.0 281.2   1.7  41.8    15     WSW

Max >=  32.0:  0
Max <=   0.0:  0
Min <=   0.0:  0
Min <= -18.0:  0
Max Rain: 74.93 ON 12/11/14
Days of Rain: 20 (> .2 mm) 15 (> 2 mm) 3 (> 20 mm)
Heat Base:  18.3  Cool Base:  18.3  Method: Integration