NOAA-Style Climate Reports


Report for 2014 Dicembre
                   MONTHLY CLIMATOLOGICAL SUMMARY for DEC. 2014

NAME: Lodi   CITY: Lodi   STATE: Italy 
ELEV:    78 m  LAT:  45° 17' 57" N  LONG:   9° 31' 14" E

                   TEMPERATURE (°C), RAIN  (mm), WIND SPEED (km/hr)

                                      HEAT  COOL        AVG
    MEAN                              DEG   DEG         WIND                 DOM
DAY TEMP  HIGH   TIME   LOW    TIME   DAYS  DAYS  RAIN  SPEED HIGH   TIME    DIR
------------------------------------------------------------------------------------
 1  13.4  15.6   12.00  11.9   23.30   4.9   0.0  12.4   3.1  22.5   20.00   ESE
 2  11.3  12.3   13.30  10.6   00.00   6.9   0.0   1.8   0.8  11.3   14.00     E
 3  10.3  11.4   15.30   9.6    7.00   7.9   0.0   0.0   0.6  16.1   23.30     E
 4   9.9  11.6   12.30   8.8    6.30   8.4   0.0   2.5   1.0  14.5   16.30   ENE
 5  10.2  11.5   16.00   9.5    1.30   8.0   0.0   3.6   0.3   8.0   12.00   NNW
 6  10.6  12.5   15.00   9.7    3.30   7.7   0.0   0.5   0.2   8.0   15.30    NE
 7   9.3  10.8   15.30   7.8   00.00   8.9   0.0   1.5   1.8  14.5    5.00   NNE
 8   6.6   7.8    0.30   5.6   10.00  11.7   0.0   0.0   1.3  14.5    0.30   WSW
 9   7.7  11.1   14.30   5.2   23.30  10.5   0.0  15.2   2.3  32.2    5.00     N
10   5.1   8.4   13.30   1.8    8.00  13.1   0.0   0.0   0.8  22.5   10.30   WSW
11   4.8   8.4   14.30   1.8    8.30  13.5   0.0   0.0   0.6  12.9   19.00   WSW
12   4.6   7.8   14.00  -0.2    8.00  13.7   0.0   0.0   0.2  11.3   20.30   WSW
13   6.0   6.5   11.30   5.5    0.30  12.2   0.0   0.5   0.0  12.9    0.30   SSW
14   7.2   8.5   14.30   6.2    3.30  11.1   0.0   0.0   0.5   9.7   11.30    SW
15   7.8   9.3   16.00   6.7    3.30  10.5   0.0   2.3   0.2   8.0    2.30    SW
16   8.6   9.7   17.00   8.0    5.30   9.7   0.0  12.7   1.3  12.9   19.30    NW
17   6.4   8.2    0.30   3.7    8.00  11.8   0.0   0.3   1.6  14.5    3.00   WSW
18   5.9   8.9   15.30   2.8    8.30  12.3   0.0   0.0   0.8  19.3    0.30   WSW
19   5.2  10.4   15.00   1.8    5.00  13.1   0.0   0.3   0.5   8.0   12.00   SSW
20   4.7   6.0   20.00   3.4    7.30  13.6   0.0   0.3   1.0  19.3   00.00   WSW
21   3.6   4.7   15.00   2.8    8.00  14.7   0.0   0.0   0.8  17.7    1.00   WSW
22   2.3   3.2   16.00   1.3    9.00  15.9   0.0   0.0   0.6  12.9    7.30   WSW
23   2.2   3.1   15.00   1.5    6.30  16.1   0.0   0.0   0.6  11.3    5.00   WSW
24   3.7   5.9   00.00   2.1    0.30  14.6   0.0   0.3   0.3  11.3   16.30    SW
25   6.4  21.6    0.30   4.0   20.30  11.6   0.0   0.0   1.0  12.9    6.30   WSW
26   4.6  10.6   15.00   0.6    9.00  13.7   0.0   0.0   1.3  17.7   17.00   WSW
27   0.3   2.5    0.30  -1.5    3.30  18.0   0.0   0.0   0.2  14.5   23.00    SW
28   0.4   2.4   15.30  -1.4    8.30  17.8   0.0   4.6   1.8  25.7   13.00   WSW
29   1.1   5.4   23.00  -2.7    7.00  17.2   0.0   1.8   3.4  22.5   16.30   WSW
30   0.3   3.5   15.30  -2.6    7.00  17.9   0.0   0.5   0.8  12.9    1.00   ENE
31  -0.8   1.1   13.30  -3.7    7.30  18.7   0.0   0.0   0.2  12.9   13.30     E
-------------------------------------------------------------------------------------
     5.8  21.6    25    -3.7    31   386.0   0.0  61.0   1.0  32.2     9     WSW

Max >=  32.0:  0
Max <=   0.0:  0
Min <=   0.0:  6
Min <= -18.0:  0
Max Rain: 15.24 ON 09/12/14
Days of Rain: 17 (> .2 mm) 7 (> 2 mm) 0 (> 20 mm)
Heat Base:  18.3  Cool Base:  18.3  Method: Integration