NOAA-Style Climate Reports


Report for 2015 Febbraio
                   MONTHLY CLIMATOLOGICAL SUMMARY for FEB. 2015

NAME: Lodi   CITY: Lodi   STATE: Italy 
ELEV:    78 m  LAT:  45° 17' 57" N  LONG:   9° 31' 14" E

                   TEMPERATURE (°C), RAIN  (mm), WIND SPEED (km/hr)

                                      HEAT  COOL        AVG
    MEAN                              DEG   DEG         WIND                 DOM
DAY TEMP  HIGH   TIME   LOW    TIME   DAYS  DAYS  RAIN  SPEED HIGH   TIME    DIR
------------------------------------------------------------------------------------
 1   3.6   8.4   16.00  -0.6    8.00  14.7   0.0   0.0   4.0  25.7   16.00   WSW
 2   4.4  10.4   15.30  -0.7    9.00  13.9   0.0   0.0   3.4  25.7   14.30   WSW
 3   3.4   5.8   16.30   1.3    1.30  14.9   0.0   0.0   1.0  20.9   14.30   ENE
 4   4.9   7.1   16.00   3.1    7.30  13.3   0.0   0.0   1.8  19.3    9.00   WSW
 5   2.4   5.8    3.00   0.7   19.30  15.9   0.0   8.6   1.1  22.5    3.00   ESE
 6   1.7   2.7   21.30   0.7    1.30  16.6   0.0  25.4   0.0   8.0   00.00     N
 7   2.4   5.1   17.00   0.7   00.00  15.9   0.0  25.1   2.3  11.3    5.00   NNE
 8   0.2   2.2   15.00  -1.2   23.30  18.1   0.0   1.5   1.8  22.5   10.30   WSW
 9   0.3   5.9   16.00  -4.5    2.30  18.0   0.0   0.5   0.5  12.9   15.30    SW
10   1.9   7.6   16.00  -2.1    6.30  16.4   0.0   0.0   0.2   9.7   21.00    SE
11   3.4   9.3   15.30  -0.2    8.00  14.8   0.0   0.0   1.6  16.1   10.00   WSW
12   1.3   6.5   15.30  -2.8    3.30  17.0   0.0   0.0   0.2   9.7   16.00   ENE
13   3.7   6.7   15.00   2.1    9.30  14.6   0.0   0.8   1.3  14.5    9.00   WSW
14   3.7   4.6   18.30   2.9    6.30  14.5   0.0   8.4   0.0  14.5   00.00    NE
15   3.4   4.3    0.30   2.1    9.00  14.9   0.0  14.7   2.4  16.1    6.00   WSW
16   6.8  10.2   15.30   4.2    0.30  11.4   0.0   0.5   0.5  16.1   13.00     N
17   8.2  12.4   15.30   5.4   23.30  10.1   0.0   0.0   0.5  12.9   14.00    SE
18   5.7   9.9   16.00   2.4    7.30  12.6   0.0   0.0   1.3  20.9   13.00    SE
19   5.1  10.8   16.00   0.4    7.30  13.2   0.0   0.0   0.6  12.9   14.30    SW
20   6.0  11.9   15.30  -0.4    7.30  12.3   0.0   0.0   0.5  14.5   14.00    SW
21  -6.5   6.9    1.00   5.1    8.30   6.0 929.3   2.0   0.8  20.9    9.30     E
22 -17.2  13.7   21.30   4.3   22.30   0.11747.1   0.3   0.0   8.0   19.30     N
23  -0.9  10.3   15.00   2.3    8.30   7.2 594.8   0.0   1.9  16.1    9.30    SW
24   6.1   9.1   19.30   4.0    7.00  12.2   0.0  17.0   3.9  19.3   13.30    SW
25   7.9  10.8   14.30   4.7    8.00  10.3   0.0   0.0   2.6  20.9   16.30   SSE
26   7.5  10.8   15.30   4.5    5.00  10.0  37.2   0.0   3.2  22.5   19.00    SE
27   7.8  11.0   16.30   5.2    9.00  10.5   0.0   0.0   2.4  16.1   15.00   WSW
28   7.9  12.5   16.30   4.6    7.00  10.2   0.0   0.0   0.6  12.9   16.30   WSW
-------------------------------------------------------------------------------------
     3.0  13.7    22    -4.5     9   359.43308.4 104.9   1.4  25.7     1     WSW

Max >=  32.0:  0
Max <=   0.0:  0
Min <=   0.0:  8
Min <= -18.0:  0
Max Rain: 25.40 ON 06/02/15
Days of Rain: 12 (> .2 mm) 7 (> 2 mm) 2 (> 20 mm)
Heat Base:  18.3  Cool Base:  18.3  Method: Integration