NOAA-Style Climate Reports


Report for 2015 Marzo
                   MONTHLY CLIMATOLOGICAL SUMMARY for MAR. 2015

NAME: Lodi   CITY: Lodi   STATE: Italy 
ELEV:    78 m  LAT:  45° 17' 57" N  LONG:   9° 31' 14" E

                   TEMPERATURE (°C), RAIN  (mm), WIND SPEED (km/hr)

                                      HEAT  COOL        AVG
    MEAN                              DEG   DEG         WIND                 DOM
DAY TEMP  HIGH   TIME   LOW    TIME   DAYS  DAYS  RAIN  SPEED HIGH   TIME    DIR
------------------------------------------------------------------------------------
 1   8.3  13.8   14.30   4.0    7.30  10.0   0.0   0.0   2.6  22.5   14.30     W
 2   9.1  11.8   17.00   7.6   10.00   9.2   0.0   0.0   3.9  22.5   22.00   WSW
 3   9.4  14.9   15.00   4.1    7.00   8.9   0.0   0.0   4.5  25.7   13.00     E
 4   7.2  10.8   15.00   3.1    5.00  11.1   0.0   5.1   1.8  30.6   22.00    SW
 5   8.8  14.6   15.00   4.2    7.30   9.4   0.0   0.0   3.4  37.0   16.00     N
 6   7.6  12.7   16.30   1.1    7.30  10.7   0.0   0.0   1.1  12.9   10.30    SE
 7   7.3  12.1   17.00   2.8    6.30  10.9   0.0   0.0   1.8  22.5   11.00    NE
 8   7.0  13.1   15.30   0.9    7.30  10.6   0.0   0.0   1.4  20.9   11.30   SSW
 9   6.6  10.7   15.45   2.2    4.30  11.5   0.0   0.0   1.4  20.9   12.30     N
10   9.0  15.3   15.50   2.7    7.15   9.3   0.0   0.0   2.3  19.3   11.25    SW
11  11.4  18.2   16.15   6.2    4.55   6.9   0.0   0.0   3.2  22.5   15.35   WSW
12  10.0  15.1   15.45   4.7    7.15   8.3   0.0   0.0   1.3  19.3   12.15    SE
13   9.0  15.6   16.10   3.1    7.00   9.3   0.0   0.0   1.4  16.1   21.10    SE
14   9.2  13.6   16.00   5.7    7.40   9.1   0.0   0.0   2.4  22.5    9.35   ENE
15   9.4  13.1   13.45   6.3    6.45   8.9   0.0   0.3   9.5  45.1   22.05   ESE
16   8.1   9.1    3.10   7.0   10.55  10.3   0.0  16.5   6.4  46.7    2.30     E
17   9.6  12.6   16.35   7.4    0.05   8.7   0.0   6.9   1.4  14.5   23.00    SW
18  10.0  15.2   15.30   4.7    7.25   8.3   0.0   0.0   1.6  17.7   13.15   WSW
19  10.9  16.4   15.10   6.1    5.30   7.4   0.0   0.0   1.1  16.1   15.20    SE
20  10.7  15.1   15.05   5.9    7.05   7.6   0.0   0.0   1.0  17.7   13.25     E
21  10.7  14.8   14.15   8.0    7.00   7.6   0.0   1.8   0.8  16.1   22.15   ESE
22   9.1  11.0   14.45   7.2    6.50   9.2   0.0   3.3   3.4  22.5   11.15     E
23  10.6  15.7   15.40   5.4    7.00   7.7   0.0   0.0   3.1  17.7   14.20   WSW
24  12.1  14.8   16.40   9.8    7.15   6.3   0.0   1.3   2.9  25.7   23.50     E
25  10.4  12.5   11.45   9.3    1.55   7.9   0.0  13.0   4.2  40.2   14.10     N
26  11.4  14.7   14.30   9.3    4.55   6.9   0.0   2.8   1.1  16.1    6.40   WSW
27  13.5  20.9   14.30   8.3    5.35   5.1   0.3   0.0   2.6  27.4    7.00   WSW
28  12.8  18.9   15.45   5.8    4.45   5.6   0.0   0.0   0.8  14.5   16.25   SSE
29  12.8  17.3   17.20   7.4    8.05   5.2   0.0   0.0   1.3  14.5   10.30    NE
30  15.0  23.0   16.55   7.7    8.10   4.2   0.9   0.0   6.1  35.4   19.30   WSW
31  16.7  25.0   17.35   9.3    7.05   3.1   1.5   0.0   6.6  45.1   22.25   WSW
-------------------------------------------------------------------------------------
    10.1  25.0    31     0.9     8   255.2   2.7  50.8   2.8  46.7    16     ESE

Max >=  32.0:  0
Max <=   0.0:  0
Min <=   0.0:  0
Min <= -18.0:  0
Max Rain: 16.51 ON 16/03/15
Days of Rain: 9 (> .2 mm) 6 (> 2 mm) 0 (> 20 mm)
Heat Base:  18.3  Cool Base:  18.3  Method: Integration