NOAA-Style Climate Reports


Report for 2015 Aprile
                   MONTHLY CLIMATOLOGICAL SUMMARY for APR. 2015

NAME: Lodi   CITY: Lodi   STATE: Italy 
ELEV:    78 m  LAT:  45° 17' 57" N  LONG:   9° 31' 14" E

                   TEMPERATURE (°C), RAIN  (mm), WIND SPEED (km/hr)

                                      HEAT  COOL        AVG
    MEAN                              DEG   DEG         WIND                 DOM
DAY TEMP  HIGH   TIME   LOW    TIME   DAYS  DAYS  RAIN  SPEED HIGH   TIME    DIR
------------------------------------------------------------------------------------
 1  15.4  18.5    0.05  12.2   23.35   2.9   0.0   0.0  16.9  53.1   12.15    NW
 2  13.5  19.6   17.10   5.8    7.30   4.9   0.1   0.0   6.3  32.2   15.20     W
 3  12.9  16.8   15.45   8.8    7.45   5.4   0.0   0.0   7.1  35.4   10.45   ESE
 4   9.9  12.1   16.35   7.9    5.05   8.4   0.0   0.0   3.5  20.9   13.50   ESE
 5   8.7  10.8   12.30   7.1    7.05   9.6   0.0   2.0   3.9  25.7   12.00   ESE
 6   9.3  14.6   18.00   3.8    7.00   9.0   0.0   0.0   1.6  20.9    0.25    SE
 7  10.3  15.0   17.20   3.9    7.00   8.0   0.0   0.0   1.1  20.9   15.35     S
 8  12.1  20.3   18.10   3.6    6.40   6.5   0.3   0.0   1.6  20.9   15.00    SW
 9  13.9  20.1   17.20   7.4    6.50   4.6   0.2   0.0   1.1  14.5   16.35    SE
10  14.6  21.5   16.50   7.6    7.00   4.3   0.5   0.0   0.8  16.1   23.40   SSE
11  14.7  20.6   16.45   7.8    7.25   4.0   0.3   0.0   3.7  27.4   18.25   WSW
12  15.6  21.7   17.10   8.1    7.20   3.5   0.7   0.0   1.0  12.9   14.35    SE
13  18.2  25.9   17.35  10.7    6.15   2.5   2.4   0.0   3.9  24.1   14.10   WSW
14  19.3  25.3   16.55  13.1    7.30   1.1   2.1   0.0   3.1  24.1    5.15     W
15  18.2  25.4   17.30  10.9    6.55   2.2   2.0   0.0   0.8  14.5   13.25   ENE
16  17.4  22.0   16.10  12.1    5.05   1.8   0.8   0.0   1.6  22.5   17.15     W
17  13.9  17.1    0.05  12.1   00.00   4.3   0.0   8.6   0.8  12.9   12.10     N
18  13.4  21.0   15.15   8.1    6.50   5.2   0.4  18.8   4.7  51.5   18.35   ESE
19  11.3  14.8   16.00   7.9    7.20   7.0   0.0   0.0   3.2  38.6    0.20   ESE
20  13.2  20.2   18.20   5.7    5.55   5.4   0.2   0.0   0.5  17.7   11.30   SSW
21  16.6  24.3   18.10   8.7    7.15   3.4   1.7   0.0   0.8  14.5   14.45    SW
22  18.7  26.4   17.35  10.8    6.10   2.1   2.5   0.0   1.8  19.3   15.00     W
23  17.4  23.4   16.25  11.7    6.50   2.1   1.2   0.0   1.4  22.5   15.40    NW
24  16.6  21.9   16.25  10.1    6.25   2.5   0.8   0.0   0.8  16.1   12.20   ESE
25  14.7  17.3   15.45  11.7    6.30   3.6   0.0   0.3   0.8  19.3    9.15   ESE
26  15.8  18.8   18.45  13.3    4.30   2.5   0.0   0.0   1.0   9.7    2.05    SW
27  13.9  15.1    0.05  12.3   22.10   4.4   0.0  43.2   5.6  29.0    9.40   ESE
28  16.1  21.4   19.15  12.4    3.25   2.7   0.4   6.6   2.9  29.0   13.45   WSW
29  14.9  18.7   14.45  11.9    6.25   3.3   0.0   0.0   2.1  20.9   14.50   ENE
30  15.2  19.7   16.45  11.2    7.30   3.2   0.1  10.2   1.4  17.7   13.35   ESE
-------------------------------------------------------------------------------------
    14.5  26.4    22     3.6     8   130.3  16.9  89.7   2.9  53.1     1     ESE

Max >=  32.0:  0
Max <=   0.0:  0
Min <=   0.0:  0
Min <= -18.0:  0
Max Rain: 43.18 ON 27/04/15
Days of Rain: 7 (> .2 mm) 6 (> 2 mm) 1 (> 20 mm)
Heat Base:  18.3  Cool Base:  18.3  Method: Integration