NOAA-Style Climate Reports


Report for 2015 Maggio
                   MONTHLY CLIMATOLOGICAL SUMMARY for MAY. 2015

NAME: Lodi   CITY: Lodi   STATE: Italy 
ELEV:    78 m  LAT:  45° 17' 57" N  LONG:   9° 31' 14" E

                   TEMPERATURE (°C), RAIN  (mm), WIND SPEED (km/hr)

                                      HEAT  COOL        AVG
    MEAN                              DEG   DEG         WIND                 DOM
DAY TEMP  HIGH   TIME   LOW    TIME   DAYS  DAYS  RAIN  SPEED HIGH   TIME    DIR
------------------------------------------------------------------------------------
 1  14.1  15.3   14.15  12.9    4.20   4.2   0.0   0.0   1.3  11.3   12.20   ENE
 2  17.6  23.1   16.15  13.1    5.10   1.9   1.2   0.3   3.4  22.5   13.55   WSW
 3  17.8  20.1   14.25  15.8    4.25   0.9   0.4   0.0   1.4  14.5   13.55     N
 4  19.4  23.1   15.45  16.3    6.25   0.4   1.5   0.0   0.5  14.5   13.20     N
 5  20.0  23.7   18.40  15.9    6.35   0.4   2.2   0.0   1.0  19.3    9.25   ENE
 6  21.2  25.7   18.10  16.5    6.45   0.2   3.1   0.0   1.1  17.7   12.55   SSW
 7  20.5  25.8   15.10  15.3    5.55   0.5   2.7   0.0   2.3  22.5   11.25   ESE
 8  19.6  25.8   15.40  15.7    6.35   0.8   2.0   2.3   2.7  61.2   18.05     E
 9  19.8  26.1   19.10  13.6    6.30   1.2   2.7   0.0   2.6  17.7   12.50    SW
10  21.5  27.6   17.35  14.5    6.20   0.6   3.8   0.0   1.1  16.1   14.45   WSW
11  21.7  28.6   16.40  14.0    5.50   0.8   4.2   0.0   1.6  25.7   10.10   ESE
12  22.0  27.2   17.10  16.2    6.25   0.3   4.0   0.0   1.4  17.7    9.35   ESE
13  22.5  28.2   16.55  17.3    5.40   0.0   4.2   0.0   1.9  25.7   20.45     W
14  22.3  28.7   17.05  15.6    5.45   0.3   4.3   0.0   2.6  27.4   21.20    NW
15  18.8  22.6   13.40  13.0   23.05   0.6   1.0  22.4  10.0  72.4   14.25   ESE
16  18.1  24.2   17.55  12.4    3.10   2.1   1.9  22.4   2.7  19.3    7.15   WSW
17  22.1  26.8   17.15  17.4    6.35   0.1   3.8   0.0   1.0  14.5   13.55   ESE
18  21.9  26.5   16.40  16.6    6.35   0.1   3.8   0.0   2.4  20.9   11.05     E
19  21.4  26.1   15.25  18.3    6.15   0.0   3.2   0.0   2.9  32.2   18.00   NNW
20  17.6  20.8   15.50  12.4   00.00   1.2   0.5   3.8   4.5  45.1   18.45     N
21  13.2  19.3   16.20   9.5    6.15   5.2   0.0   5.3   2.9  24.1   13.20    SW
22  14.9  19.3   14.20  11.8    1.15   3.5   0.0   0.3   1.6  25.7   12.00    SE
23  14.9  19.4   12.50  13.1   23.50   3.4   0.0   1.0   1.9  27.4   14.30    SE
24  17.7  22.8   16.25  12.3    5.40   2.0   1.4   0.3   0.8  16.1   11.45   SSW
25  20.1  25.5   17.55  14.4    6.00   0.8   2.6   0.0   1.3  27.4   20.40    SW
26  18.2  22.6   17.25  13.7   22.20   1.1   1.0  30.7   2.1  27.4   21.35    SE
27  18.3  23.3   17.25  13.8    6.05   1.5   1.6   0.3   0.8  12.9   13.55     S
28  18.8  24.5   18.50  12.8    4.50   1.5   2.0   0.0   1.3  16.1    8.35     E
29  19.9  25.3   16.40  13.8    5.10   1.0   2.6   0.0   0.3  12.9   23.40   ESE
30  21.0  26.4   17.40  16.4    3.35   0.3   3.0   0.0   2.3  20.9   13.00   WSW
31  20.7  25.0   18.35  16.6    6.00   0.2   2.6   0.0   0.8  17.7   12.55     E
-------------------------------------------------------------------------------------
    19.3  28.7    14     9.5    21    37.3  67.5  88.9   2.1  72.4    15     ESE

Max >=  32.0:  0
Max <=   0.0:  0
Min <=   0.0:  0
Min <= -18.0:  0
Max Rain: 30.73 ON 26/05/15
Days of Rain: 11 (> .2 mm) 6 (> 2 mm) 3 (> 20 mm)
Heat Base:  18.3  Cool Base:  18.3  Method: Integration