NOAA-Style Climate Reports


Report for 2015 Giugno
                   MONTHLY CLIMATOLOGICAL SUMMARY for JUN. 2015

NAME: Lodi   CITY: Lodi   STATE: Italy 
ELEV:    78 m  LAT:  45° 17' 57" N  LONG:   9° 31' 14" E

                   TEMPERATURE (°C), RAIN  (mm), WIND SPEED (km/hr)

                                      HEAT  COOL        AVG
    MEAN                              DEG   DEG         WIND                 DOM
DAY TEMP  HIGH   TIME   LOW    TIME   DAYS  DAYS  RAIN  SPEED HIGH   TIME    DIR
------------------------------------------------------------------------------------
 1  22.1  27.3   15.55  16.8    5.55   0.2   3.9   0.0   0.8  16.1   16.45     S
 2  23.5  29.1   18.15  17.2    5.15   0.1   5.3   0.0   1.4  17.7   10.00   WSW
 3  25.2  30.9   16.45  18.6    5.45   0.0   6.9   0.0   1.6  14.5   13.10    SW
 4  26.8  31.9   16.50  21.3    6.20   0.0   8.5   0.0   1.3  14.5   13.45     E
 5  27.2  32.8   16.00  21.5    5.00   0.0   8.9   0.0   1.1  14.5   11.50    SE
 6  27.4  33.1   15.45  22.4    6.45   0.0   9.1   0.0   1.1  17.7   20.20    NE
 7  26.6  31.8   16.30  21.1    6.40   0.0   8.3   9.4   1.6  16.1    9.40   WSW
 8  25.1  30.8   16.25  19.8   23.15   0.0   6.8   1.3   3.4  30.6   20.20     N
 9  23.4  28.7   16.05  18.8    5.50   0.0   5.1   0.0   2.6  22.5   18.30    SW
10  22.5  27.6   15.20  18.8    6.10   0.0   4.2   2.8   2.1  17.7    4.15   WSW
11  24.6  30.0   16.30  19.3    5.30   0.0   6.3   0.0   1.3  14.5   13.15   WSW
12  23.4  28.2   14.00  19.0    5.55   0.0   5.2   0.0   1.8  24.1   14.45    SW
13  22.4  25.8   17.00  18.8    5.45   0.0   4.1   0.5   2.4  37.0    4.15   WSW
14  19.8  24.7   12.20  16.4   14.20   0.1   1.6  42.2   1.6  40.2   13.55   WSW
15  21.2  26.9   17.30  17.3    4.05   0.2   3.2  11.2   1.9  29.0   17.40   WSW
16  20.2  26.5   13.30  17.3   19.40   0.2   2.2   5.1   1.4  32.2   14.05     N
17  20.8  25.1   17.15  17.3    2.05   0.2   2.8   0.8   1.4  19.3   14.40    SE
18  21.8  26.6   16.00  17.1    6.25   0.1   3.6   0.0   1.3  17.7    8.25     E
19  22.2  28.4   17.30  15.9   20.35   0.0   3.9  22.9   1.9  53.1   20.20   ESE
20  20.9  26.9   16.30  16.2    4.40   0.4   3.0   0.0   1.9  24.1   19.40     E
21  20.7  25.8   17.00  15.5    6.25   0.6   2.9   0.0   1.1  14.5   12.50   ENE
22  21.3  26.1   16.15  15.8    5.55   0.4   3.3   0.0   1.9  19.3    9.50    SE
23  23.4  28.9   17.35  18.6    6.15   0.0   5.1   0.0   2.1  32.2   18.20   WSW
24  19.8  24.6   17.30  14.6    6.10   0.8   2.3   0.0   4.5  45.1    2.30     E
25  21.2  26.1   16.35  14.9    6.00   0.6   3.4   0.0   0.8  14.5   12.10     E
26  22.7  28.2   15.55  16.2    6.05   0.3   4.7   0.0   0.6  12.9   14.50    SE
27  24.5  30.1   17.35  18.8    4.45   0.0   6.2   0.0   1.0  17.7   14.50     E
28  24.5  30.6   17.10  18.2    5.40   0.0   6.2   0.0   0.8  16.1    1.20     E
29  24.5  29.1   17.55  20.1    5.45   0.0   6.2   0.0   1.8  16.1    8.25     E
30  25.0  29.8   17.35  19.7    5.15   0.0   6.7   0.0   1.9  20.9   11.10     E
-------------------------------------------------------------------------------------
    23.2  33.1     6    14.6    24     4.2 149.9  96.0   1.7  53.1    19       E

Max >=  32.0:  2
Max <=   0.0:  0
Min <=   0.0:  0
Min <= -18.0:  0
Max Rain: 42.16 ON 14/06/15
Days of Rain: 9 (> .2 mm) 6 (> 2 mm) 2 (> 20 mm)
Heat Base:  18.3  Cool Base:  18.3  Method: Integration