NOAA-Style Climate Reports


Report for 2015 Luglio
                   MONTHLY CLIMATOLOGICAL SUMMARY for JUL. 2015

NAME: Lodi   CITY: Lodi   STATE: Italy 
ELEV:    78 m  LAT:  45° 17' 57" N  LONG:   9° 31' 14" E

                   TEMPERATURE (°C), RAIN  (mm), WIND SPEED (km/hr)

                                      HEAT  COOL        AVG
    MEAN                              DEG   DEG         WIND                 DOM
DAY TEMP  HIGH   TIME   LOW    TIME   DAYS  DAYS  RAIN  SPEED HIGH   TIME    DIR
------------------------------------------------------------------------------------
 1  26.2  31.5   17.30  20.1    6.00   0.0   7.9   0.0   1.1  14.5   15.45     E
 2  27.2  33.3   17.45  21.0    6.00   0.0   8.9   0.0   1.1   9.7    8.40     E
 3  28.1  33.1   17.20  23.1    6.00   0.0   9.8   0.0   2.4  48.3   00.00   ENE
 4  28.2  33.1   16.15  22.2    6.05   0.0   9.9   0.0   1.1  38.6    0.35     E
 5  28.9  33.6   17.10  23.8    5.25   0.0  10.6   0.0   0.6  11.3   16.30     E
 6  30.1  35.8   17.35  24.7    6.35   0.0  11.8   0.0   1.0  12.9    1.15    SW
 7  30.3  34.8   16.40  25.7    6.05   0.0  12.0   0.0   1.6  20.9   22.45     E
 8  28.6  32.9   16.50  25.6    6.50   0.0  10.3   0.0   3.5  24.1   18.50   WSW
 9  26.1  29.6   17.30  22.1    5.40   0.0   7.8   0.0   5.0  29.0    9.10   ESE
10  24.7  29.4   17.20  19.3    6.05   0.0   6.4   0.0   1.8  24.1    9.55     E
11  25.6  31.7   17.05  18.6    6.10   0.0   7.2   0.0   0.6  16.1   14.40    SW
12  27.1  32.2   18.15  20.7    6.05   0.0   8.7   0.0   0.3  11.3   13.30     E
13  27.9  33.1   16.15  23.7    6.40   0.0   9.6   0.0   2.1  16.1   14.25    SW
14  27.9  33.6   17.40  21.9    6.10   0.0   9.6   0.0   1.4  14.5    8.05   NNE
15  28.4  33.2   17.25  23.1    6.15   0.0  10.1   0.0   2.1  16.1   13.00   ENE
16  29.0  34.1   17.55  23.7    6.15   0.0  10.7   0.0   2.4  16.1    9.05     E
17  30.3  35.4   18.30  24.8    5.50   0.0  12.0   0.0   3.5  17.7   18.30   WSW
18  29.7  34.8   16.30  24.4    6.50   0.0  11.4   0.0   3.4  20.9    0.05   WSW
19  28.9  34.4   15.35  23.2    6.00   0.0  10.6   0.0   4.7  25.7    0.35   WSW
20  29.2  34.2   16.20  23.7    6.50   0.0  10.9   0.0   2.1  17.7   22.40   WSW
21  30.3  35.4   17.55  24.9    5.50   0.0  12.0   0.0   1.8  12.9   12.05    SE
22  30.2  36.1   16.20  24.8    3.50   0.0  11.9   0.0   1.4  17.7   18.30     S
23  29.8  35.3   16.10  24.0    7.15   0.0  11.5   0.0   3.1  19.3   16.25   WSW
24  27.7  33.2   16.45  23.4    7.15   0.0   9.4   0.0   2.4  35.4   18.15   ENE
25  26.6  31.4   18.05  20.8    8.05   0.0   8.3   2.0   2.1  37.0    3.40    NW
26  26.1  30.1   17.15  21.1    6.50   0.0   7.8   0.0   2.7  22.5    9.35   ESE
27  26.4  31.4   15.55  21.5    6.00   0.0   8.1   0.0   1.0  12.9   11.45   ENE
28  26.3  31.4   16.20  20.8    6.35   0.0   8.0   0.0   1.6  19.3   22.00     E
29  26.3  31.3   15.00  22.6    5.35   0.0   8.0   0.0   1.6  33.8   19.10   NNW
30  24.8  28.7   16.20  20.6    7.40   0.0   6.6   0.0   3.1  24.1   10.25   ESE
31  23.4  27.7   16.35  20.0    7.55   0.0   5.1   0.0   5.5  41.8   12.05     E
-------------------------------------------------------------------------------------
    27.7  36.1    22    18.6    11     0.0 292.9   2.0   2.2  48.3     3       E

Max >=  32.0: 20
Max <=   0.0:  0
Min <=   0.0:  0
Min <= -18.0:  0
Max Rain: 2.03 ON 25/07/15
Days of Rain: 1 (> .2 mm) 1 (> 2 mm) 0 (> 20 mm)
Heat Base:  18.3  Cool Base:  18.3  Method: Integration