NOAA-Style Climate Reports


Report for 2015 Agosto
                   MONTHLY CLIMATOLOGICAL SUMMARY for AUG. 2015

NAME: Lodi   CITY: Lodi   STATE: Italy 
ELEV:    78 m  LAT:  45° 17' 57" N  LONG:   9° 31' 14" E

                   TEMPERATURE (°C), RAIN  (mm), WIND SPEED (km/hr)

                                      HEAT  COOL        AVG
    MEAN                              DEG   DEG         WIND                 DOM
DAY TEMP  HIGH   TIME   LOW    TIME   DAYS  DAYS  RAIN  SPEED HIGH   TIME    DIR
------------------------------------------------------------------------------------
 1  19.2  22.0   12.55  17.4   20.05   0.2   1.1   5.1   1.6  24.1   15.35   ENE
 2  22.3  27.9   17.15  16.9    6.10   0.2   4.2   0.0   0.8  11.3    8.05   WSW
 3  25.1  30.9   15.40  18.8    6.15   0.0   6.8   0.0   0.6  11.3   12.55   ENE
 4  26.6  32.1   16.05  20.7    5.20   0.0   8.3   0.0   0.6  20.9   13.10    SW
 5  27.8  33.7   16.00  21.1    5.50   0.0   9.5   0.0   0.6  12.9   16.00   ENE
 6  28.8  34.8   17.20  22.8    6.10   0.0  10.5   0.0   0.8  12.9   13.25     E
 7  29.3  35.2   16.05  23.4    5.25   0.0  11.1   0.0   0.8  12.9   14.10   ESE
 8  29.2  35.4   16.55  24.1    5.00   0.0  10.9   0.0   1.8  19.3   19.05     N
 9  27.6  34.3   14.50  23.1    6.45   0.0   9.3   0.0   1.3  19.3   16.30     N
10  22.1  26.2   18.00  19.7    7.00   0.0   3.8  26.4   2.7  25.7    3.50    NW
11  25.9  33.0   15.50  20.1    6.00   0.0   7.7   0.0   1.3  14.5   12.25    SW
12  27.5  33.8   16.55  21.2    6.50   0.0   9.2   0.0   1.4  16.1    7.00   WSW
13  28.4  34.5   15.55  22.5    7.00   0.0  10.1   0.0   1.0  16.1    9.30    SW
14  25.3  27.8    0.45  21.7   00.00   0.0   7.1   0.0   1.6  17.7   13.55    NW
15  21.5  26.4   17.35  18.7    7.05   0.0   3.2   7.1   1.8  30.6   23.35    SW
16  20.3  26.7   16.05  16.8    6.50   0.3   2.3   1.3   4.5  22.5    1.15   WSW
17  22.8  29.1   17.30  18.1    7.00   0.0   4.6   0.0   3.1  22.5   23.50     W
18  22.1  27.4   16.40  17.6    6.15   0.1   3.9   0.0   1.9  24.1   20.30     N
19  20.8  25.9   15.45  17.6    6.30   0.1   2.5   0.0   1.8  20.9    5.10     E
20  22.4  28.7   16.55  16.3    6.45   0.4   4.5   0.0   1.3  16.1   12.55    SW
21  22.1  27.2   16.35  17.7    6.30   0.1   3.8   0.0   3.9  29.0    1.40   ESE
22  22.4  27.9   17.10  17.3    5.30   0.1   4.3   0.0   1.4  16.1   11.15     E
23  20.1  23.6   13.50  18.2    7.55   0.0   1.8   1.0   2.4  17.7   12.00   ENE
24  19.7  23.0   13.30  17.7    5.15   0.1   1.5   3.3   1.8  17.7    8.45    SE
25  22.0  26.7   16.55  18.8    6.15   0.0   3.7   0.0   0.8  17.7    1.15     E
26  23.5  29.3   16.00  17.7    7.20   0.0   5.2   0.0   0.6  12.9   10.25    NW
27  24.6  30.7   16.35  18.5    7.00   0.0   6.2   0.0   0.6  14.5   12.45     N
28  25.7  32.0   17.40  19.7    6.30   0.0   7.4   0.0   1.3  14.5   11.45    NW
29  26.5  33.8   16.30  20.0    5.55   0.0   8.2   0.0   0.8  12.9   15.30   WSW
30  27.0  33.8   16.20  20.7    6.55   0.0   8.7   0.0   1.3  16.1   15.50     W
31  27.1  33.5   16.25  21.0    7.05   0.0   8.8   0.0   2.6  22.5   13.05   WSW
-------------------------------------------------------------------------------------
    24.4  35.4     8    16.3    20     1.5 190.3  44.2   1.6  30.6    15     WSW

Max >=  32.0: 13
Max <=   0.0:  0
Min <=   0.0:  0
Min <= -18.0:  0
Max Rain: 26.42 ON 10/08/15
Days of Rain: 6 (> .2 mm) 4 (> 2 mm) 1 (> 20 mm)
Heat Base:  18.3  Cool Base:  18.3  Method: Integration