NOAA-Style Climate Reports


Report for 2015 Settembre
                   MONTHLY CLIMATOLOGICAL SUMMARY for SEP. 2015

NAME: Lodi   CITY: Lodi   STATE: Italy 
ELEV:    78 m  LAT:  45° 17' 57" N  LONG:   9° 31' 14" E

                   TEMPERATURE (°C), RAIN  (mm), WIND SPEED (km/hr)

                                      HEAT  COOL        AVG
    MEAN                              DEG   DEG         WIND                 DOM
DAY TEMP  HIGH   TIME   LOW    TIME   DAYS  DAYS  RAIN  SPEED HIGH   TIME    DIR
------------------------------------------------------------------------------------
 1  24.8  30.4   13.35  18.3    7.20   0.0   6.5   0.0   2.1  25.7   22.00   NNE
 2  24.4  29.8   16.30  19.2    7.20   0.0   6.1   0.0   1.8  32.2   20.00    NW
 3  23.0  27.3   14.20  18.4    7.15   0.0   4.7   0.0   1.8  14.5    4.40   NNW
 4  22.6  26.6   17.30  18.3    7.30   0.0   4.2   0.0   1.0  14.5   13.50     N
 5  19.9  24.6   16.40  16.4   12.10   0.3   2.0   2.8   3.4  27.4    3.35     N
 6  18.2  24.9   17.25  11.8    6.35   2.0   2.0   0.0   1.1  12.9   15.50   ESE
 7  18.9  25.3   16.40  12.9    5.50   1.6   2.3   0.0   1.9  24.1   12.50   NNE
 8  19.6  24.9   16.45  14.4    7.30   0.9   2.1   0.0   1.6  20.9   13.10   ENE
 9  19.0  24.6   15.20  13.3    6.20   1.3   2.0   0.0   1.9  20.9   12.40   ESE
10  18.9  23.9   17.00  15.3    3.35   0.9   1.6   0.0   1.3  22.5   14.50   ENE
11  17.9  22.3   16.40  14.1    9.25   1.4   0.9   3.0   1.4  20.9    2.15     E
12  20.4  25.4   15.20  15.6    6.55   0.5   2.6   0.0   0.8  12.9   16.00     W
13  18.2  20.6   16.35  15.6    7.15   0.6   0.5  17.0   1.6  27.4   10.25    SW
14  20.8  26.3   17.45  17.3    2.10   0.2   2.7  10.4   3.1  35.4    4.35   ESE
15  21.3  26.2   15.25  17.2    6.20   0.1   3.1   0.0   0.5  12.9   13.25     E
16  20.4  24.2   17.45  17.8    7.50   0.0   2.1   0.3   1.0  17.7   11.20    NW
17  22.0  30.4   15.50  15.7    7.50   0.5   4.2   0.0   2.7  37.0   14.35   ESE
18  22.6  29.3   15.15  16.4    8.00   0.2   4.5   0.0   2.1  22.5   15.20     W
19  20.8  26.8   16.05  15.0    7.45   0.5   3.0   0.0   2.3  25.7   23.05    SW
20  20.4  26.4   15.35  15.0    7.20   0.7   2.9   0.0   2.3  20.9    1.00   WSW
21  19.3  25.6   17.20  13.3    7.40   1.3   2.3   0.0   0.5  16.1   11.35     E
22  18.4  21.9   16.15  15.3    6.50   0.9   1.0   0.0   1.0  17.7   10.10     E
23  14.7  18.4    0.05  11.4   23.45   3.6   0.0   1.5   6.3  46.7   10.05   NNW
24  15.3  22.0   15.35   9.4    8.00   3.7   0.7   0.0   0.5  16.1   14.50   WSW
25  17.8  24.9   16.05  12.0    7.55   2.2   1.7   0.0   0.8  16.1    8.40   WSW
26  18.6  24.3   15.10  13.1    7.45   1.4   1.7   0.0   0.8  14.5   13.15   ESE
27  18.2  21.2   15.55  16.0    1.40   0.9   0.8   0.0   3.2  24.1   14.00   ESE
28  16.9  20.3   15.50  14.7    1.45   1.7   0.4   0.0   2.6  30.6   11.35   ESE
29  15.8  19.3   14.40  12.1   00.00   2.6   0.1   0.0   1.8  22.5    9.50     E
30  14.7  19.1   13.40  10.3    7.25   3.6   0.0   0.0   1.9  24.1   22.05     E
-------------------------------------------------------------------------------------
    19.5  30.4     1     9.4    24    33.8  68.7  35.1   1.8  46.7    23     ESE

Max >=  32.0:  0
Max <=   0.0:  0
Min <=   0.0:  0
Min <= -18.0:  0
Max Rain: 17.02 ON 13/09/15
Days of Rain: 6 (> .2 mm) 4 (> 2 mm) 0 (> 20 mm)
Heat Base:  18.3  Cool Base:  18.3  Method: Integration