NOAA-Style Climate Reports


Report for 2015 Ottobre
                   MONTHLY CLIMATOLOGICAL SUMMARY for OCT. 2015

NAME: Lodi   CITY: Lodi   STATE: Italy 
ELEV:    78 m  LAT:  45° 17' 57" N  LONG:   9° 31' 14" E

                   TEMPERATURE (°C), RAIN  (mm), WIND SPEED (km/hr)

                                      HEAT  COOL        AVG
    MEAN                              DEG   DEG         WIND                 DOM
DAY TEMP  HIGH   TIME   LOW    TIME   DAYS  DAYS  RAIN  SPEED HIGH   TIME    DIR
------------------------------------------------------------------------------------
 1  13.3  16.2   16.20  10.1    8.30   5.0   0.0   0.0   0.2  14.5    0.05     E
 2  13.7  15.6   11.55  12.7    2.05   4.6   0.0   0.8   0.5  14.5   16.50   NNE
 3  15.3  18.7   15.15  12.9    0.10   3.0   0.0   2.0   0.6  11.3   12.50     N
 4  16.9  20.7   16.55  14.9   00.00   1.7   0.3  11.9   3.4  30.6    2.40   ESE
 5  16.9  21.4   15.50  12.9    6.45   2.0   0.6   0.5   0.5  14.5   13.55   WSW
 6  16.2  17.6   15.15  14.7    8.55   2.1   0.0   8.6   0.2   9.7    8.20     N
 7  17.1  21.6   16.35  14.2    7.40   1.7   0.5   0.5   0.6  17.7   12.45   WSW
 8  18.0  23.1   15.55  14.1    7.50   1.5   1.1   0.0   0.3   9.7   12.10   ESE
 9  17.3  21.6   15.05  14.1    8.00   1.7   0.7   0.0   1.0  19.3   15.15   ESE
10  16.7  20.5   15.25  13.6   00.00   1.9   0.2   0.0   0.8  17.7   16.05    SE
11  16.6  21.6   16.00  12.6    8.25   2.4   0.7   0.0   0.6  16.1   13.40    SW
12  16.5  21.2   14.55  12.4    7.45   2.3   0.5   3.0   0.3  11.3   11.00   SSW
13  14.6  15.8    0.05  14.1    9.20   3.8   0.0  10.4   1.1  16.1   14.00   ESE
14  14.6  16.4   13.05  13.9    4.15   3.7   0.0  15.2   0.8  14.5   16.30     E
15  14.3  17.9   12.45  12.0   00.00   4.0   0.0   2.8   4.8  30.6   22.40   ESE
16  11.3  15.6   16.00   8.3    7.55   6.9   0.0   0.0   1.1  22.5    9.15   WSW
17  11.4  14.9   13.30   7.2    7.50   6.9   0.0   0.3   0.3  11.3   12.00   ESE
18  11.9  12.8   16.40  11.3   11.00   6.4   0.0   0.5   0.2   8.0   10.15     N
19  12.2  16.4   15.10   8.9    9.50   6.1   0.0   0.0   1.0  17.7   13.25   WSW
20  11.9  16.9   15.55   8.9    3.40   6.3   0.0   0.0   0.5  12.9   13.15     E
21  11.0  16.4   15.10   6.7    8.25   7.3   0.0   0.3   0.8  19.3   13.50   ESE
22  10.4  15.9   15.35   4.6    7.40   7.9   0.0   0.0   1.1  19.3   14.10   ESE
23  11.2  17.5   15.55   6.1    7.40   7.1   0.0   0.0   0.6  12.9   16.25   ESE
24  11.8  18.1   15.50   6.5    7.40   6.5   0.0   0.0   0.5  12.9    6.05   WSW
25  12.3  17.1   14.50   8.9    6.50   6.0   0.0   0.0   0.5  12.9   10.30   WSW
26   9.8  12.7   14.50   6.8    5.40   8.5   0.0   0.3   1.0  11.3    7.05   WSW
27  10.3  14.6   15.10   6.8    3.15   8.0   0.0   0.3   0.5   9.7    4.40   WSW
28  11.8  13.1   14.20  11.2    5.45   6.5   0.0  21.1   2.7  27.4   17.10   ESE
29  12.4  13.9   15.30  11.2    7.50   5.8   0.0   0.3   0.0   8.0    9.15   WSW
30  13.5  19.5   15.20  10.3    7.30   4.9   0.1   0.3   0.0   8.0    4.50     W
31  12.7  18.4   14.50   9.0    7.30   5.6   0.0   0.5   0.3   8.0   10.45   ESE
-------------------------------------------------------------------------------------
    13.7  23.1     8     4.6    22   147.9   4.8  79.5   0.9  30.6     4     ESE

Max >=  32.0:  0
Max <=   0.0:  0
Min <=   0.0:  0
Min <= -18.0:  0
Max Rain: 21.08 ON 28/10/15
Days of Rain: 19 (> .2 mm) 8 (> 2 mm) 1 (> 20 mm)
Heat Base:  18.3  Cool Base:  18.3  Method: Integration