NOAA-Style Climate Reports


Report for 2015 Novembre
                   MONTHLY CLIMATOLOGICAL SUMMARY for NOV. 2015

NAME: Lodi   CITY: Lodi   STATE: Italy 
ELEV:    78 m  LAT:  45° 17' 57" N  LONG:   9° 31' 14" E

                   TEMPERATURE (°C), RAIN  (mm), WIND SPEED (km/hr)

                                      HEAT  COOL        AVG
    MEAN                              DEG   DEG         WIND                 DOM
DAY TEMP  HIGH   TIME   LOW    TIME   DAYS  DAYS  RAIN  SPEED HIGH   TIME    DIR
------------------------------------------------------------------------------------
 1  11.7  18.1   15.00   7.6    7.30   6.6   0.0   0.0   0.2  11.3   11.55   SSE
 2  10.6  17.1   15.40   5.6    7.20   7.7   0.0   0.3   0.2   8.0   12.55    SW
 3   9.3  12.9   12.40   5.2    5.45   9.0   0.0   0.5   1.4  14.5   23.30   WSW
 4  12.4  17.8   14.55   8.3    8.00   5.9   0.0   0.0   1.0  14.5    9.40   WSW
 5  13.1  19.5   15.50   9.0    7.45   5.4   0.1   0.0   0.8  12.9   10.00   WSW
 6  13.2  20.6   15.35   8.9    8.10   5.3   0.2   0.0   1.0  14.5   11.10   WSW
 7  13.1  20.0   15.10   8.2    7.30   5.3   0.2   0.0   1.0  14.5   11.30   WSW
 8  13.7  22.0   15.25   7.7    7.05   5.1   0.5   0.3   0.6  11.3    9.55   WSW
 9  14.6  21.1   14.45   9.1    5.20   4.1   0.4   0.3   2.4  25.7   10.25     W
10  13.7  20.9   15.30   8.4    7.50   4.9   0.3   0.0   0.3  12.9   11.30    SW
11  13.1  19.8   15.35   7.3    7.00   5.4   0.1   0.3   0.2  11.3   12.10   WSW
12  12.4  18.2   14.50   8.0    6.20   5.9   0.0   0.3   1.0  14.5    6.15   WSW
13   9.5  15.1   16.05   5.7    5.30   8.8   0.0   0.5   0.8  12.9   10.20   WSW
14   9.9  10.5    0.25   9.2   23.10   8.4   0.0   0.3   0.3   8.0    8.45    SE
15  10.0  10.7   14.35   9.3    0.05   8.3   0.0   0.0   1.6  14.5   13.25   WSW
16   9.8  11.3   15.30   8.7    4.15   8.5   0.0   0.3   0.3   6.4    0.25   NNW
17   9.9  11.1   14.35   8.7    7.00   8.4   0.0   0.0   0.6  12.9   14.40    SW
18   8.7   9.8    0.05   7.8   10.45   9.6   0.0   0.0   1.0  14.5   19.35   ESE
19  10.2  11.4   15.55   8.7    7.35   8.1   0.0   0.0   0.8   9.7    7.00    SW
20  11.8  13.9   13.00  10.3   00.00   6.5   0.0   0.0   0.2   9.7    2.35    SW
21   9.2  11.6   15.40   4.6   22.30   9.1   0.0   7.6   3.2  69.2   19.45    SW
22   6.6  12.7   14.05   3.0    5.40  11.7   0.0   0.3   1.1  20.9    7.35    SW
23   4.9   6.3   15.20   3.9   11.10  13.4   0.0   0.8   1.6  24.1   10.45     N
24   4.9   9.2   13.40   1.9    7.55  13.4   0.0   0.0   0.3   8.0   12.55   SSE
25   3.0   6.3   15.00   0.9    8.05  15.3   0.0   0.0   0.0   4.8   12.40    SW
26   3.3   8.8   15.00  -0.4    8.20  15.0   0.0   0.0   1.0  17.7    8.15   WSW
27   3.7  11.2   12.55  -2.2    5.05  14.6   0.0   0.5   0.3  11.3   13.25   SSE
28   2.5   6.7   15.25  -0.1    7.45  15.8   0.0   0.0   0.3  16.1   10.15   WSW
29   3.1   8.4   15.05  -0.6    3.55  15.2   0.0   0.0   0.2   9.7   13.30   WSW
30   4.5  11.2   13.40   0.4    7.40  13.8   0.0   0.0   1.4  24.1    7.15   WSW
-------------------------------------------------------------------------------------
     9.2  22.0     8    -2.2    27   274.5   1.7  11.9   0.8  69.2    21     WSW

Max >=  32.0:  0
Max <=   0.0:  0
Min <=   0.0:  4
Min <= -18.0:  0
Max Rain: 7.62 ON 21/11/15
Days of Rain: 13 (> .2 mm) 1 (> 2 mm) 0 (> 20 mm)
Heat Base:  18.3  Cool Base:  18.3  Method: Integration