NOAA-Style Climate Reports


Report for 2015 Dicembre
                   MONTHLY CLIMATOLOGICAL SUMMARY for DEC. 2015

NAME: Lodi   CITY: Lodi   STATE: Italy 
ELEV:    78 m  LAT:  45° 17' 57" N  LONG:   9° 31' 14" E

                   TEMPERATURE (°C), RAIN  (mm), WIND SPEED (km/hr)

                                      HEAT  COOL        AVG
    MEAN                              DEG   DEG         WIND                 DOM
DAY TEMP  HIGH   TIME   LOW    TIME   DAYS  DAYS  RAIN  SPEED HIGH   TIME    DIR
------------------------------------------------------------------------------------
 1   4.4  10.9   12.55  -0.2    6.15  13.9   0.0   0.3   0.8  16.1    7.50   ESE
 2   3.3   6.4   16.00  -0.4    7.15  15.0   0.0   0.3   1.0  12.9    9.35   WSW
 3   3.4   4.6   13.05   2.3    8.05  14.9   0.0   0.3   1.6  12.9    7.15   WSW
 4   2.9   4.1   16.05   1.4    7.05  15.3   0.0   0.0   1.1  11.3   19.00   WSW
 5   4.8   5.8   12.50   3.7    0.05  13.5   0.0   0.3   1.9  19.3   11.05   WSW
 6   5.8   6.9   15.35   4.4    0.35  12.5   0.0   0.5   0.0   4.8    2.25    SW
 7   7.2   8.1   13.55   6.2   00.00  11.1   0.0   0.0   0.2   6.4    0.15    SW
 8   6.3   9.7   15.05   3.5    6.55  12.0   0.0   0.0   1.6  14.5   20.55   WSW
 9   5.3   5.8    0.10   4.4   23.10  13.0   0.0   0.3   0.8  11.3   22.40   WSW
10   3.3   4.6    0.05   2.1   21.50  15.0   0.0   0.0   1.0  12.9    9.30   WSW
11   1.3   3.2   15.00  -0.4   21.45  17.0   0.0   0.0   1.4  12.9    3.00   WSW
12   2.1   8.7   14.45  -0.9    5.45  16.2   0.0   0.3   0.3   8.0   12.25   WSW
13   5.1   7.3   15.40   2.2    1.35  13.3   0.0   0.3   0.6   9.7   13.45   WSW
14   6.0   7.6   13.45   3.8   23.40  12.3   0.0   0.0   0.2   8.0    0.40   ENE
15   5.9   8.5   15.25   3.5    1.05  12.4   0.0   0.0   0.6  11.3   12.40   WSW
16   7.6  10.5   14.05   5.7    4.05  10.7   0.0   0.0   0.8  11.3   12.35   WSW
17   6.8  11.3   15.40   3.2    8.30  11.5   0.0   0.0   1.1  14.5   11.10   WSW
18   6.0  10.3   14.00   2.6    2.55  12.3   0.0   0.0   0.6  12.9   12.50   WSW
19   6.7  11.3   14.35   2.2    8.20  11.6   0.0   0.0   1.0  11.3   12.05   WSW
20   6.5  11.7   15.00   1.7    7.45  11.8   0.0   0.3   1.3  14.5   13.35   WSW
21   6.3   7.9   23.50   4.7    4.30  12.0   0.0   1.0   0.0   8.0   23.45    SW
22   8.7  11.5   15.00   7.2    7.10   9.6   0.0   0.0   0.8  12.9   16.15   WSW
23   7.1   8.5   15.40   5.7    7.10  11.2   0.0   0.5   0.6  12.9   22.20   ESE
24   7.1   8.2   15.35   5.9    4.05  11.3   0.0   2.3   1.3  12.9    1.50   WSW
25   6.6   7.8   13.05   2.7   00.00  11.7   0.0   0.0   1.0  12.9    0.05   WSW
26   3.7   4.8   15.10   2.6    0.10  14.7   0.0   0.3   0.6  11.3   10.55   WSW
27   2.1   2.9    0.05   1.0    8.45  16.2   0.0   0.3   0.2   9.7    6.55   WSW
28   1.3   2.8   14.35   0.0    9.25  17.0   0.0   0.3   0.6  11.3    7.05   WSW
29   0.5   2.3   15.10  -1.0    5.45  17.8   0.0   0.0   0.3  11.3   14.15   WSW
30   4.9   9.6   14.35   1.3    0.05  13.4   0.0   0.3   0.3  16.1   13.40    SE
31   4.1   5.3   14.05   2.8    1.50  14.2   0.0   0.0   0.2   8.0   12.55   ESE
-------------------------------------------------------------------------------------
     4.9  11.7    20    -1.0    29   414.5   0.0   7.4   0.8  19.3     5     WSW

Max >=  32.0:  0
Max <=   0.0:  0
Min <=   0.0:  6
Min <= -18.0:  0
Max Rain: 2.29 ON 24/12/15
Days of Rain: 16 (> .2 mm) 1 (> 2 mm) 0 (> 20 mm)
Heat Base:  18.3  Cool Base:  18.3  Method: Integration