NOAA-Style Climate Reports


Report for 2016 Gennaio
                   MONTHLY CLIMATOLOGICAL SUMMARY for JAN. 2016

NAME: Lodi   CITY: Lodi   STATE: Italy 
ELEV:    78 m  LAT:  45° 17' 57" N  LONG:   9° 31' 14" E

                   TEMPERATURE (°C), RAIN  (mm), WIND SPEED (km/hr)

                                      HEAT  COOL        AVG
    MEAN                              DEG   DEG         WIND                 DOM
DAY TEMP  HIGH   TIME   LOW    TIME   DAYS  DAYS  RAIN  SPEED HIGH   TIME    DIR
------------------------------------------------------------------------------------
 1   1.4   2.8    0.05  -1.3    6.35  16.9   0.0   0.0   0.6  11.3    6.35   WSW
 2   0.9   1.8   10.30   0.3   21.25  17.4   0.0   6.3   0.3  12.9    4.40   ENE
 3   1.4   2.5   16.30   0.2    7.00  16.9   0.0   7.6   0.5  20.9    7.00   WSW
 4   2.0   3.1   14.20   0.7    3.00  16.3   0.0   2.3   0.8  12.9   14.35   WSW
 5   3.1   4.2   14.55   2.3    0.05  15.2   0.0   0.3   0.5  12.9   22.35    SW
 6   4.6   8.6   14.15   2.5   22.35  13.8   0.0   0.0   2.1  16.1   15.15   WSW
 7   2.8   5.3   16.05   0.2    6.45  15.5   0.0   0.0   0.6  16.1   23.30     W
 8   2.4   5.2   15.25  -1.2    8.35  15.9   0.0   0.3   1.3  14.5    0.05   WSW
 9   4.1   4.9   23.30   3.3    0.10  14.2   0.0   7.4   1.4  16.1    4.50   WSW
10   5.7   8.9   13.10   3.9    7.10  12.6   0.0   0.0   1.4  14.5   16.10     W
11   6.4   7.3   11.25   5.7    3.45  11.9   0.0   0.0   2.4  24.1   18.40     W
12   8.1  13.4   15.05   1.1    6.50  10.2   0.0   0.0   4.0  30.6   10.25   WSW
13   7.7  12.6   15.40   3.8    6.40  10.6   0.0   0.0   9.5  33.8   14.55   WSW
14   2.6   6.5    0.05   0.7    7.20  15.7   0.0   0.0   0.2  14.5   12.35    SW
15   4.8  10.9   14.45   0.3    8.20  13.5   0.0   0.0   7.2  33.8   15.20     W
16   4.2  10.2   16.10  -0.9    6.55  14.1   0.0   0.0   5.0  32.2   17.45    NW
17   5.9   8.9   14.10   1.6   00.00  12.4   0.0   0.0  15.0  41.8   12.50    NW
18   1.1   5.7   13.20  -3.6    7.15  17.3   0.0   0.0   0.6  14.5   10.20   WSW
19   0.0   4.9   14.30  -4.2    7.15  18.3   0.0   0.0   0.0   3.2   13.10   SSE
20   0.5   4.8   16.00  -2.7    6.35  17.8   0.0   0.0   0.2   8.0   14.35    SW
21   1.0   5.4   14.50  -2.9    8.10  17.3   0.0   0.0   0.3  12.9   13.25   ESE
22   0.9   6.8   15.10  -2.9    6.45  17.4   0.0   0.0   1.1  14.5    8.35   WSW
23   2.6   7.7   15.15  -0.7    7.40  15.7   0.0   0.0   1.1  17.7   11.35   WSW
24   2.1   7.4   14.30  -2.3    7.40  16.2   0.0   0.0   0.8  11.3   12.20   WSW
25   4.1  11.2   15.00  -0.8    7.00  14.2   0.0   0.0   0.5  14.5   10.25    SW
26   6.4  14.1   15.15   0.8    8.10  11.9   0.0   0.0   1.0  12.9    8.00    SW
27   6.6  10.9   16.20   2.2    4.10  11.8   0.0   0.0   0.2  11.3   22.30    SW
28   8.4  10.6   15.25   6.7    6.25   9.8   0.0   0.0   0.6  11.3   12.35    SW
29   9.9  14.3   15.35   7.0   23.00   8.4   0.0   0.0   1.1  16.1   11.15   WSW
30   7.5   8.1   16.25   7.1    7.20  10.8   0.0   4.1   0.0   0.0     ---   ---
31   7.0  10.0   16.05   4.8   22.50  11.3   0.0   0.0   1.8  17.7   12.00   WSW
-------------------------------------------------------------------------------------
     4.1  14.3    29    -4.2    19   441.1   0.0  28.2   2.0  41.8    17     WSW

Max >=  32.0:  0
Max <=   0.0:  0
Min <=   0.0: 11
Min <= -18.0:  0
Max Rain: 7.62 ON 03/01/16
Days of Rain: 7 (> .2 mm) 5 (> 2 mm) 0 (> 20 mm)
Heat Base:  18.3  Cool Base:  18.3  Method: Integration