NOAA-Style Climate Reports


Report for 2016 Febbraio
                   MONTHLY CLIMATOLOGICAL SUMMARY for FEB. 2016

NAME: Lodi   CITY: Lodi   STATE: Italy 
ELEV:    78 m  LAT:  45° 17' 57" N  LONG:   9° 31' 14" E

                   TEMPERATURE (°C), RAIN  (mm), WIND SPEED (km/hr)

                                      HEAT  COOL        AVG
    MEAN                              DEG   DEG         WIND                 DOM
DAY TEMP  HIGH   TIME   LOW    TIME   DAYS  DAYS  RAIN  SPEED HIGH   TIME    DIR
------------------------------------------------------------------------------------
 1   5.6   7.1   19.40   4.1    8.00  12.7   0.0   0.3   1.0  12.9    2.50   ENE
 2   7.4   8.5   15.35   6.4    7.00  10.9   0.0   0.0   0.2   6.4    1.05   SSW
 3   8.1   9.9   21.35   6.1   19.45  10.3   0.0   5.1   3.2  40.2   23.40    SW
 4   9.3  13.8   14.55   4.3    8.40   9.0   0.0   0.0   8.0  37.0    7.50    NW
 5   6.8  11.9   15.25   0.5    7.55  11.5   0.0   0.0   1.9  25.7    0.35     E
 6   5.0   7.1   15.10   2.2    6.50  13.3   0.0   0.0   0.5  11.3   14.20   WSW
 7   5.2   7.3   14.10   4.3   20.40  13.1   0.0  28.2   2.3  20.9   21.45   WSW
 8   7.1   9.9   13.20   4.6    1.00  11.2   0.0   0.3   1.8  17.7    1.45   WSW
 9   7.3   9.7   11.50   4.4    5.30  10.9   0.0  16.0   2.6  25.7   19.20     E
10   8.6  13.2   15.05   4.9   00.00   9.7   0.0   0.3   7.2  35.4    2.00     W
11   5.8  11.9   15.55   0.9    5.45  12.5   0.0   0.0   1.6  17.7    0.45   WSW
12   4.6   7.9   12.25   2.6   22.05  13.7   0.0   9.1   0.2  11.3   15.30     E
13   4.1   7.3   16.40   1.8    7.40  14.2   0.0   0.0   1.6  22.5   10.05     W
14   4.9   5.6   18.35   4.4    4.55  13.3   0.0   5.8   0.2   8.0    6.40   WSW
15   7.1  10.9   15.00   4.4    1.10  11.2   0.0   0.0   0.8  17.7   23.35    SW
16   7.6   8.2    0.05   6.8    6.15  10.7   0.0  10.4   0.6  17.7   10.20    SE
17   5.9   7.7   16.10   4.0    6.45  12.4   0.0   6.9   1.1  20.9    4.55     S
18   6.5  10.4   14.45   3.0    5.45  11.8   0.0   0.0   3.2  27.4   14.35   WSW
19   7.8  14.2   16.00   2.9    7.50  10.5   0.0   0.0   1.3  19.3   12.50   WSW
20   7.6  12.2   15.45   2.9    6.40  10.7   0.0   0.0   0.6  14.5    0.50    NW
21   9.9  16.1   15.55   3.6    7.20   8.3   0.0   0.0   1.6  19.3    2.50    NW
22   9.3  13.3   13.15   4.9    6.20   9.0   0.0   0.0   0.3  12.9   15.35   ENE
23  10.3  13.9   15.55   6.9   00.00   8.0   0.0   0.0   1.0  17.7   14.25   WSW
24   7.5  12.2   13.55   2.0    7.15  10.8   0.0   0.5   2.7  29.0   13.35     E
25   7.6  10.1   15.15   4.4   00.00  10.7   0.0   0.0   1.0  14.5   10.45   ESE
26   4.7   8.8   15.20   0.3    5.35  13.6   0.0   2.8   2.9  25.7   15.15   ESE
27   5.3   6.2   12.30   4.7    5.35  13.0   0.0  18.5   1.6  16.1   11.15   ESE
28   7.3   9.6   23.55   4.1   10.15  11.0   0.0  29.2   4.2  40.2    4.25    SE
29   9.9  12.7   13.00   8.1    2.55   8.4   0.0  18.3   4.7  33.8    8.35     E
-------------------------------------------------------------------------------------
     7.0  16.1    21     0.3    26   326.7   0.0 151.6   2.1  40.2     3     WSW

Max >=  32.0:  0
Max <=   0.0:  0
Min <=   0.0:  0
Min <= -18.0:  0
Max Rain: 29.21 ON 28/02/16
Days of Rain: 15 (> .2 mm) 11 (> 2 mm) 2 (> 20 mm)
Heat Base:  18.3  Cool Base:  18.3  Method: Integration