NOAA-Style Climate Reports


Report for 2016 Marzo
                   MONTHLY CLIMATOLOGICAL SUMMARY for MAR. 2016

NAME: Lodi   CITY: Lodi   STATE: Italy 
ELEV:    78 m  LAT:  45° 17' 57" N  LONG:   9° 31' 14" E

                   TEMPERATURE (°C), RAIN  (mm), WIND SPEED (km/hr)

                                      HEAT  COOL        AVG
    MEAN                              DEG   DEG         WIND                 DOM
DAY TEMP  HIGH   TIME   LOW    TIME   DAYS  DAYS  RAIN  SPEED HIGH   TIME    DIR
------------------------------------------------------------------------------------
 1  10.3  16.9   16.00   5.0    8.10   8.0   0.0   0.3   0.6  16.1    8.20    SW
 2   9.8  14.7   14.10   4.8    7.35   8.5   0.0   7.6   2.6  51.5   22.55     E
 3  10.1  15.1   14.00   4.0   23.55   8.2   0.0   0.0  10.5  45.1   10.50    NW
 4   6.6  12.0   14.50   0.4    6.35  11.7   0.0   0.0   0.8  22.5   10.35   WSW
 5   4.6   8.0    9.50   1.8   00.00  13.7   0.0  27.9   7.4  48.3   10.25   WSW
 6   2.7   4.6   17.35   0.8    5.20  15.6   0.0   0.3   0.0   4.8   23.40   WSW
 7   4.8   9.9   16.25   1.6    6.40  13.5   0.0   0.0   1.6  16.1   10.30   WSW
 8   5.2   9.2   13.50   1.3    5.00  13.1   0.0   0.0   0.8  25.7   15.40    SE
 9   6.1  10.7   15.35   2.9    7.00  12.3   0.0   0.0   0.5  14.5   15.00     S
10   9.1  14.7   14.40   4.2    7.25   9.2   0.0   0.0   0.5  12.9   17.20   SSW
11   9.3  13.0   14.35   5.7    6.50   9.0   0.0   0.0   0.8  17.7   12.05    SE
12  11.6  15.9   15.55   8.3    6.30   6.7   0.0   0.0   1.3  19.3   14.35   ESE
13  11.3  14.9   15.20   8.6    7.50   7.0   0.0   0.0   1.0  16.1   11.00   SSE
14  10.7  14.7   14.45   7.4   00.00   7.6   0.0   0.0   1.0  16.1   12.55   SSE
15   8.8  13.7   14.30   4.3    6.20   9.5   0.0   0.0   3.7  41.8   21.35   ESE
16   7.1   9.2   15.10   4.7    2.55  11.3   0.0   8.1  10.5  48.3    9.50   ESE
17   9.4  13.7   15.40   5.6    6.40   8.8   0.0   0.0   0.3  14.5   10.55   ENE
18  10.1  16.8   15.35   3.6    6.00   8.2   0.0   0.0   2.1  24.1   13.10   WSW
19  11.9  19.2   15.45   4.8    6.10   6.5   0.1   0.0   1.6  19.3   12.10   WSW
20  12.0  17.7   15.45   5.5    7.00   6.3   0.0   0.0   1.3  17.7   10.40   WSW
21  12.1  17.8   14.15   5.9    6.35   6.2   0.0   0.0   0.8  14.5   13.05    SE
22  10.4  15.7   16.50   6.7    6.20   7.9   0.0   0.0   1.4  19.3   18.35    SE
23  10.4  14.7   15.30   6.4   23.55   7.9   0.0   0.0   2.1  24.1   18.35    SE
24  10.3  17.1   15.40   3.8    6.00   8.0   0.0   0.0   0.8  14.5   14.50   ESE
25  11.1  15.6   14.35   6.3    6.35   7.2   0.0   0.0   1.1  17.7   13.00     W
26  11.6  17.7   15.05   5.2    5.25   6.7   0.0   0.0   0.8  16.1   12.25    SE
27  12.2  18.2   15.40   5.8    7.50   5.9   0.0   1.5   1.0  14.5   12.15     W
28  11.2  13.9   17.40   9.6    7.00   7.1   0.0   4.6   0.6  11.3    0.25     E
29  13.5  19.4   15.20   6.7    7.55   4.9   0.1   0.3   1.0  16.1   11.45    SW
30  14.0  16.1   16.15  12.1    8.10   4.3   0.0   0.0   1.0  16.1   15.30   ENE
31  14.0  18.3   16.15   8.8    6.40   4.3   0.0   0.0   1.3  25.7   13.35   ESE
-------------------------------------------------------------------------------------
     9.7  19.4    29     0.4     4   265.3   0.2  50.5   2.0  51.5     2     WSW

Max >=  32.0:  0
Max <=   0.0:  0
Min <=   0.0:  0
Min <= -18.0:  0
Max Rain: 27.94 ON 05/03/16
Days of Rain: 8 (> .2 mm) 4 (> 2 mm) 1 (> 20 mm)
Heat Base:  18.3  Cool Base:  18.3  Method: Integration