NOAA-Style Climate Reports


Report for 2016 Aprile
                   MONTHLY CLIMATOLOGICAL SUMMARY for APR. 2016

NAME: Lodi   CITY: Lodi   STATE: Italy 
ELEV:    78 m  LAT:  45° 17' 57" N  LONG:   9° 31' 14" E

                   TEMPERATURE (°C), RAIN  (mm), WIND SPEED (km/hr)

                                      HEAT  COOL        AVG
    MEAN                              DEG   DEG         WIND                 DOM
DAY TEMP  HIGH   TIME   LOW    TIME   DAYS  DAYS  RAIN  SPEED HIGH   TIME    DIR
------------------------------------------------------------------------------------
 1  14.2  17.6   15.25  10.9    6.40   4.1   0.0   0.0   0.8  22.5    0.10   ESE
 2  15.0  19.1   16.55  12.1    7.45   3.4   0.0   0.0   2.6  22.5   13.05     E
 3  15.8  20.7   16.40  10.9    7.00   3.0   0.5   0.0   0.2  11.3   12.15   WSW
 4  14.4  17.2   15.45  11.4    7.20   3.8   0.0   0.0   2.1  19.3   22.25     E
 5  13.8  17.8   17.10  11.0    5.30   4.5   0.0   0.0   1.6  16.1    0.05   WSW
 6  16.1  22.0   17.10  11.2    6.15   3.0   0.8   0.0   1.0  12.9    7.40   WSW
 7  16.0  21.0   15.20  11.9    8.50   2.7   0.4   0.0   2.3  20.9   14.30   ESE
 8  14.6  19.0   16.55  11.1    7.05   3.7   0.0   0.0   1.3  22.5   18.05   ESE
 9  15.2  19.3   17.30  11.8    6.45   3.2   0.1   0.0   1.4  22.5   10.55   WSW
10  15.4  21.8   17.20   9.2    7.00   3.6   0.7   0.0   1.1  19.3   22.15    NW
11  16.1  22.6   17.05   9.4    6.00   3.1   0.9   0.0   1.3  19.3   11.10    NW
12  16.6  21.6   17.05   8.9    6.50   2.5   0.8   0.0   1.1  19.3   14.25     W
13  16.4  21.4   14.55  11.5    7.20   2.6   0.7   7.9   1.6  30.6   22.55    NW
14  16.6  23.7   16.40  10.5    7.40   3.2   1.4   1.5   2.9  27.4   11.45   WSW
15  15.4  19.8   13.30   8.9    6.50   3.2   0.3   0.0   0.3  19.3   14.00    NW
16  16.6  22.6   14.35   9.9    7.20   2.7   1.1   0.0   0.8  16.1   12.30     E
17  17.4  23.3   16.40  12.2    6.50   1.8   1.0   0.0   2.1  24.1   18.35     N
18  17.1  23.9   16.05  12.2   00.00   2.5   1.3   0.0   2.3  27.4   17.10   NNW
19  15.4  22.2   16.05   9.3    3.25   3.8   0.8   0.0   1.9  24.1    8.45     S
20  16.0  21.5   16.20  10.1    6.40   3.0   0.7   0.0   2.6  25.7    9.55   ESE
21  16.2  21.6   15.35  10.3    7.05   2.8   0.7   0.0   0.8  16.1   11.50    SE
22  17.9  23.6   16.20  13.3    7.20   1.7   1.4   0.0   1.6  20.9   18.40   WSW
23  16.3  19.7   15.40  13.2   00.00   2.2   0.2   0.5   1.3  32.2   23.55    NW
24  13.6  20.8   14.45   8.5   22.45   4.9   0.2   2.8   3.4  37.0   17.50   ESE
25  12.0  17.8   16.10   5.1    6.30   6.3   0.0   0.0   4.2  35.4   10.40    NW
26  11.8  17.3   16.30   5.9    5.45   6.5   0.0   0.3   1.8  20.9   10.40   ESE
27  13.2  18.9   15.45   7.8    6.15   5.2   0.0   0.0   4.5  30.6   14.20   NNW
28  11.6  15.5   18.15   8.3    8.50   6.7   0.0   0.0   4.2  40.2    3.15   ESE
29  14.1  19.2   17.40   9.3    8.00   4.2   0.1   3.0   1.9  19.3    4.15   ESE
30  14.6  20.5   16.35   9.7    6.15   4.0   0.3   5.6   3.5  29.0   19.20   ESE
-------------------------------------------------------------------------------------
    15.2  23.9    18     5.1    25   108.1  14.6  21.6   1.9  40.2    28     ESE

Max >=  32.0:  0
Max <=   0.0:  0
Min <=   0.0:  0
Min <= -18.0:  0
Max Rain: 7.87 ON 13/04/16
Days of Rain: 7 (> .2 mm) 4 (> 2 mm) 0 (> 20 mm)
Heat Base:  18.3  Cool Base:  18.3  Method: Integration