NOAA-Style Climate Reports


Report for 2016 Maggio
                   MONTHLY CLIMATOLOGICAL SUMMARY for MAY. 2016

NAME: Lodi   CITY: Lodi   STATE: Italy 
ELEV:    78 m  LAT:  45° 17' 57" N  LONG:   9° 31' 14" E

                   TEMPERATURE (°C), RAIN  (mm), WIND SPEED (km/hr)

                                      HEAT  COOL        AVG
    MEAN                              DEG   DEG         WIND                 DOM
DAY TEMP  HIGH   TIME   LOW    TIME   DAYS  DAYS  RAIN  SPEED HIGH   TIME    DIR
------------------------------------------------------------------------------------
 1  10.9  13.2   16.15   9.4    8.25   7.4   0.0   7.1   1.0  24.1   11.10    NW
 2  13.3  17.0   17.05  10.1    5.25   5.0   0.0   0.0   1.6  24.1   15.35   WSW
 3  17.3  24.7   16.45  10.8    6.55   2.7   1.7   0.0   3.5  25.7   23.00    SW
 4  17.8  23.4   17.30  10.4    6.15   2.1   1.6   0.0   1.3  20.9    0.05    SW
 5  16.6  21.5   17.00  12.0    6.50   2.3   0.6   0.0   3.1  37.0    2.10    SE
 6  17.5  23.5   15.55  10.8    6.25   2.4   1.6   0.0   1.0  19.3   15.05    SE
 7  18.3  24.4   16.10  11.6    5.55   1.9   1.9   0.0   1.0  25.7   18.45   ESE
 8  18.4  23.8   14.40  13.2    6.25   1.1   1.2   0.0   1.9  22.5   13.30   ESE
 9  16.2  18.1    0.30  13.8    8.05   2.1   0.0   2.5   1.0  16.1   12.00   NNW
10  16.4  19.1   17.05  14.2    4.05   2.0   0.0   4.3   1.0  14.5   17.20   WSW
11  15.0  16.0    0.20  13.7   23.00   3.3   0.0  17.5   5.0  33.8   19.40   ESE
12  14.9  19.9   12.35  12.5   16.10   3.4   0.0   3.3   1.1  22.5   14.20   ESE
13  15.3  19.3   17.40  12.6    5.45   3.1   0.1   0.8   0.0   6.4   19.10   ESE
14  17.4  24.6   17.00  12.1    7.00   2.3   1.4   3.0   1.6  33.8   18.20   WSW
15  17.2  24.1   17.20  12.4    5.45   2.5   1.3   0.0   2.4  27.4   20.45   ESE
16  15.1  19.8   17.20  11.1    6.15   3.4   0.2   0.0   2.1  22.5   20.55   ESE
17  15.9  21.5   16.35  10.1    5.55   3.1   0.7   0.0   0.8  14.5   14.25    SE
18  17.2  22.6   18.20  10.8    5.45   2.3   1.2   0.0   1.3  20.9   20.40   WNW
19  13.3  17.3    0.05  11.1   12.00   5.0   0.0  13.0   2.9  30.6   16.00   NNW
20  17.3  24.2   17.30   9.7    5.10   2.8   1.8   0.3   1.0  17.7    8.15    SW
21  20.2  27.1   17.35  13.1    6.10   1.4   3.3   0.0   0.6  11.3    9.05   ESE
22  21.3  26.9   16.00  15.1    6.00   0.6   3.6   0.0   1.1  16.1   12.25    SE
23  16.8  20.7   11.35  12.3   00.00   1.7   0.2   3.3   4.2  38.6   11.35   ESE
24  18.4  25.7   17.05  11.8    5.50   2.2   2.4   0.0   2.3  29.0   19.30   WSW
25  18.9  24.8   16.40  12.8    6.00   1.4   2.0   0.0   2.6  25.7   13.00   WSW
26  20.6  26.5   16.10  14.0    5.50   1.0   3.2   0.0   0.8  19.3   11.50    SW
27  22.6  27.9   15.25  16.1    5.10   0.4   4.6   0.0   0.8  17.7   14.00   ENE
28  23.4  28.6   16.45  17.4    6.05   0.1   5.1   0.0   2.7  20.9    9.45   ESE
29  18.1  21.9    0.05  16.2   21.10   0.6   0.4  16.0   2.3  25.7   10.50     E
30  16.7  19.8   11.50  13.9   13.05   1.6   0.1  32.3   0.3  25.7   12.15    SE
31  17.6  23.9   14.00  15.2   23.55   1.4   0.7   0.3   1.4  25.7   16.05     N
-------------------------------------------------------------------------------------
    17.3  28.6    28     9.4     1    72.5  40.9 103.6   1.7  38.6    23     ESE

Max >=  32.0:  0
Max <=   0.0:  0
Min <=   0.0:  0
Min <= -18.0:  0
Max Rain: 32.26 ON 30/05/16
Days of Rain: 13 (> .2 mm) 10 (> 2 mm) 1 (> 20 mm)
Heat Base:  18.3  Cool Base:  18.3  Method: Integration