NOAA-Style Climate Reports


Report for 2016 Giugno
                   MONTHLY CLIMATOLOGICAL SUMMARY for JUN. 2016

NAME: Lodi   CITY: Lodi   STATE: Italy 
ELEV:    78 m  LAT:  45° 17' 57" N  LONG:   9° 31' 14" E

                   TEMPERATURE (°C), RAIN  (mm), WIND SPEED (km/hr)

                                      HEAT  COOL        AVG
    MEAN                              DEG   DEG         WIND                 DOM
DAY TEMP  HIGH   TIME   LOW    TIME   DAYS  DAYS  RAIN  SPEED HIGH   TIME    DIR
------------------------------------------------------------------------------------
 1  17.6  23.0   14.35  13.8    5.30   1.5   0.8   0.8   0.5  16.1   18.25   NNW
 2  18.1  22.8   17.05  15.7    3.05   1.2   0.9   0.0   1.3  25.7   18.30   WSW
 3  19.3  23.7   15.55  15.7    6.15   0.7   1.7   0.3   1.0  14.5   14.40   ESE
 4  18.6  22.1   17.10  16.1    9.50   0.5   0.8   6.1   1.4  12.9    8.20   WSW
 5  19.8  26.2   16.30  15.4    6.05   0.6   2.1   0.3   1.8  24.1   17.30   WSW
 6  21.4  26.2   17.35  17.1    6.50   0.1   3.3   0.0   1.0  19.3   12.45   ENE
 7  22.3  28.6   16.50  17.1    5.35   0.1   4.1   0.0   1.4  22.5   18.25     N
 8  21.1  28.4   15.20  17.1   22.25   0.2   3.0  17.5   1.8  27.4   18.00     S
 9  18.8  24.7   16.40  15.9   18.30   0.8   1.3   5.8   0.8  33.8   17.30    SE
10  20.5  25.4   15.35  14.8    5.55   0.7   2.9   0.3   0.6  16.1   14.45   ESE
11  20.4  25.3   16.40  17.7    5.00   0.1   2.2   0.0   1.9  17.7    9.30     N
12  19.8  24.7   17.25  15.5    8.45   0.4   1.9   1.8   0.6  12.9    7.15    SE
13  21.2  26.6   15.25  15.5    5.55   0.5   3.4   0.0   1.4  19.3   17.20    SE
14  19.9  25.1   16.25  15.1   00.00   0.5   2.1  12.7   3.7  27.4   22.15    SE
15  19.3  25.4   17.10  14.0    5.25   1.2   2.3   6.3   1.8  20.9    0.20   NNW
16  21.3  26.2   15.35  16.5    3.45   0.2   3.2   0.0   5.6  41.8   16.05     E
17  21.2  26.4   16.40  15.7    5.30   0.3   3.2   0.0   2.3  24.1   18.20     N
18  19.7  25.2   16.15  15.1    5.45   0.7   2.1   0.0   1.6  24.1   18.15     N
19  18.8  23.0   13.20  16.1    7.05   0.7   1.1   0.3   1.6  20.9   14.10     N
20  21.7  28.6   16.55  15.1    5.05   0.7   4.2   0.0   1.8  20.9   16.25   WSW
21  23.9  28.9   15.50  18.6    5.40   0.0   5.9   0.0   0.5  11.3    7.35     N
22  25.3  31.2   16.35  18.8    5.45   0.0   7.0   0.0   0.5  12.9   13.20     N
23  26.9  32.5   16.20  20.7    5.40   0.0   8.6   0.0   0.6  14.5   15.30     N
24  27.9  33.5   16.20  21.6    5.50   0.0   9.6   0.0   0.2  12.9   13.15     N
25  27.5  32.7   16.15  22.7    6.20   0.0   9.2   0.0   2.7  32.2   16.50     N
26  25.4  31.2   17.05  19.8   23.40   0.0   7.1   2.5   1.9  27.4   22.20     N
27  24.4  30.2   16.45  18.9    4.25   0.0   6.1   0.3   1.0  14.5   22.35     N
28  24.7  29.8   16.35  19.2    6.05   0.0   6.4   0.0   1.8  17.7   11.05     N
29  25.7  31.0   16.35  19.8    5.15   0.0   7.4   0.0   1.6  17.7   13.05     N
30  25.7  30.2   14.55  20.8    6.30   0.0   7.4   0.0   2.1  19.3   15.05     N
-------------------------------------------------------------------------------------
    22.0  33.5    24    13.8     1    11.7 121.5  54.9   1.6  41.8    16       N

Max >=  32.0:  3
Max <=   0.0:  0
Min <=   0.0:  0
Min <= -18.0:  0
Max Rain: 17.53 ON 08/06/16
Days of Rain: 13 (> .2 mm) 6 (> 2 mm) 0 (> 20 mm)
Heat Base:  18.3  Cool Base:  18.3  Method: Integration