NOAA-Style Climate Reports


Report for 2016 Agosto
                   MONTHLY CLIMATOLOGICAL SUMMARY for AUG. 2016

NAME: Lodi   CITY: Lodi   STATE: Italy 
ELEV:    78 m  LAT:  45° 17' 57" N  LONG:   9° 31' 14" E

                   TEMPERATURE (°C), RAIN  (mm), WIND SPEED (km/hr)

                                      HEAT  COOL        AVG
    MEAN                              DEG   DEG         WIND                 DOM
DAY TEMP  HIGH   TIME   LOW    TIME   DAYS  DAYS  RAIN  SPEED HIGH   TIME    DIR
------------------------------------------------------------------------------------
 1  23.3  28.9   15.40  18.9    5.30   0.0   5.0   2.3   2.1  22.5    0.05     N
 2  24.0  28.9   16.35  18.8    6.00   0.0   5.7   0.0   1.0  12.9    9.40     N
 3  25.3  31.1   16.25  19.3    6.30   0.0   7.0   0.0   0.8  12.9   16.15     N
 4  26.4  32.0   15.50  21.0    6.30   0.0   8.1   0.0   1.6  16.1   22.55     N
 5  21.7  25.4    0.05  17.9   11.00   0.0   3.4  12.4   3.2  45.1   10.25     N
 6  22.5  28.7   15.45  15.9    6.25   0.3   4.5   0.0   1.1  16.1   17.30   SSE
 7  24.1  29.1   16.30  19.5    4.45   0.0   5.7   0.0   0.6  12.9   11.10     N
 8  23.7  29.1   16.05  18.0    5.05   0.0   5.4   0.0   0.8  11.3   10.30     N
 9  24.4  29.8   16.45  18.9    5.40   0.0   6.1   0.0   0.8  12.9   20.05     N
10  21.7  26.5   16.40  16.4   23.50   0.1   3.5   2.5   2.1  29.0   23.30     N
11  19.9  25.1   16.15  14.7    5.35   0.9   2.5   0.0   1.4  29.0    0.05     N
12  20.4  25.8   16.25  14.7    6.35   0.7   2.9   0.0   1.1  17.7    9.55     N
13  22.1  27.7   17.05  15.9    6.25   0.3   4.1   0.0   0.8  14.5   12.25     N
14  24.1  29.9   16.20  17.7    6.10   0.0   5.8   0.0   0.6  14.5   13.15     N
15  25.8  31.9   16.55  20.8    4.20   0.0   7.5   0.0   0.5  17.7   16.05     N
16  25.4  30.7   16.55  20.2    6.45   0.0   7.2   0.0   1.6  20.9   13.05     N
17  25.3  31.4   17.20  20.4    6.05   0.0   7.0   0.0   2.9  20.9   11.20     N
18  23.5  29.6   17.45  19.2    6.15   0.0   5.2   8.1   1.3  33.8   21.20     N
19  23.7  28.6   16.40  18.9    6.50   0.0   5.4   0.0   0.6  16.1   12.05     N
20  23.3  28.0   15.05  20.7    6.15   0.0   5.0   1.0   1.8  17.7   16.30     N
21  24.2  29.3   17.45  20.3    5.05   0.0   5.9   0.0   2.3  19.3   14.55     N
22  22.9  27.6   17.05  17.5    6.35   0.0   4.6   0.0   1.4  17.7    3.05     N
23  22.9  28.8   17.05  16.9    6.00   0.2   4.8   0.0   1.0  14.5   13.55     N
24  23.9  29.9   17.05  17.7    6.15   0.0   5.6   0.0   0.8  14.5   12.20     N
25  24.3  29.6   16.10  18.9    7.00   0.0   6.0   0.0   1.3  16.1   16.30     N
26  24.1  29.5   17.05  18.4    6.15   0.0   5.8   0.0   1.6  19.3   14.40     N
27  25.0  30.8   16.35  18.9    6.10   0.0   6.7   0.0   0.6  12.9   12.05     N
28  26.0  33.0   17.10  19.7    5.30   0.0   7.7   0.0   1.4  16.1   12.35     N
29  26.2  32.2   16.40  20.7    7.15   0.0   7.9   0.0   1.6  19.3    9.55     N
30  22.3  25.7   18.20  19.1    7.40   0.0   3.9  25.4   1.1  30.6    2.35     N
31  24.0  29.3   16.15  19.3    7.20   0.0   5.7   0.0   1.8  17.7   10.45     N
-------------------------------------------------------------------------------------
    23.8  33.0    28    14.7    11     2.6 171.6  51.8   1.3  45.1     5       N

Max >=  32.0:  3
Max <=   0.0:  0
Min <=   0.0:  0
Min <= -18.0:  0
Max Rain: 25.40 ON 30/08/16
Days of Rain: 6 (> .2 mm) 5 (> 2 mm) 1 (> 20 mm)
Heat Base:  18.3  Cool Base:  18.3  Method: Integration