NOAA-Style Climate Reports


Report for 2020 Aprile
                   MONTHLY CLIMATOLOGICAL SUMMARY for APR. 2020

NAME: Lodi   CITY: Lodi   STATE: Italy 
ELEV:    78 m  LAT:  45° 17' 57" N  LONG:   9° 31' 14" E

                   TEMPERATURE (°C), RAIN  (mm), WIND SPEED (km/hr)

                                      HEAT  COOL        AVG
    MEAN                              DEG   DEG         WIND                 DOM
DAY TEMP  HIGH   TIME   LOW    TIME   DAYS  DAYS  RAIN  SPEED HIGH   TIME    DIR
------------------------------------------------------------------------------------
 1   6.6  10.6   15.30   2.8    2.55  11.7   0.0   0.0   2.9  24.1   11.30    SE
 2   7.8  13.9   18.55   1.6    6.35  10.5   0.0   0.0   0.8  27.4   13.45    SW
 3   9.9  16.4   17.20   2.8    6.45   8.4   0.0   0.0   1.8  16.1   13.55    SE
 4  12.2  18.8   16.40   5.4    7.30   6.2   0.0   0.0   2.1  20.9   14.35   ESE
 5  13.3  19.1   16.35   6.9    7.40   5.1   0.1   0.0   2.7  24.1   12.10    SE
 6  14.8  20.9   17.20   7.2    7.10   4.1   0.6   0.0   2.9  24.1   14.30   NNE
 7  15.4  22.2   17.20   8.1    6.00   3.7   0.9   0.0   3.4  22.5   16.10   ESE
 8  15.6  21.9   16.10   7.9    6.45   3.6   0.9   0.0   3.2  20.9   14.30     E
 9  16.1  23.6   16.50   8.6    7.15   3.6   1.4   0.0   2.6  16.1   15.10    SE
10  17.6  25.3   16.05   9.8    5.50   2.9   2.2   0.0   2.6  16.1   16.45     W
11  18.7  26.2   17.15  10.3    7.35   2.2   2.6   0.0   3.7  16.1   12.20    SW
12  18.2  25.2   17.00  10.2    7.05   2.0   1.9   0.0   3.5  17.7   20.50     W
13  17.4  23.1   15.05  12.0    6.45   2.1   1.2   0.0   4.3  19.3   22.00     W
14  16.1  24.9   16.20  10.2   00.00   3.4   1.2   0.0  10.1  57.9   18.20    NW
15  11.9  16.8   17.20   6.5    6.55   6.4   0.0   0.0   5.5  29.0   11.00   ESE
16  14.0  21.7   19.10   6.3    6.20   4.8   0.5   0.0   3.1  17.7   13.10   WSW
17  16.2  22.8   18.10   8.2    6.55   3.2   1.1   0.0   3.1  17.7    0.15    SW
18  17.7  24.1   16.45  10.2    6.35   2.1   1.5   0.0   4.2  20.9   14.00    NW
19  17.6  23.9   17.05  12.1    6.45   2.0   1.3   0.3   4.5  24.1   19.30   WSW
20  13.9  15.5    0.05  11.4   00.00   4.4   0.0   3.6   7.4  35.4    9.20   ESE
21  12.6  16.0   17.15  10.6    6.40   5.7   0.0   2.3   2.3  16.1    8.45    NW
22  15.4  21.6   16.40   9.2    6.45   3.6   0.7   0.0   4.5  30.6   11.45   SSE
23  15.6  21.7   16.50   8.9    6.50   3.5   0.7   0.0   3.5  20.9   11.55    SE
24  17.4  24.7   17.15  10.1    6.55   2.7   1.9   0.0   4.7  22.5   18.00   WSW
25  18.7  24.4   16.30  13.2    3.30   1.5   1.9   0.0   7.6  35.4   16.20    NW
26  18.5  23.7   18.00  13.6    7.15   1.4   1.6   0.0   3.5  17.7   13.50    NW
27  18.1  22.1   17.30  14.7    6.40   1.2   0.9   0.0   3.4  19.3   17.10     W
28  16.7  19.9   17.05  13.9    6.55   1.8   0.1   0.8   3.2  27.4   12.25   NNW
29  17.6  23.9   18.25  13.4    3.50   2.0   1.3   3.8   5.1  29.0   13.20   WSW
30  16.6  21.4   13.45  11.9    6.30   2.3   0.5   0.0   4.0  20.9   15.45   NNE
-------------------------------------------------------------------------------------
    15.3  26.2    11     1.6     2   118.1  27.2  10.7   3.9  57.9    14     ESE

Max >=  32.0:  0
Max <=   0.0:  0
Min <=   0.0:  0
Min <= -18.0:  0
Max Rain: 3.81 ON 29/04/20
Days of Rain: 5 (> .2 mm) 3 (> 2 mm) 0 (> 20 mm)
Heat Base:  18.3  Cool Base:  18.3  Method: Integration