NOAA-Style Climate Reports


Report for 2024 Aprile

Daily noaa report



                            MONTHLY CLIMATOLOGICAL SUMMARY for APR. 2024

NAME: Lodi San Bernardo   CITY: Lodi STATE: Italy
ELEV: 78 LAT: 045:17:57 LONG: -009:31:14

                            TEMPERATURE ( °C), RAIN (mm), WIND SPEED (kmh)

                                               HEAT     COOL           AVG
      MEAN                                     DEG      DEG            WIND                       DOM
DAY   TEMP    HIGH   TIME     LOW    TIME      DAYS     DAYS    RAIN   SPEED    HIGH    TIME      DIR
--------------------------------------------------------------------------------------------------------
01    14.9    20.3   17:01    09.6   00:00     03.4     00.0    03.3   10.0     55.5    18:39      E 
02    13.4    20.6   16:40    07.1   07:08     04.9     00.0    00.0   04.7     25.9    14:38      W 
03    12.1    15.8   14:22    09.7   04:30     06.2     00.0    00.0   04.0     18.5    15:55      NE
04    13.8    19.1   16:47    07.7   06:56     04.5     00.0    00.3   03.4     16.6    13:46      W 
05    15.9    21.2   16:59    11.7   04:17     02.4     00.0    00.0   04.7     20.4    19:20      W 
06    16.8    22.8   17:52    10.2   07:25     01.5     00.0    00.0   04.3     24.1    13:38      W 
07    18.1    24.2   15:24    11.8   07:10     00.2     00.0    00.0   03.4     18.5    15:23      W 
08    19.2    25.2   17:07    13.7   07:45     00.0     00.9    00.0   02.6     12.9    18:10     SSE
09    15.8    19.7   15:02    13.1   07:23     02.5     00.0    00.3   03.9     18.5    22:32     SSE
10    11.1    13.6   00:01    09.6   09:19     07.2     00.0    44.7   06.2     35.1    02:56     WNW
11    15.7    22.3   16:30    10.4   07:14     02.6     00.0    00.0   04.7     18.5    05:33      SW
12    18.7    25.7   16:31    12.3   06:22     00.0     00.4    00.0   02.9     16.6    08:30     SSW
13    20.1    27.1   16:08    13.3   07:05     00.0     01.8    00.0   01.9     11.1    16:49      E 
14    21.7    28.8   17:01    15.4   07:12     00.0     03.4    00.0   03.0     16.6    17:07      W 
15    19.3    23.6   14:31    15.4   06:46     00.0     01.0    00.0   04.8     22.2    16:19     WNW
16    17.0    23.3   12:24    09.9   00:00     01.3     00.0    00.0   13.0     66.6    17:43      NW
17    12.1    20.0   16:21    07.8   04:55     06.2     00.0    00.0   07.0     31.4    16:23     WSW
18    10.8    14.1   14:40    07.5   07:23     07.5     00.0    00.0   04.8     31.4    10:32      E 
19    11.8    19.2   17:44    00.0   12:09     06.5     00.0    00.0   05.8     20.4    16:34      W 
20    13.3    18.7   13:30    08.8   00:00     05.0     00.0    00.0   07.8     40.7    16:01     WSW
21    10.9    17.3   15:29    05.9   06:14     07.4     00.0    00.0   05.6     38.9    18:58      E 
--------------------------------------------------------------------------------------------------------
15.4 (15.6)   28.8  day 14     0 2.5E-0312  day 19   069.3    007.5   048.6   05.2     66.6   day 16      W 
Min <   30: 21
Max Rain: 44.7 ON 10-04-24
Days of Rain: 4 (> .2mm) 2 (> 2mm) 1 (> 20mm)