NOAA-Style Climate Reports


Report for 2017 Agosto
                   MONTHLY CLIMATOLOGICAL SUMMARY for AUG. 2017

NAME: Lodi   CITY: Lodi   STATE: Italy 
ELEV:    78 m  LAT:  45° 17' 57" N  LONG:   9° 31' 14" E

                   TEMPERATURE (°C), RAIN  (mm), WIND SPEED (km/hr)

                                      HEAT  COOL        AVG
    MEAN                              DEG   DEG         WIND                 DOM
DAY TEMP  HIGH   TIME   LOW    TIME   DAYS  DAYS  RAIN  SPEED HIGH   TIME    DIR
------------------------------------------------------------------------------------
 1  28.6  34.0   17.10  22.7    5.50   0.0  10.2   0.0   2.3  12.9   14.05     N
 2  30.1  36.4   19.05  24.6    5.45   0.0  11.8   0.3   3.9  19.3   13.15   WNW
 3  30.3  35.7   16.30  23.8    6.55   0.0  12.0   0.0   3.1  16.1   23.30     N
 4  30.8  36.2   14.40  24.6    6.45   0.0  12.6   0.0   3.5  17.7   23.20     W
 5  30.7  36.2   17.00  24.4    6.45   0.0  12.3   0.0   2.7  17.7   11.10     E
 6  27.7  30.7   18.35  24.2    6.35   0.0   9.4   0.0   4.2  24.1    9.30     N
 7  25.3  30.0   16.40  19.8    5.50   0.0   7.0   0.0   6.3  33.8   11.55     E
 8  25.6  30.2   17.20  20.8    4.55   0.0   7.2   0.0   7.2  30.6   10.15     E
 9  25.8  33.1   17.20  19.9    6.55   0.0   7.5   0.0   4.0  17.7    7.35   WSW
10  23.7  31.1   14.45  19.6    6.30   0.0   5.4   4.1   3.2  40.2   15.35   ENE
11  20.1  24.7   10.45  17.0    7.30   0.1   1.9   0.0   4.7  38.6   11.40     N
12  22.1  30.0   16.10  15.6    6.00   0.7   4.6   0.3   6.1  22.5   15.15   WSW
13  24.0  30.3   14.50  17.4    6.30   0.1   5.8   0.0   2.3  16.1   11.25    SE
14  25.1  31.6   17.20  17.8    6.10   0.0   6.8   0.0   2.4  20.9   13.25   ENE
15  26.2  32.7   17.10  18.9    6.15   0.0   7.9   0.0   2.1  14.5   14.00     N
16  26.7  32.8   15.35  20.6    6.05   0.0   8.4   0.0   2.3  12.9   11.35    SE
17  26.6  33.3   16.00  21.2    6.55   0.0   6.0   0.0   2.9  16.1   11.20     E
18
19
20
21
22
23
24
25
26
27
28
29
30
31
-------------------------------------------------------------------------------------
    26.4  36.4     2    15.6    12     1.0 136.7   4.6   3.7  40.2    10       E

Max >=  32.0:  9
Max <=   0.0:  0
Min <=   0.0:  0
Min <= -18.0:  0
Max Rain: 4.06 ON 10/08/17
Days of Rain: 3 (> .2 mm) 1 (> 2 mm) 0 (> 20 mm)
Heat Base:  18.3  Cool Base:  18.3  Method: Integration