NOAA-Style Climate Reports


Report for 2018 Settembre
                   MONTHLY CLIMATOLOGICAL SUMMARY for SEP. 2018

NAME: Lodi   CITY: Lodi   STATE: Italy 
ELEV:    78 m  LAT:  45° 17' 57" N  LONG:   9° 31' 14" E

                   TEMPERATURE (°C), RAIN  (mm), WIND SPEED (km/hr)

                                      HEAT  COOL        AVG
    MEAN                              DEG   DEG         WIND                 DOM
DAY TEMP  HIGH   TIME   LOW    TIME   DAYS  DAYS  RAIN  SPEED HIGH   TIME    DIR
------------------------------------------------------------------------------------
 1  18.0  21.9   18.15  15.6    6.55   0.9   0.6  11.9   3.4  14.5    4.35   WSW
 2  18.9  21.9   17.35  16.4    6.35   0.4   1.0   0.5   3.1  24.1   13.30   ENE
 3  20.1  25.5   15.55  15.8    6.45   0.6   2.4   0.0   4.2  19.3   12.30   WSW
 4  21.2  27.8   17.10  15.2    7.15   0.7   3.6   0.0   2.6  25.7   14.05    SW
 5  22.6  28.7   17.05  17.1    5.55   0.1   4.4   0.0   1.6  12.9   10.45    SW
 6  21.9  29.2   16.45  17.3    6.15   0.1   3.7   0.5   4.0  30.6   19.05   NNE
 7  21.5  26.4   17.00  18.3    7.10   0.0   3.2   1.5   2.4  16.1   12.30   WSW
 8  22.8  28.4   16.55  17.6    6.35   0.1   4.6   0.0   1.6  14.5   13.50     E
 9  23.5  29.5   15.30  17.6    7.00   0.0   5.2   0.0   1.9  12.9   13.50     N
10  24.2  30.1   15.55  18.6    7.00   0.0   5.9   0.0   1.8  16.1   14.50     N
11  24.8  30.8   15.40  19.3    7.15   0.0   6.5   0.0   1.4  12.9   13.40   NNE
12  25.1  31.2   17.25  19.8    7.30   0.0   6.8   0.0   2.1  14.5   22.25   NNE
13  23.9  29.8   16.25  19.5    6.35   0.0   5.7   0.0   2.4  17.7   20.00   NNW
14  24.1  29.4   17.05  18.8    7.50   0.0   5.8   0.0   4.0  16.1    3.10   WSW
15  23.6  28.1   16.10  19.9    7.55   0.0   5.3   0.0   3.4  20.9   10.15     E
16  23.5  27.9   16.20  19.3    6.05   0.0   5.2   0.0   3.4  24.1   11.00     E
17  22.6  27.4   15.35  19.2    8.50   0.0   4.2   0.0   2.7  17.7    8.10     N
18  23.1  27.8   16.25  19.5    5.15   0.0   4.7   0.0   1.4  11.3   11.55    SE
19  23.1  28.2   16.00  18.6    7.05   0.0   4.7   0.0   1.8  11.3   12.30     N
20  22.8  29.0   16.35  18.6    6.45   0.0   3.1   0.0   1.4  14.5   16.05    SE
21
22
23
24
25
26
27
28
29
30
-------------------------------------------------------------------------------------
    22.6  31.2    12    15.2     4     3.1  86.8  14.5   2.5  30.6     6       N

Max >=  32.0:  0
Max <=   0.0:  0
Min <=   0.0:  0
Min <= -18.0:  0
Max Rain: 11.94 ON 01/09/18
Days of Rain: 4 (> .2 mm) 1 (> 2 mm) 0 (> 20 mm)
Heat Base:  18.3  Cool Base:  18.3  Method: Integration