NOAA-Style Climate Reports


Report for 2019 Settembre
                   MONTHLY CLIMATOLOGICAL SUMMARY for SEP. 2019

NAME: Lodi   CITY: Lodi   STATE: Italy 
ELEV:    78 m  LAT:  45° 17' 57" N  LONG:   9° 31' 14" E

                   TEMPERATURE (°C), RAIN  (mm), WIND SPEED (km/hr)

                                      HEAT  COOL        AVG
    MEAN                              DEG   DEG         WIND                 DOM
DAY TEMP  HIGH   TIME   LOW    TIME   DAYS  DAYS  RAIN  SPEED HIGH   TIME    DIR
------------------------------------------------------------------------------------
 1  25.9  32.2   17.00  19.9    6.15   0.0   7.6   0.0   2.9  14.5   14.10     W
 2  24.0  28.4   17.35  18.0    8.55   0.0   5.7  23.4   4.0  30.6    6.10     E
 3  23.6  28.2   16.05  19.3    6.50   0.0   5.3   0.0   4.7  25.7   11.15     E
 4  22.3  27.4   17.05  17.3    6.45   0.1   4.2   0.0   3.4  17.7    9.30   ENE
 5  21.5  27.4   16.50  16.6   23.55   0.3   3.5   7.1   6.0  43.5   20.10     N
 6  16.7  21.2   15.20  13.9    4.10   2.1   0.5   6.1   5.6  33.8    0.10    SW
 7  18.7  23.7   17.30  14.2    8.00   1.3   1.7   0.0   3.2  19.3   11.15   ENE
 8  17.2  20.8   16.05  13.4    9.10   1.6   0.4  17.3   6.0  32.2    8.25   ESE
 9  17.7  24.7   16.10  11.7    7.05   2.4   1.8   0.3   5.1  20.9   11.45     W
10  17.9  23.2   15.50  13.4    7.35   1.6   1.2   0.0   5.6  27.4   12.40   WSW
11  20.4  26.3   17.00  14.3    7.10   1.0   3.1   0.0   4.5  17.7    3.05   WSW
12  21.8  28.0   17.05  15.4    7.15   0.5   4.0   0.0   1.4  14.5   15.25    SE
13  22.6  28.6   16.20  17.1    5.40   0.2   4.5   0.0   2.4  14.5   10.40   NNE
14  22.6  28.7   15.15  16.8    7.20   0.2   4.4   0.0   2.4  16.1   13.40   ESE
15  22.4  28.5   16.55  17.9    6.45   0.0   4.1   0.0   2.1  11.3    9.05   NNE
16  23.1  29.2   16.10  17.9    6.00   0.0   4.9   0.0   1.9  14.5   14.00     W
17  24.2  30.1   17.40  19.1    7.40   0.0   5.9   0.0   4.7  24.1   11.45     W
18  22.2  27.3   16.15  18.3   00.00   0.0   3.9   0.3   4.5  41.8   19.45   ESE
19  18.1  21.6   15.45  15.6    9.20   1.0   0.8   0.5   6.4  24.1   11.40     E
20  17.6  21.4   16.20  14.1    7.40   1.3   0.6   0.0   5.3  29.0    2.40   ESE
21  16.5  21.7   14.55  10.7    7.15   2.6   0.8   0.0   2.9  16.1   13.35    NE
22  16.5  17.5    2.30  15.2    7.30   0.9   0.0   0.0   3.1  16.1    6.00   WSW
23
24
25
26
27
28
29
30
-------------------------------------------------------------------------------------
    20.6  32.2     1    10.7    21    17.2  68.8  54.9   4.0  43.5     5     ESE

Max >=  32.0:  1
Max <=   0.0:  0
Min <=   0.0:  0
Min <= -18.0:  0
Max Rain: 23.37 ON 02/09/19
Days of Rain: 7 (> .2 mm) 4 (> 2 mm) 1 (> 20 mm)
Heat Base:  18.3  Cool Base:  18.3  Method: Integration