NOAA-Style Climate Reports


Report for 2021 Luglio
                   MONTHLY CLIMATOLOGICAL SUMMARY for JUL. 2021

NAME: Lodi   CITY: Lodi   STATE: Italy 
ELEV:    78 m  LAT:  45° 17' 57" N  LONG:   9° 31' 14" E

                   TEMPERATURE (°C), RAIN  (mm), WIND SPEED (km/hr)

                                      HEAT  COOL        AVG
    MEAN                              DEG   DEG         WIND                 DOM
DAY TEMP  HIGH   TIME   LOW    TIME   DAYS  DAYS  RAIN  SPEED HIGH   TIME    DIR
------------------------------------------------------------------------------------
 1  25.2  31.2   16.25  18.4    6.20   0.0   6.9   0.0   4.0  24.1   16.40   WSW
 2  25.5  31.3   17.20  19.3    6.20   0.0   7.2   0.0   2.4  20.9    0.10   ESE
 3  24.8  30.7   16.20  20.5    6.15   0.0   6.5   0.0   1.8  27.4   21.30   ESE
 4  21.2  24.2   12.55  18.9   00.00   0.0   2.9   0.5   1.6  19.3   16.40     N
 5  22.9  29.7   17.40  16.6    6.05   0.1   4.8   0.3   1.0  12.9   10.50    SW
 6  25.4  31.0   16.45  19.1    5.55   0.0   7.1   0.0   0.2  17.7   15.10     E
 7  26.3  32.8   16.50  20.7    5.40   0.0   8.0   0.0   1.3  37.0   20.00     N
 8  23.2  30.9   14.40  17.8   22.55   0.0   4.9   0.0   4.7  43.5   17.50   ESE
 9  23.2  29.9   17.35  16.4    6.05   0.3   5.2   0.0   5.8  27.4   13.00   WSW
10  25.3  31.1   15.40  18.3    6.30   0.0   7.0   0.0   0.6  14.5   13.15   ENE
11  25.6  31.2   18.15  19.4    6.45   0.0   7.3   0.0   2.3  27.4    0.50   WSW
12  26.2  30.5   16.20  21.3    4.50   0.0   7.9   0.0   1.4  16.1    3.50   WNW
13  24.3  28.8   18.05  21.2   00.00   0.0   6.1   0.0   6.1  40.2    9.20   ESE
14  20.8  26.0   14.10  16.1    5.50   0.3   2.8   0.0   2.4  24.1   14.45   WSW
15  22.0  26.2   16.45  17.7    6.00   0.0   3.7   0.0   0.8  16.1   17.00   NNW
16  21.7  28.2   15.25  18.3    6.00   0.0   3.4   4.6   1.4  41.8   16.00   WSW
17  23.9  31.1   17.00  18.3    6.40   0.0   5.7   0.3   4.3  30.6    7.55   WSW
18  25.7  30.8   18.40  19.9    6.45   0.0   7.4   0.0   0.8  14.5   13.00   ESE
19  26.9  32.6   17.35  21.2    5.35   0.0   8.6   0.0   1.0  19.3   16.05   ESE
20  27.7  34.2   17.15  21.5    6.15   0.0   9.4   0.0   0.8  12.9   10.50   WSW
21  27.1  32.4   16.00  21.8    6.10   0.0   8.8   0.0   1.6  24.1   10.20   ENE
22  26.8  31.1   16.55  21.9    6.05   0.0   8.5   0.0   2.1  27.4   23.55   ESE
23  25.9  30.6   17.50  20.6    5.45   0.0   7.6   0.0   1.4  25.7    0.30   ESE
24  26.8  31.4   15.55  22.6    5.15   0.0   8.5   0.0   1.4  19.3   18.50    SE
25  25.3  31.1   15.30  22.0   21.10   0.0   7.0   0.0   3.2  45.1   18.05    SE
26  23.8  27.7   19.45  19.4    6.00   0.0   5.5   0.3   2.3  20.9    4.45   NNW
27  24.1  27.8   14.30  20.8    6.45   0.0   5.8   0.3   1.1  24.1   15.25   ESE
28  24.1  28.9   17.25  19.1    5.50   0.0   5.8   0.0   1.1  17.7   11.35     E
29  25.8  31.5   16.55  20.2    5.40   0.0   7.5   0.0   0.5  14.5   11.20   NNW
30  26.2  30.8   17.30  21.2    6.40   0.0   7.9   0.0   0.5  24.1   12.00   WSW
31  26.4  31.2   14.55  21.7    6.50   0.0   7.1   0.0   0.6  17.7    0.40   WNW
-------------------------------------------------------------------------------------
    24.8  34.2    20    16.1    14     0.8 203.0   6.1   2.0  45.1    25     ESE

Max >=  32.0:  4
Max <=   0.0:  0
Min <=   0.0:  0
Min <= -18.0:  0
Max Rain: 4.57 ON 16/07/21
Days of Rain: 6 (> .2 mm) 1 (> 2 mm) 0 (> 20 mm)
Heat Base:  18.3  Cool Base:  18.3  Method: Integration