NOAA-Style Climate Reports


Report for 2019 Novembre
                   MONTHLY CLIMATOLOGICAL SUMMARY for NOV. 2019

NAME: Lodi   CITY: Lodi   STATE: Italy 
ELEV:    78 m  LAT:  45° 17' 57" N  LONG:   9° 31' 14" E

                   TEMPERATURE (°C), RAIN  (mm), WIND SPEED (km/hr)

                                      HEAT  COOL        AVG
    MEAN                              DEG   DEG         WIND                 DOM
DAY TEMP  HIGH   TIME   LOW    TIME   DAYS  DAYS  RAIN  SPEED HIGH   TIME    DIR
------------------------------------------------------------------------------------
 1  11.7  13.6   13.25  10.6    7.10   6.6   0.0   0.0   1.6  14.5   12.15   ESE
 2  10.3  11.2    0.05   9.5    9.05   8.0   0.0   3.0   1.4   9.7    8.25    SE
 3  10.7  13.1   14.45   9.7    1.00   7.7   0.0  35.1   5.3  25.7   11.20   WSW
 4  11.5  15.8   16.30   7.9    8.40   6.8   0.0   0.3   4.0  17.7   21.55    NW
 5  12.8  15.7   14.35  10.7   00.00   5.5   0.0   3.0   3.7  20.9    6.10    SE
 6  10.0  11.4   10.05   6.9   00.00   8.3   0.0   8.6   1.9  20.9   10.55    NE
 7   7.9  10.1   23.50   4.2    4.35  10.3   0.0  12.4   2.7  27.4   23.10     E
 8  10.3  11.6   14.50   9.6    3.15   8.0   0.0  27.2   6.4  37.0    7.55   ESE
 9   9.3  12.6   12.55   6.5   23.55   9.0   0.0  10.4   4.5  32.2    0.45   WSW
10   7.8  12.6   14.35   5.0    6.45  10.5   0.0   0.3   1.6  16.1   15.40    SW
11   7.3   9.1   13.50   5.7    1.15  10.9   0.0  11.7   1.1   9.7    9.25   NNW
12   7.9   8.7   17.40   7.2    8.20  10.4   0.0   8.9   4.5  20.9   12.30   WSW
13   8.0  13.2   14.30   4.7   23.35  10.3   0.0   0.0   5.0  27.4   14.55   WSW
14   6.7  10.7   22.40   3.2    7.05  11.6   0.0   1.3   4.0  53.1   22.20     E
15   7.4  11.1    5.45   5.3    9.05  10.9   0.0  13.7   8.0  54.7    4.25   WSW
16   5.7   5.7    0.05   5.7    0.05   0.3   0.0   0.0   0.5   4.8    0.15     W
17
18
19
20
21
22
23
24
25
26
27
28
29
30
-------------------------------------------------------------------------------------
     9.1  15.8     4     3.2    14   135.2   0.0 135.9   3.5  54.7    15     WSW

Max >=  32.0:  0
Max <=   0.0:  0
Min <=   0.0:  0
Min <= -18.0:  0
Max Rain: 35.05 ON 03/11/19
Days of Rain: 13 (> .2 mm) 10 (> 2 mm) 2 (> 20 mm)
Heat Base:  18.3  Cool Base:  18.3  Method: Integration