NOAA-Style Climate Reports


Report for 2021 Ottobre
                   MONTHLY CLIMATOLOGICAL SUMMARY for OCT. 2021

NAME: Lodi   CITY: Lodi   STATE: Italy 
ELEV:    78 m  LAT:  45° 17' 57" N  LONG:   9° 31' 14" E

                   TEMPERATURE (°C), RAIN  (mm), WIND SPEED (km/hr)

                                      HEAT  COOL        AVG
    MEAN                              DEG   DEG         WIND                 DOM
DAY TEMP  HIGH   TIME   LOW    TIME   DAYS  DAYS  RAIN  SPEED HIGH   TIME    DIR
------------------------------------------------------------------------------------
 1  18.1  23.2   15.50  13.7    7.20   1.4   1.2   0.0   0.0   9.7   14.35     E
 2  18.1  23.4   16.00  14.2    6.55   1.4   1.2   0.0   0.0   1.6    9.20    SE
 3  17.4  18.6   17.00  16.2    3.30   0.8   0.0   0.5   0.0  11.3   16.10     N
 4  18.8  20.8   10.45  17.8    4.55   0.1   0.6  19.8   2.4  37.0   19.15   ESE
 5  17.9  20.9   11.05  15.7   00.00   0.8   0.4   2.3   1.9  29.0    0.20   ESE
 6  14.4  15.7    0.05  12.8   23.05   3.9   0.0   1.0   1.3  30.6   12.45   NNW
 7  14.7  20.9   15.50  10.5    7.35   3.9   0.2   0.3   0.3  12.9    9.25   WSW
 8  16.3  20.1   14.35  13.7    6.35   2.2   0.2   0.3   0.2  16.1   14.40    SE
 9  15.9  19.3   16.10  14.2    7.50   2.4   0.1   1.0   0.3  25.7   12.55   ENE
10  14.1  17.4   16.30  10.2   23.50   4.2   0.0   0.0   0.0  12.9   12.45   ENE
11  12.9  19.4   16.10   7.6    6.50   5.4   0.0   0.0   0.0   6.4   15.25   WNW
12  13.2  17.8   15.00   9.6    7.15   5.1   0.0   0.0   0.0  16.1   13.50   ESE
13  13.3  18.8   15.40   8.7    7.35   5.0   0.0   0.0   0.2  16.1   14.40     S
14  12.5  17.0   15.40   8.8    7.05   5.8   0.0   0.0   0.0   0.0     ---   ---
15  11.5  17.3   16.40   6.6    7.40   6.8   0.0   0.0   0.0   0.0     ---   ---
16  12.3  18.6   16.00   7.2    7.05   6.0   0.0   0.0   0.0   0.0     ---   ---
17  12.8  19.0   16.20   8.1    7.50   5.6   0.0   0.0   0.0   0.0     ---   ---
18  13.1  19.6   15.35   8.2    8.25   5.3   0.1   0.3   0.0   0.0     ---   ---
19  13.7  18.6   15.15   9.3    7.45   4.6   0.0   0.0   0.0   6.4    8.25   WSW
20  13.9  17.8   15.25   9.8    6.15   4.4   0.0   0.0   0.0   1.6   14.20     S
21  14.6  16.6   15.40  13.0   23.00   3.7   0.0   0.0   0.0   0.0     ---   ---
22  14.6  19.5   16.05  11.7    7.20   3.8   0.1   0.3   0.0   8.0   13.05   WNW
23  13.3  17.7   16.10  10.9    2.30   4.9   0.0   0.3   0.0   1.6   14.45    NE
24  13.2  17.5   15.35  10.4    1.00   5.1   0.0   0.0   0.0  11.3   15.10     E
25   9.7  10.9    0.05   9.1    7.50   3.5   0.0   0.0   0.0   0.0     ---   ---
26
27
28
29
30
31
-------------------------------------------------------------------------------------
    14.4  23.4     2     6.6    15    96.0   4.2  25.9   0.3  37.0     4     ESE

Max >=  32.0:  0
Max <=   0.0:  0
Min <=   0.0:  0
Min <= -18.0:  0
Max Rain: 19.81 ON 04/10/21
Days of Rain: 10 (> .2 mm) 2 (> 2 mm) 0 (> 20 mm)
Heat Base:  18.3  Cool Base:  18.3  Method: Integration