NOAA-Style Climate Reports
Select a Year or Month report
2024: Gen Feb Mar Apr Mag Giu Lug Ago Set Ott Nov Dic
2023: Gen Feb Mar Apr Mag Giu Lug Ago Set Ott Nov Dic
2022: Gen Feb Mar Apr Mag Giu Lug Ago Set Ott Nov Dic
2021: Gen Feb Mar Apr Mag Giu Lug Ago Set Ott Nov Dic
2020: Gen Feb Mar Apr Mag Giu Lug Ago Set Ott Nov Dic
2019: Gen Feb Mar Apr Mag Giu Lug Ago Set Ott Nov Dic
2018: Gen Feb Mar Apr Mag Giu Lug Ago Set Ott Nov Dic
2017: Gen Feb Mar Apr Mag Giu Lug Ago Set Ott Nov Dic
2016: Gen Feb Mar Apr Mag Giu Lug Ago Set Ott Nov Dic
2024: Gen Feb Mar Apr Mag Giu Lug Ago Set Ott Nov Dic
2023: Gen Feb Mar Apr Mag Giu Lug Ago Set Ott Nov Dic
2022: Gen Feb Mar Apr Mag Giu Lug Ago Set Ott Nov Dic
2021: Gen Feb Mar Apr Mag Giu Lug Ago Set Ott Nov Dic
2020: Gen Feb Mar Apr Mag Giu Lug Ago Set Ott Nov Dic
2019: Gen Feb Mar Apr Mag Giu Lug Ago Set Ott Nov Dic
2018: Gen Feb Mar Apr Mag Giu Lug Ago Set Ott Nov Dic
2017: Gen Feb Mar Apr Mag Giu Lug Ago Set Ott Nov Dic
2016: Gen Feb Mar Apr Mag Giu Lug Ago Set Ott Nov Dic
Report for 2024 Marzo
Daily noaa report MONTHLY CLIMATOLOGICAL SUMMARY for MAR. 2024 NAME: Lodi San Bernardo CITY: Lodi STATE: Italy ELEV: 78 LAT: 045:17:57 LONG: -009:31:14 TEMPERATURE ( °C), RAIN (mm), WIND SPEED (kmh) HEAT COOL AVG MEAN DEG DEG WIND DOM DAY TEMP HIGH TIME LOW TIME DAYS DAYS RAIN SPEED HIGH TIME DIR -------------------------------------------------------------------------------------------------------- 01 10.9 11.6 01:18 10.3 00:00 07.4 00.0 00.3 04.0 16.6 11:01 NNE 02 10.6 11.8 15:36 09.6 05:57 07.7 00.0 01.3 04.3 22.2 23:50 ESE 03 10.8 12.3 15:54 09.1 07:36 07.5 00.0 01.3 13.8 53.6 23:22 E 04 10.2 12.8 17:10 07.9 06:47 08.1 00.0 30.5 05.5 42.5 00:12 SW 05 10.5 14.7 15:48 06.8 07:30 07.8 00.0 07.1 06.1 24.1 21:17 W 06 09.6 13.3 16:59 06.6 04:32 08.7 00.0 02.8 04.8 18.5 03:55 WSW 07 10.1 15.4 15:52 06.2 07:53 08.2 00.0 00.0 03.4 16.6 10:42 SSW 08 08.6 10.7 13:29 06.7 00:00 09.7 00.0 03.8 08.0 31.4 19:18 ESE 09 08.0 09.6 14:07 06.5 03:50 10.3 00.0 07.1 03.3 20.4 23:58 ESE 10 08.9 10.7 12:27 06.8 14:03 09.4 00.0 36.6 11.5 59.2 10:02 E 11 09.2 13.3 14:00 06.1 06:43 09.1 00.0 00.0 06.0 24.1 11:55 WSW 12 12.3 19.8 15:57 05.8 06:16 06.0 00.0 00.0 07.4 25.9 11:26 WSW 13 12.6 17.2 16:41 07.6 04:37 05.7 00.0 00.0 03.3 16.6 15:21 S 14 12.5 18.1 15:23 07.3 06:46 05.8 00.0 00.0 03.7 16.6 18:52 W 15 12.8 17.6 15:05 08.7 04:04 05.5 00.0 00.0 03.3 18.5 20:05 W 16 14.4 19.8 16:33 08.8 06:54 03.9 00.0 00.0 03.8 22.2 13:30 WSW 17 13.8 18.2 16:24 09.8 07:11 04.5 00.0 00.0 02.7 18.5 22:52 W 18 13.9 18.4 15:57 10.6 06:44 04.4 00.0 00.0 03.4 18.5 16:27 WSW -------------------------------------------------------------------------------------------------------- 11.1 (11.3) 19.8 day 16 05.8 day 12 129.8 000.0 090.7 05.5 59.2 day 10 SSE Min < 30: 18 Max Rain: 36.6 ON 10-03-24 Days of Rain: 9 (> .2mm) 6 (> 2mm) 2 (> 20mm)