NOAA-Style Climate Reports


Report for 2024 Luglio

Daily noaa report



                            MONTHLY CLIMATOLOGICAL SUMMARY for JUL. 2024

NAME: Lodi San Bernardo   CITY: Lodi STATE: Italy
ELEV: 78 LAT: 045:17:57 LONG: -009:31:14

                            TEMPERATURE ( °C), RAIN (mm), WIND SPEED (kmh)

                                               HEAT     COOL           AVG
      MEAN                                     DEG      DEG            WIND                       DOM
DAY   TEMP    HIGH   TIME     LOW    TIME      DAYS     DAYS    RAIN   SPEED    HIGH    TIME      DIR
--------------------------------------------------------------------------------------------------------
01    24.6    29.3   16:47    21.0   06:51     00.0     06.3    00.0   06.4     25.9    19:31      W 
02    24.0    29.3   16:39    18.7   06:05     00.0     05.7    00.0   03.1     14.8    13:12      E 
03    19.9    24.7   00:33    16.7   07:29     00.0     01.6    30.7   06.2     33.3    02:36      E 
04    22.2    27.8   18:50    16.9   06:09     00.0     03.9    00.0   02.5     18.5    16:06     ESE
05    24.3    29.7   17:33    18.1   06:12     00.0     06.0    00.0   02.5     14.8    15:38     ENE
06    25.3    29.3   16:49    20.7   07:05     00.0     07.0    00.0   03.6     20.4    20:41      NE
07    24.4    29.4   15:37    21.4   06:31     00.0     06.1    01.8   03.5     24.1    17:28     ENE
08    25.4    30.9   17:58    20.8   02:33     00.0     07.1    00.0   03.6     16.6    01:10     NNW
09    27.4    32.6   17:38    21.8   06:20     00.0     09.1    00.0   02.8     14.8    15:19     NNW
10    28.9    34.4   16:06    23.3   06:26     00.0     10.6    00.0   03.8     18.5    17:37      W 
11    29.3    34.8   17:38    23.2   06:12     00.0     11.0    00.0   04.1     22.2    22:43     WSW
12    26.7    30.4   16:39    23.4   05:51     00.0     08.4    00.0   04.5     35.1    12:06      NW
13    26.9    31.6   16:54    23.3   06:00     00.0     08.6    00.0   04.3     18.5    23:05     WNW
14    26.8    32.3   17:34    21.0   06:36     00.0     08.5    00.0   04.5     18.5    12:03      W 
15    28.0    33.3   16:40    21.8   05:45     00.0     09.7    00.0   03.4     18.5    14:25     NNE
16    28.7    33.7   16:04    23.6   07:20     00.0     10.4    00.0   05.3     22.2    10:26      W 
17    28.4    33.6   17:07    23.2   05:23     00.0     10.1    00.0   04.3     18.5    00:57     WNW
18    30.0    34.3   17:38    24.2   06:33     00.0     11.7    00.0   02.9     14.8    15:08      NE
--------------------------------------------------------------------------------------------------------
26.2 (26.2)   34.8  day 11     16.7  day 03   000.0    141.9   032.5   04.0     35.2   day 03     WNW
Max >  30: 11
Min <   30: 18
Max Rain: 30.7 ON 3-07-24
Days of Rain: 2 (> .2mm) 1 (> 2mm) 1 (> 20mm)