NOAA-Style Climate Reports


Report for 2019
                            ANNUAL CLIMATOLOGICAL SUMMARY

NAME: Lodi  CITY: Lodi   STATE: Italy  
ELEV:    78 m  LAT:  45° 17' 57" N  LONG:   9° 31' 14" E

               TEMPERATURE (°C), HEAT BASE 18.3, COOL BASE 18.3
                          DEP.  HEAT  COOL                                          
        MEAN  MEAN        FROM  DEG   DEG                        MAX  MAX  MIN  MIN 
 YR MO  MAX   MIN   MEAN  NORM  DAYS  DAYS  HI  DATE  LOW  DATE  >=32 <=0  <=0  <=-18 
------------------------------------------------------------------------------------
 15  1   8.6   1.5   4.9   0.0   416     0  16.4   4  -2.8    1    0    0    5    0
 15  2   8.3   1.7   3.0   0.0   359  3308  13.7  22  -4.5    9    0    0    8    0
 15  3  14.9   5.7  10.1   0.0   255     3  25.0  31   0.9    8    0    0    0    0
 15  4  19.7   9.3  14.5   0.0   130    17  26.4  22   3.6    8    0    0    0    0
 15  5  24.2  14.6  19.3   0.0    37    67  28.7  14   9.5   21    0    0    0    0
 15  6  28.4  18.1  23.2   0.0     4   150  33.1   6  14.6   24    2    0    0    0
 15  7  32.8  22.6  27.7   0.0     0   293  36.1  22  18.6   11   20    0    0    0
 15  8  29.9  19.5  24.4   0.0     1   190  35.4   8  16.3   20   13    0    0    0
 15  9  24.6  14.9  19.5   0.0    34    69  30.4   1   9.4   24    0    0    0    0
 15 10  17.5  10.7  13.7   0.0   148     5  23.1   8   4.6   22    0    0    0    0
 15 11  17.6   6.6  11.3   0.0    14     0  18.1   1   5.6    2    0    0    0    0
 15 12
------------------------------------------------------------------------------------
        21.0  11.9  16.1   0.0  1399  4102  36.1 JUL  -4.5  FEB   35    0   13    0

                                PRECIPITATION (mm)

               DEP.   MAX        DAYS OF RAIN 
               FROM   OBS.          OVER
 YR MO  TOTAL  NORM   DAY  DATE  .2   2   20
---------------------------------------------
 15  1  22.4    0.0   7.9   21    8    4    0
 15  2 104.9    0.0  25.4    6   12    7    2
 15  3  50.8    0.0  16.5   16    9    6    0
 15  4  89.7    0.0  43.2   27    7    6    1
 15  5  88.9    0.0  30.7   26   11    6    3
 15  6  96.0    0.0  42.2   14    9    6    2
 15  7   2.0    0.0   2.0   25    1    1    0
 15  8  44.2    0.0  26.4   10    6    4    1
 15  9  35.1    0.0  17.0   13    6    4    0
 15 10  79.5    0.0  21.1   28   19    8    1
 15 11   0.3    0.0   0.3    2    1    0    0
 15 12
---------------------------------------------
       613.7   0.0  43.2  APR   89   52   10

                                WIND SPEED (km/hr)
                          DOM
 YR MO   AVG.  HI   DATE  DIR
---------------------------------
 15  1   1.9  51.5   11   WSW
 15  2   1.4  25.7    1   WSW
 15  3   2.8  46.7   16   ESE
 15  4   2.9  53.1    1   ESE
 15  5   2.1  72.4   15   ESE
 15  6   1.7  53.1   19     E
 15  7   2.2  48.3    3     E
 15  8   1.6  30.6   15   WSW
 15  9   1.8  46.7   23   ESE
 15 10   0.9  30.6    4   ESE
 15 11   0.2  11.3    1     S
 15 12
---------------------------------
         1.9  72.4  MAY  WSW