NOAA-Style Climate Reports


Report for 2009 Luglio
                   MONTHLY CLIMATOLOGICAL SUMMARY for JUL. 2009

NAME: Lodi   CITY: Lodi   STATE: Italy 
ELEV:    78 m  LAT:  45° 17' 57" N  LONG:   9° 31' 14" E

                   TEMPERATURE (°C), RAIN  (mm), WIND SPEED (km/hr)

                                      HEAT  COOL        AVG
    MEAN                              DEG   DEG         WIND                 DOM
DAY TEMP  HIGH   TIME   LOW    TIME   DAYS  DAYS  RAIN  SPEED HIGH   TIME    DIR
------------------------------------------------------------------------------------
 1  25.7  31.4   17.00  21.2    6.00   0.0   7.4   0.0   3.7  25.7   18.00    NE
 2  25.1  31.3   17.30  19.6    6.30   0.0   6.8   0.0   4.8  27.4   19.30     W
 3  27.0  32.6   17.30  20.6    6.00   0.0   8.7   0.0   3.7  19.3   22.30     W
 4  26.7  32.1   16.30  21.9   23.30   0.0   8.3   0.0   4.2  33.8   20.30   ESE
 5  25.5  31.0   16.00  20.8    6.00   0.0   7.2   0.0   4.8  43.5   00.00   ESE
 6  24.0  29.2   18.00  18.7    1.00   0.0   5.7  34.3   4.8  51.5    0.30     W
 7  22.3  25.6   18.00  16.4   10.30   0.1   4.1  37.3   6.3  37.0    8.00     E
 8  23.7  28.9   17.30  18.1    6.30   0.0   5.4   0.0   5.5  29.0   14.30     N
 9  22.8  28.5   17.30  18.3    6.00   0.0   4.5   0.0   4.2  20.9   00.00   SSE
10  21.8  26.4   19.00  17.8    4.00   0.0   3.5   0.0   3.7  29.0   23.00     E
11  22.1  26.9   18.00  17.3    7.00   0.1   3.9   0.0   5.1  22.5    1.00     E
12  23.2  28.9   18.00  18.1    5.00   0.0   4.9   0.0   3.5  20.9   15.00     E
13  25.4  30.6   17.00  20.3    6.30   0.0   7.2   0.0   3.9  17.7   12.30     W
14  27.3  31.3   17.00  23.2    6.30   0.0   9.0   0.0   3.1  16.1   15.00     E
15  26.9  31.3   17.30  23.2    6.00   0.0   8.6   0.5   4.2  27.4   10.00     E
16  27.7  33.3   15.30  21.4    6.30   0.0   9.4   0.0   3.7  19.3   16.30     W
17  27.4  34.4   16.30  23.8    6.30   0.0   9.1   0.0   7.7  38.6   16.00   ESE
18  22.3  27.4   17.30  15.5    5.30   0.3   4.3   0.0  11.4  43.5    3.00     W
19  22.6  28.7   16.00  15.7    6.30   0.3   4.6   0.0   2.9  22.5   12.30     W
20  23.8  29.0   18.00  17.6    6.30   0.0   5.5   0.0   2.7  17.7   14.00     W
21  24.9  29.7   15.00  19.6    6.00   0.0   6.6   0.0   2.4  17.7   15.00   WNW
22  26.2  30.9   16.00  21.1    7.00   0.0   7.8   0.0   4.2  17.7    3.30     W
23  26.3  31.5   16.00  20.5    7.00   0.0   8.0   0.0   3.1  19.3   15.00     N
24  26.5  32.2   17.00  21.1    6.30   0.0   8.2   0.0   6.9  37.0   21.30     W
25  25.4  31.5   16.00  19.2    7.00   0.0   7.2   0.0   5.3  22.5    0.30    SW
26  24.7  29.6   16.30  19.0    6.00   0.0   6.4   0.0   4.2  24.1   10.00     E
27  25.7  31.0   15.30  20.3    6.00   0.0   7.4   0.0   2.9  17.7   12.30     E
28  26.8  32.0   15.30  20.8    6.30   0.0   8.5   0.0   2.4  14.5    2.30    SW
29  26.8  32.2   17.00  22.1    6.00   0.0   8.6   0.0   3.9  19.3   11.30     E
30  27.7  33.1   16.30  21.9    7.00   0.0   9.4   0.0   2.3  11.3    3.00    NE
31  25.7  28.4    0.30  23.6    7.30   0.0   3.5   0.0   4.5  29.0   11.00     E
-------------------------------------------------------------------------------------
    25.2  34.4    17    15.5    18     0.9 209.7  72.1   4.4  51.5     6       E

Max >=  32.0:  8
Max <=   0.0:  0
Min <=   0.0:  0
Min <= -18.0:  0
Max Rain: 37.34 ON 07/07/09
Days of Rain: 3 (> .2 mm) 2 (> 2 mm) 2 (> 20 mm)
Heat Base:  18.3  Cool Base:  18.3  Method: Integration