NOAA-Style Climate Reports


Report for 2009 Dicembre
                   MONTHLY CLIMATOLOGICAL SUMMARY for DEC. 2009

NAME: Lodi   CITY: Lodi   STATE: Italy 
ELEV:    78 m  LAT:  45° 17' 57" N  LONG:   9° 31' 14" E

                   TEMPERATURE (°C), RAIN  (mm), WIND SPEED (km/hr)

                                      HEAT  COOL        AVG
    MEAN                              DEG   DEG         WIND                 DOM
DAY TEMP  HIGH   TIME   LOW    TIME   DAYS  DAYS  RAIN  SPEED HIGH   TIME    DIR
------------------------------------------------------------------------------------
 1   7.8  10.6   14.30   5.4    9.00  10.5   0.0   1.0   3.9  22.5   14.30    SW
 2   5.4   9.8   15.00   0.7    8.00  12.9   0.0   1.0   1.6  12.9   16.00     W
 3   4.1   6.0   15.30   0.6    8.30  14.2   0.0   0.5   2.9  14.5   11.30     W
 4   4.6   5.1    5.30   4.1   11.30  13.7   0.0   0.3   3.9  20.9    7.30   WSW
 5   4.6   6.4   10.30   3.5   00.00  13.7   0.0   0.5   2.3  16.1   14.00   WSW
 6   4.5   6.2   00.00   2.2    8.30  13.8   0.0   0.0   1.9   9.7    1.30     W
 7   6.2   6.6   21.00   5.8    2.30  12.1   0.0   7.9   2.7  16.1    4.00     E
 8   6.6   8.8   15.00   4.5   00.00  11.7   0.0   2.5   7.9  41.8   14.00     W
 9   6.2  10.8   15.00   2.5    6.30  12.1   0.0   0.0   6.3  24.1    0.30   WSW
10   4.4   8.8   15.00   1.5    8.30  13.9   0.0   0.0   1.4  11.3   11.30   WSW
11   3.9   8.2   14.00  -1.3    4.30  14.4   0.0   0.3   3.1  20.9    5.00   WSW
12   4.4   8.3   14.00   0.2    8.30  13.9   0.0   0.0   3.2  20.9   14.00    SW
13   4.6   6.2   13.30   2.9   00.00  13.7   0.0   0.0   4.0  25.7   13.30     E
14   2.4   3.4   12.30   1.6   00.00  15.9   0.0   0.0   2.1  12.9    2.30     S
15   1.1   3.4   14.30  -1.1    7.30  17.2   0.0   0.0   0.6   9.7    5.30   SSW
16   0.3   3.7   15.00  -2.8    7.30  18.0   0.0   0.0   1.1  14.5   00.00   SSW
17  -0.6   0.9    1.00  -3.3   22.00  18.9   0.0   2.0   1.3  11.3   15.00   WSW
18  -1.9   0.1   16.00  -2.8    4.30  20.2   0.0   0.3   2.9  20.9   17.00   ENE
19  -3.3  -2.0   13.30  -5.7   21.30  21.6   0.0   0.0   2.1  12.9    1.00    SW
20  -6.4  -4.9    0.30  -7.7   23.00  24.7   0.0   0.0   2.9  14.5   15.00   WSW
21  -5.4  -3.9   15.00  -7.8    1.00  23.7   0.0   0.0   1.1  11.3   10.00     W
22  -2.6  -0.4   00.00  -5.2    3.30  20.9   0.0   0.0   5.3  20.9    5.00     W
23   1.4   3.2   15.00  -0.5    0.30  16.9   0.0  21.3   1.6  19.3   20.30     E
24   2.0   2.7   15.00   1.7    9.30  16.3   0.0  14.2   2.3  12.9    9.30   WNW
25   4.0   6.4   18.00   1.6    4.30  14.3   0.0   0.8   6.1  29.0    9.00   WSW
26   2.3   5.9    0.30  -0.3    8.30  16.0   0.0   0.0   1.9  16.1    2.00    SW
27   2.6   7.1   15.30   0.2   00.00  15.7   0.0   0.0   2.6  16.1    5.30   WNW
28   1.2   3.4   14.00  -1.4    6.30  17.1   0.0   0.0   1.3  14.5   14.30   WNW
29   1.4   2.6   23.30  -0.1    7.00  16.9   0.0   0.3   2.6  14.5   14.30   WSW
30   2.7   3.3   14.30   2.3    4.30  15.6   0.0   4.6   2.9  14.5   18.00     W
31   3.3   3.8   10.00   2.7    0.30  14.6   0.0   0.8   2.1  14.5   23.00     W
-------------------------------------------------------------------------------------
     2.3  10.8     9    -7.8    21   495.1   0.0  58.2   2.8  41.8     8     WSW

Max >=  32.0:  0
Max <=   0.0:  4
Min <=   0.0: 13
Min <= -18.0:  0
Max Rain: 21.34 ON 23/12/09
Days of Rain: 16 (> .2 mm) 6 (> 2 mm) 1 (> 20 mm)
Heat Base:  18.3  Cool Base:  18.3  Method: Integration